000
CXUS54 KHGX 200724
CF6DWH
PRELIMINARY LOCAL CLIMATOLOGICAL DATA (WS FORM: F-6)

                                          STATION:   HOUSTON/D.W._HOOKS
                                          MONTH:     FEBRUARY
                                          YEAR:      2017
                                          LATITUDE:   30  4 N
                                          LONGITUDE:  95 33 W

  TEMPERATURE IN F:       :PCPN:    SNOW:  WIND      :SUNSHINE: SKY     :PK WND
================================================================================
1   2   3   4   5  6A  6B    7    8   9   10  11  12  13   14  15   16   17  18
                                     12Z  AVG MX 2MIN
DY MAX MIN AVG DEP HDD CDD  WTR  SNW DPTH SPD SPD DIR MIN PSBL S-S WX    SPD DR
================================================================================

 1  82  53  68  15   0   3 0.00  0.0    0  8.3 20 210   M    M   3 1      25 210
 2  69  53  61   8   4   0    T  0.0    0  6.9 15 360   M    M   8 1      20  10
 3  63  49  56   3   9   0 0.00  0.0    0  9.3 16  60   M    M  10        22  70
 4  63  48  56   3   9   0    T    M    0  8.1 16  90   M    M  10 1      20  90
 5  80  63  72  19   0   7    T  0.0    0  8.2 18 200   M    M   8 18     23 190
 6  83  68  76  22   0  11 0.00  0.0    0 10.2 21 190   M    M   8        26 190
 7  86  62  74  20   0   9 0.00  0.0    0  8.1 18 190   M    M   5 1      25 180
 8  89  59  74  20   0   9 0.00  0.0    0 11.4 20 360   M    M   4 1      28 360
 9  72  49  61   7   4   0 0.00  0.0    0  5.9 16 360   M    M   0        23 350
10  78  45  62   8   3   0 0.00  0.0    0  6.5 15 140   M    M   7        23 190
11  86  70  78  24   0  13 0.00  0.0    0 11.6 23 200   M    M   7        28 210
12  86  68  77  22   0  12 0.00  0.0    0  6.2 13 200   M    M   6        20 160
13  78  64  71  16   0   6 0.00  0.0    0  7.4 16 120   M    M   8 12     22 130
14  69  51  60   5   5   0 1.18  0.0    0 10.3 22 290   M    M  10 13     28 310
15  65  45  55   0  10   0 0.00  0.0    0  9.6 18 350   M    M   5        29 330
16  68  37  53  -2  12   0 0.00  0.0    0  2.4 10 240   M    M   0        13 240
17  68  48  58   2   7   0 0.13  0.0    0  4.8 17  90   M    M   4 1      21 120
18  83  53  68  12   0   3 0.00  0.0    0  6.5 15 150   M    M   5 1      22 150
19  82  69  76  20   0  11 0.01  0.0    0 10.2 20 140   M    M   9 1      27 120
================================================================================
SM 1450 1054        63  84  1.32     0.0 151.9          M      117
================================================================================
AV 76.3 55.5                               8.0 FASTST   M    M   6    MAX(MPH)
                                 MISC ---->  # 23 200               # 29  330
================================================================================
NOTES:
# LAST OF SEVERAL OCCURRENCES

COLUMN 17 PEAK WIND IN M.P.H.

PRELIMINARY LOCAL CLIMATOLOGICAL DATA (WS FORM: F-6) , PAGE 2

                                          STATION:  HOUSTON/D.W._HOOKS
                                          MONTH:    FEBRUARY
                                          YEAR:     2017
                                          LATITUDE:   30  4 N
                                          LONGITUDE:  95 33 W

[TEMPERATURE DATA]      [PRECIPITATION DATA]       SYMBOLS USED IN COLUMN 16

AVERAGE MONTHLY: 65.9   TOTAL FOR MONTH:   1.32    1 = FOG OR MIST
DPTR FM NORMAL:  11.6   DPTR FM NORMAL:   -0.76    2 = FOG REDUCING VISIBILITY
HIGHEST:    89 ON  8    GRTST 24HR  1.18 ON 13-14      TO 1/4 MILE OR LESS
LOWEST:     37 ON 16                               3 = THUNDER
                        SNOW, ICE PELLETS, HAIL    4 = ICE PELLETS
                        TOTAL MONTH:   0.0 INCH    5 = HAIL
                        GRTST 24HR     0.0         6 = FREEZING RAIN OR DRIZZLE
                        GRTST DEPTH:   0           7 = DUSTSTORM OR SANDSTORM:
                                                       VSBY 1/2 MILE OR LESS
                                                   8 = SMOKE OR HAZE
[NO. OF DAYS WITH]      [WEATHER - DAYS WITH]      9 = BLOWING SNOW
                                                   X = TORNADO
MAX 32 OR BELOW:   0    0.01 INCH OR MORE:   3
MAX 90 OR ABOVE:   0    0.10 INCH OR MORE:   2
MIN 32 OR BELOW:   0    0.50 INCH OR MORE:   1
MIN  0 OR BELOW:   0    1.00 INCH OR MORE:   1

[HDD (BASE 65) ]
TOTAL THIS MO.    63    CLEAR  (SCALE 0-3)   3
DPTR FM NORMAL  -150    PTCLDY (SCALE 4-7)  11
TOTAL FM JUL 1   622    CLOUDY (SCALE 8-10)  5
DPTR FM NORMAL  -643

[CDD (BASE 65) ]
TOTAL THIS MO.    84
DPTR FM NORMAL    71    [PRESSURE DATA]
TOTAL FM JAN 1   145    HIGHEST SLP M ON M
DPTR FM NORMAL   123    LOWEST  SLP 29.70 ON  8

[REMARKS]
