000
CXUS53 KMPX 301000
CF6EAU
PRELIMINARY LOCAL CLIMATOLOGICAL DATA (WS FORM: F-6)

                                          STATION:   EAU CLAIRE WI
                                          MONTH:     MAY
                                          YEAR:      2015
                                          LATITUDE:   44 52 N
                                          LONGITUDE:  91 29 W

  TEMPERATURE IN F:       :PCPN:    SNOW:  WIND      :SUNSHINE: SKY     :PK WND
================================================================================
1   2   3   4   5  6A  6B    7    8   9   10  11  12  13   14  15   16   17  18
                                     12Z  AVG MX 2MIN
DY MAX MIN AVG DEP HDD CDD  WTR  SNW DPTH SPD SPD DIR MIN PSBL S-S WX    SPD DR
================================================================================

 1  70  35  53   0  12   0 0.00  0.0    0  6.3 20 230   M    M   4        25 220
 2  80  44  62   9   3   0 0.00  0.0    0  9.4 20 210   M    M   1        26 200
 3  81  54  68  14   0   3 1.06  0.0    0  6.8 33 310   M    M   1 13     44 300
 4  71  45  58   4   7   0 0.00  0.0    0  5.4 16  10   M    M   0        21 350
 5  69  46  58   4   7   0 0.01  0.0    0 11.1 25 160   M    M   5        29 150
 6  78  51  65  10   0   0 0.25  0.0    0  9.3 25 200   M    M   7 1      34 200
 7  80  61  71  16   0   6 0.08  0.0    0 13.7 26 200   M    M   6 3      35 170
 8  63  47  55   0  10   0 0.03  0.0    0  7.8 16 310   M    M  10 1      21 310
 9  69  44  57   1   8   0 0.00  0.0    0  7.3 17  50   M    M   2        22  50
10  63  47  55  -1  10   0 0.16  0.0    0 12.7 21 110   M    M   9 13     30 100
11  60  45  53  -3  12   0 0.17  0.0    0 10.6 21 240   M    M  10 138    28 130
12  56  37  47  -9  18   0    T  0.0    0 10.5 23 290   M    M   8 1      28 300
13  66  33  50  -7  15   0 0.00  0.0    0  7.9 18 150   M    M   2        24 150
14  61  47  54  -3  11   0 0.47  0.0    0 10.3 20 120   M    M   6 1      26 120
15  60  51  56  -1   9   0 0.02  0.0    0  3.6 12 270   M    M   8 12     14 250
16  80  52  66   8   0   1 0.10  0.0    0  8.0 20 160   M    M   7 1      26 140
17  76  54  65   7   0   0 0.20  0.0    0 14.9 29 210   M    M   7 13     43 240
18  54  40  47 -11  18   0    T  0.0    0 16.6 23 240   M    M  10 1      43 240
19  55  35  45 -13  20   0    T  0.0    0  6.7 20 360   M    M   5 1      27 330
20  61  30  46 -13  19   0 0.00  0.0    0  4.9 14 250   M    M   1 12     19 290
21  74  40  57  -2   8   0 0.00  0.0    0  7.4 20 250   M    M   1        24 250
22  73  38  56  -3   9   0 0.00  0.0    0  2.9  9  30   M    M   0 1      12  40
23  75  39  57  -3   8   0    T  0.0    0  3.8 10 250   M    M   5 1      12 250
24  67  55  61   1   4   0 0.88  0.0    0  7.2 21 160   M    M   8 1      25 160
25  75  57  66   6   0   1 0.54  0.0    0  6.7 22 230   M    M   8 13     27 230
26  65  55  60  -1   5   0 0.92  0.0    0  4.9 14 320   M    M   7 1      18 320
27  80  56  68   7   0   3 0.09  0.0    0  7.5 17 240   M    M   3        21 270
28  85  52  69   8   0   4 0.01  0.0    0  8.6 22 200   M    M   1 1      28 200
29  72  56  64   2   1   0 0.40  0.0    0  7.6 15 360   M    M   9 1      21 360
================================================================================
SM 2019 1346       214  18  5.39     0.0 240.4          M      151
================================================================================
AV 69.6 46.4                               8.3 FASTST   M    M   5    MAX(MPH)
                                 MISC ---->  # 33 310               # 44  300
================================================================================
NOTES:
# LAST OF SEVERAL OCCURRENCES

COLUMN 17 PEAK WIND IN M.P.H.

PRELIMINARY LOCAL CLIMATOLOGICAL DATA (WS FORM: F-6) , PAGE 2

                                          STATION:  EAU CLAIRE WI
                                          MONTH:    MAY
                                          YEAR:     2015
                                          LATITUDE:   44 52 N
                                          LONGITUDE:  91 29 W

[TEMPERATURE DATA]      [PRECIPITATION DATA]       SYMBOLS USED IN COLUMN 16

AVERAGE MONTHLY: 58.0   TOTAL FOR MONTH:   5.39    1 = FOG OR MIST
DPTR FM NORMAL:   0.7   DPTR FM NORMAL:    2.17    2 = FOG REDUCING VISIBILITY
HIGHEST:    85 ON 28    GRTST 24HR  1.37 ON 24-25      TO 1/4 MILE OR LESS
LOWEST:     30 ON 20                               3 = THUNDER
                        SNOW, ICE PELLETS, HAIL    4 = ICE PELLETS
                        TOTAL MONTH:   0.0 INCH    5 = HAIL
                        GRTST 24HR     0.0         6 = FREEZING RAIN OR DRIZZLE
                        GRTST DEPTH:   0           7 = DUSTSTORM OR SANDSTORM:
                                                       VSBY 1/2 MILE OR LESS
                                                   8 = SMOKE OR HAZE
[NO. OF DAYS WITH]      [WEATHER - DAYS WITH]      9 = BLOWING SNOW
                                                   X = TORNADO
MAX 32 OR BELOW:   0    0.01 INCH OR MORE:  17
MAX 90 OR ABOVE:   0    0.10 INCH OR MORE:  11
MIN 32 OR BELOW:   1    0.50 INCH OR MORE:   4
MIN  0 OR BELOW:   0    1.00 INCH OR MORE:   1

[HDD (BASE 65) ]
TOTAL THIS MO.   214    CLEAR  (SCALE 0-3)  10
DPTR FM NORMAL   -33    PTCLDY (SCALE 4-7)  14
TOTAL FM JUL 1  8078    CLOUDY (SCALE 8-10)  5
DPTR FM NORMAL   190

[CDD (BASE 65) ]
TOTAL THIS MO.    18
DPTR FM NORMAL    -6    [PRESSURE DATA]
TOTAL FM JAN 1    18    HIGHEST SLP M ON M
DPTR FM NORMAL   -10    LOWEST  SLP 29.46 ON 17

[REMARKS]
