000
CXUS55 KGJT 251000
CF6EEO
PRELIMINARY LOCAL CLIMATOLOGICAL DATA (WS FORM: F-6)

                                          STATION:   MEEKER CO
                                          MONTH:     SEPTEMBER
                                          YEAR:      2016
                                          LATITUDE:   40  2 N
                                          LONGITUDE: 107 53 W

  TEMPERATURE IN F:       :PCPN:    SNOW:  WIND      :SUNSHINE: SKY     :PK WND
================================================================================
1   2   3   4   5  6A  6B    7    8   9   10  11  12  13   14  15   16   17  18
                                     12Z  AVG MX 2MIN
DY MAX MIN AVG DEP HDD CDD  WTR  SNW DPTH SPD SPD DIR MIN PSBL S-S WX    SPD DR
================================================================================

 1  84  51  68   6   0   3    T    M    M  6.1 16 260   M    M   3 3      22 160
 2  79  52  66   4   0   1 0.09    M    M  5.3 18 190   M    M   6 3      24 220
 3  80  52  66   4   0   1 0.02    M    M  7.6 26 220   M    M   5 3      33 230
 4  78  49  64   3   1   0 0.12    M    M  7.6 32 250   M    M   3 13     40 260
 5  80  41  61   0   4   0 0.00    M    M  8.1 24 220   M    M   0        33 210
 6  82  35  59  -1   6   0 0.00    M    M  6.5 28 220   M    M   0        37 220
 7  80  38  59  -1   6   0 0.00    M    M  5.6 20 270   M    M   0        27 260
 8  84  36  60   0   5   0 0.00    M    M  5.8 30 260   M    M   0        35 250
 9  76  36  56  -3   9   0 0.00    M    M  6.0 18  30   M    M   0        26  50
10  82  29  56  -3   9   0 0.00    M    M  3.9 15 290   M    M   0        21 260
11  84  35  60   1   5   0 0.00    M    M  7.1 29 210   M    M   1        36 220
12  81  47  64   6   1   0    T    M    M 10.6 28 200   M    M   2 3      38 180
13  77  44  61   3   4   0    T    M    M  8.3 25 290   M    M   4 3      37 300
14  75  43  59   2   6   0 0.00    M    M  9.6 32 240   M    M   3 3      43 230
15  67  35  51  -6  14   0 0.00    M    M  5.6 18 290   M    M   0        27 280
16  71  32  52  -5  13   0 0.00    M    M  4.3 13  20   M    M   0        20 290
17  75  31  53  -3  12   0 0.00    M    M  6.0 18 260   M    M   0        24 280
18  81  33  57   1   8   0 0.00    M    M  5.6 18 290   M    M   0        24 270
19  86  37  62   7   3   0 0.00    M    M  5.4 18 250   M    M   0 8      24 230
20  81  43  62   7   3   0 0.00    M    M  7.7 22 230   M    M   1        29 230
21  70  52  61   6   4   0 0.05    M    M  3.7 20 210   M    M   9        27 210
22  82  49  66  12   0   1 0.05    M    M 11.1 29 200   M    M   4 3      40 220
23  52  41  47  -7  18   0 0.54    M    M  6.5 20 230   M    M   7 13     29 230
24  50  40  45  -8  20   0 0.15    M    M  5.7 17 200   M    M  10 1      22 200
================================================================================
SM 1837  981       151   6  1.02    M    159.7          M       58
================================================================================
AV 76.5 40.9                               6.7 FASTST   M    M   2    MAX(MPH)
                                 MISC ---->  # 32 250               # 43  230
================================================================================
NOTES:
# LAST OF SEVERAL OCCURRENCES

COLUMN 17 PEAK WIND IN M.P.H.

PRELIMINARY LOCAL CLIMATOLOGICAL DATA (WS FORM: F-6) , PAGE 2

                                          STATION:  MEEKER CO
                                          MONTH:    SEPTEMBER
                                          YEAR:     2016
                                          LATITUDE:   40  2 N
                                          LONGITUDE: 107 53 W

[TEMPERATURE DATA]      [PRECIPITATION DATA]       SYMBOLS USED IN COLUMN 16

AVERAGE MONTHLY: 58.7   TOTAL FOR MONTH:   1.02    1 = FOG OR MIST
DPTR FM NORMAL:   0.8   DPTR FM NORMAL:   -0.39    2 = FOG REDUCING VISIBILITY
HIGHEST:    86 ON 19    GRTST 24HR  0.58 ON 22-23      TO 1/4 MILE OR LESS
LOWEST:     29 ON 10                               3 = THUNDER
                        SNOW, ICE PELLETS, HAIL    4 = ICE PELLETS
                        TOTAL MONTH:    M          5 = HAIL
                        GRTST 24HR    M  ON   M    6 = FREEZING RAIN OR DRIZZLE
                        GRTST DEPTH:  M  ON   M    7 = DUSTSTORM OR SANDSTORM:
                                                       VSBY 1/2 MILE OR LESS
                                                   8 = SMOKE OR HAZE
[NO. OF DAYS WITH]      [WEATHER - DAYS WITH]      9 = BLOWING SNOW
                                                   X = TORNADO
MAX 32 OR BELOW:   0    0.01 INCH OR MORE:   7
MAX 90 OR ABOVE:   0    0.10 INCH OR MORE:   3
MIN 32 OR BELOW:   3    0.50 INCH OR MORE:   1
MIN  0 OR BELOW:   0    1.00 INCH OR MORE:   0

[HDD (BASE 65) ]
TOTAL THIS MO.   151    CLEAR  (SCALE 0-3)  16
DPTR FM NORMAL   -22    PTCLDY (SCALE 4-7)   6
TOTAL FM JUL 1   214    CLOUDY (SCALE 8-10)  2
DPTR FM NORMAL   -13

[CDD (BASE 65) ]
TOTAL THIS MO.     6
DPTR FM NORMAL     6    [PRESSURE DATA]
TOTAL FM JAN 1   225    HIGHEST SLP M ON M
DPTR FM NORMAL    57    LOWEST  SLP 29.45 ON 23

[REMARKS]
