000
CXUS55 KGJT 291000
CF6EEO
PRELIMINARY LOCAL CLIMATOLOGICAL DATA (WS FORM: F-6)

                                          STATION:   MEEKER CO
                                          MONTH:     MARCH
                                          YEAR:      2017
                                          LATITUDE:   40  2 N
                                          LONGITUDE: 107 53 W

  TEMPERATURE IN F:       :PCPN:    SNOW:  WIND      :SUNSHINE: SKY     :PK WND
================================================================================
1   2   3   4   5  6A  6B    7    8   9   10  11  12  13   14  15   16   17  18
                                     12Z  AVG MX 2MIN
DY MAX MIN AVG DEP HDD CDD  WTR  SNW DPTH SPD SPD DIR MIN PSBL S-S WX    SPD DR
================================================================================

 1  36   9  23  -7  42   0    T    M    M  4.1 15 300   M    M   2 1      34 330
 2  45  12  29  -1  36   0 0.00    M    M  4.6 13 330   M    M   0        16 320
 3  53  17  35   4  30   0 0.00    M    M  5.6 17 190   M    M   0        24 200
 4  57  21  39   8  26   0 0.00    M    M  7.8 28 210   M    M   0        36 200
 5  51  35  43  12  22   0    T    M    M 16.6 41 210   M    M   6        55 210
 6  44  21  33   1  32   0 0.04    M    M 17.0 39 240   M    M   7 12     50 220
 7  43  15  29  -3  36   0 0.00    M    M  9.9 26 210   M    M   4        36 240
 8  58  27  43  10  22   0 0.00    M    M  7.2 21 220   M    M   5        28 220
 9  62  24  43  10  22   0 0.00    M    M  5.1 18 280   M    M   0        23 270
10  66  29  48  15  17   0 0.00    M    M  5.3 22 260   M    M   1        27 240
11  60  33  47  13  18   0 0.00    M    M  4.3 17 280   M    M   2        20 280
12  58  26  42   8  23   0 0.00    M    M  6.8 21 350   M    M   1        27 350
13  58  21  40   6  25   0 0.00    M    M  4.6 15 250   M    M   2        18 240
14  67  26  47  12  18   0 0.00    M    M  4.8 18 300   M    M   0        26 290
15  72  25  49  14  16   0 0.00    M    M  6.7 23 230   M    M   0        28 240
16  69  29  49  13  16   0 0.00    M    M  5.8 28 250   M    M   0        34 270
17  69  33  51  15  14   0 0.00    M    M  5.3 20 300   M    M   1        26 330
18  74  29  52  16  13   0 0.00    M    M  8.1 26 220   M    M   0        33 230
19  70  32  51  15  14   0 0.00    M    M  7.2 20 230   M    M   1        25 260
20  70  38  54  17  11   0    T    M    M  7.8 30 240   M    M   3        37 270
21  67  35  51  14  14   0 0.00    M    M  8.1 24 200   M    M   3        33 200
22  68  42  55  18  10   0    T    M    M 10.8 28 170   M    M   5        37 210
23  59  38  49  11  16   0 0.04    M    M 12.1 31 180   M    M   7        40 200
24  56  28  42   4  23   0 0.00    M    M  7.6 17  40   M    M   5        23  30
25  61  24  43   5  22   0    T    M    M  6.3 24 230   M    M   4        31 230
26  53  30  42   4  23   0 0.02    M    M  5.3 13 320   M    M   6 1      17 320
27  57  29  43   5  22   0 0.02    M    M  5.6 25 240   M    M   7 1      31 240
28  42  34  38  -1  27   0 0.24    M    M  6.4 22  10   M    M   8 1      27 340
================================================================================
SM 1645  762       610   0  0.36    M    206.8          M       80
================================================================================
AV 58.8 27.2                               7.4 FASTST   M    M   3    MAX(MPH)
                                 MISC ---->  # 41 210               # 55  210
================================================================================
NOTES:
# LAST OF SEVERAL OCCURRENCES

COLUMN 17 PEAK WIND IN M.P.H.

PRELIMINARY LOCAL CLIMATOLOGICAL DATA (WS FORM: F-6) , PAGE 2

                                          STATION:  MEEKER CO
                                          MONTH:    MARCH
                                          YEAR:     2017
                                          LATITUDE:   40  2 N
                                          LONGITUDE: 107 53 W

[TEMPERATURE DATA]      [PRECIPITATION DATA]       SYMBOLS USED IN COLUMN 16

AVERAGE MONTHLY: 43.0   TOTAL FOR MONTH:   0.36    1 = FOG OR MIST
DPTR FM NORMAL:   8.3   DPTR FM NORMAL:   -0.76    2 = FOG REDUCING VISIBILITY
HIGHEST:    74 ON 18    GRTST 24HR  0.24 ON 28-28      TO 1/4 MILE OR LESS
LOWEST:      9 ON  1                               3 = THUNDER
                        SNOW, ICE PELLETS, HAIL    4 = ICE PELLETS
                        TOTAL MONTH:    M          5 = HAIL
                        GRTST 24HR    M  ON   M    6 = FREEZING RAIN OR DRIZZLE
                        GRTST DEPTH:  M  ON   M    7 = DUSTSTORM OR SANDSTORM:
                                                       VSBY 1/2 MILE OR LESS
                                                   8 = SMOKE OR HAZE
[NO. OF DAYS WITH]      [WEATHER - DAYS WITH]      9 = BLOWING SNOW
                                                   X = TORNADO
MAX 32 OR BELOW:   0    0.01 INCH OR MORE:   5
MAX 90 OR ABOVE:   0    0.10 INCH OR MORE:   1
MIN 32 OR BELOW:  20    0.50 INCH OR MORE:   0
MIN  0 OR BELOW:   0    1.00 INCH OR MORE:   0

[HDD (BASE 65) ]
TOTAL THIS MO.   610    CLEAR  (SCALE 0-3)  16
DPTR FM NORMAL  -240    PTCLDY (SCALE 4-7)  12
TOTAL FM JUL 1  5607    CLOUDY (SCALE 8-10)  0
DPTR FM NORMAL -1048

[CDD (BASE 65) ]
TOTAL THIS MO.     0
DPTR FM NORMAL     0    [PRESSURE DATA]
TOTAL FM JAN 1     0    HIGHEST SLP M ON M
DPTR FM NORMAL     0    LOWEST  SLP 29.29 ON  6

[REMARKS]
