000
CXUS54 KBMX 291216
CF6EET
PRELIMINARY LOCAL CLIMATOLOGICAL DATA (WS FORM: F-6)

                                          STATION:   SHELBY COUNTY AIRPORT
                                          MONTH:     AUGUST
                                          YEAR:      2014
                                          LATITUDE:   33 10 N
                                          LONGITUDE:  86 47 W

  TEMPERATURE IN F:       :PCPN:    SNOW:  WIND      :SUNSHINE: SKY     :PK WND
================================================================================
1   2   3   4   5  6A  6B    7    8   9   10  11  12  13   14  15   16   17  18
                                     12Z  AVG MX 2MIN
DY MAX MIN AVG DEP HDD CDD  WTR  SNW DPTH SPD SPD DIR MIN PSBL S-S WX    SPD DR
================================================================================

 1  87  70  79  -2   0  14 0.00  0.0    0  2.0  8  50   M    M   3 18     11 140
 2  86  72  79  -2   0  14    T  0.0    0  2.3 13 350   M    M   3 138    18 360
 3  91  71  81   0   0  16 0.00  0.0    0  2.0  8  80   M    M   2 138    13  80
 4  93  70  82   1   0  17 0.00  0.0    0  1.7  8  80   M    M   3 1      12 140
 5  96  69  83   2   0  18 0.00  0.0    0  2.0 12 350   M    M   1 18     15 350
 6  96  70  83   2   0  18 0.00  0.0    0  2.6 12 310   M    M   1 18     17 300
 7  96  71  84   3   0  19 0.00  0.0    0  1.6 10 110   M    M   0 138    16 120
 8  96  73  85   4   0  20 1.32  0.0    0  4.3 21 220   M    M   1 1238   32 210
 9  93  73  83   2   0  18 0.94  0.0    0  2.0 22 330   M    M   1 138    32 310
10  89  72  81   0   0  16 0.31  0.0    0  1.4  9 270   M    M   6 12     14 290
11  91  74  83   2   0  18 0.00  0.0    0  3.0 12 250   M    M   3 13     16 220
12  88  75  82   2   0  17    T  0.0    0  3.8 15 340   M    M   7 1      23 320
13  87  68  78  -2   0  13 0.00  0.0    0  5.1 12 360   M    M   1        16 350
14  87  63  75  -5   0  10 0.00  0.0    0  2.0 12 340   M    M   0        17 330
15  90  64  77  -3   0  12 0.00  0.0    0  1.2  9 330   M    M   1        15 340
16  91  66  79  -1   0  14 0.00  0.0    0  2.5 12 170   M    M   2 18     15 170
17  94  71  83   3   0  18 0.00  0.0    0  4.7 13 300   M    M   2 18     17 200
18  89  72  81   1   0  16 0.01  0.0    0  5.2 15 210   M    M   5 13     24 210
19  92  72  82   2   0  17 0.11  0.0    0  3.7 13 320   M    M   5 13     18 310
20  94  71  83   3   0  18 0.00  0.0    0  2.5  9 190   M    M   2 3      12 200
21  95  72  84   4   0  19 0.18  0.0    0  2.7 18 280   M    M   1 13     26 270
22  96  74  85   5   0  20 0.00  0.0    0  2.1  9 230   M    M   1 13     15 230
23  97  74  86   6   0  21 0.00  0.0    0  3.4 12 310   M    M   0        18 330
24  94  75  85   5   0  20    T  0.0    0  2.8 12  40   M    M   3 3      20  40
25  90  73  82   2   0  17 0.00  0.0    0  3.6 10  90   M    M   4        16 100
26  90  67  79   0   0  14 0.00  0.0    0  2.8 10  50   M    M   0        15  30
27  93  64  79   0   0  14 0.00  0.0    0  1.1  8  50   M    M   0        13  40
28  95  66  81   2   0  16 0.00  0.0    0  1.9  9 120   M    M   0        14  50
================================================================================
SM 2576 1972         0 464  2.87     0.0  76.0          M       58
================================================================================
AV 92.0 70.4                               2.7 FASTST   M    M   2    MAX(MPH)
                                 MISC ---->  # 22 330               # 32  210
================================================================================
NOTES:
# LAST OF SEVERAL OCCURRENCES

COLUMN 17 PEAK WIND IN M.P.H.

PRELIMINARY LOCAL CLIMATOLOGICAL DATA (WS FORM: F-6) , PAGE 2

                                          STATION:  SHELBY COUNTY AIRPORT
                                          MONTH:    AUGUST
                                          YEAR:     2014
                                          LATITUDE:   33 10 N
                                          LONGITUDE:  86 47 W

[TEMPERATURE DATA]      [PRECIPITATION DATA]       SYMBOLS USED IN COLUMN 16

AVERAGE MONTHLY: 81.2   TOTAL FOR MONTH:   2.87    1 = FOG OR MIST
DPTR FM NORMAL:   0.9   DPTR FM NORMAL:   -1.44    2 = FOG REDUCING VISIBILITY
HIGHEST:    97 ON 23    GRTST 24HR  2.24 ON  8- 9      TO 1/4 MILE OR LESS
LOWEST:     63 ON 14                               3 = THUNDER
                        SNOW, ICE PELLETS, HAIL    4 = ICE PELLETS
                        TOTAL MONTH:   0.0 INCH    5 = HAIL
                        GRTST 24HR     0.0         6 = FREEZING RAIN OR DRIZZLE
                        GRTST DEPTH:   0           7 = DUSTSTORM OR SANDSTORM:
                                                       VSBY 1/2 MILE OR LESS
                                                   8 = SMOKE OR HAZE
[NO. OF DAYS WITH]      [WEATHER - DAYS WITH]      9 = BLOWING SNOW
                                                   X = TORNADO
MAX 32 OR BELOW:   0    0.01 INCH OR MORE:   6
MAX 90 OR ABOVE:  21    0.10 INCH OR MORE:   5
MIN 32 OR BELOW:   0    0.50 INCH OR MORE:   2
MIN  0 OR BELOW:   0    1.00 INCH OR MORE:   1

[HDD (BASE 65) ]
TOTAL THIS MO.     0    CLEAR  (SCALE 0-3)  23
DPTR FM NORMAL     0    PTCLDY (SCALE 4-7)   5
TOTAL FM JUL 1     0    CLOUDY (SCALE 8-10)  0
DPTR FM NORMAL     0

[CDD (BASE 65) ]
TOTAL THIS MO.   464
DPTR FM NORMAL    36    [PRESSURE DATA]
TOTAL FM JAN 1  1619    HIGHEST SLP M ON M
DPTR FM NORMAL    61    LOWEST  SLP 29.86 ON 12

[REMARKS]
