000
CXUS54 KBMX 241216
CF6EET
PRELIMINARY LOCAL CLIMATOLOGICAL DATA (WS FORM: F-6)

                                          STATION:   SHELBY COUNTY AIRPORT
                                          MONTH:     OCTOBER
                                          YEAR:      2014
                                          LATITUDE:   33 10 N
                                          LONGITUDE:  86 47 W

  TEMPERATURE IN F:       :PCPN:    SNOW:  WIND      :SUNSHINE: SKY     :PK WND
================================================================================
1   2   3   4   5  6A  6B    7    8   9   10  11  12  13   14  15   16   17  18
                                     12Z  AVG MX 2MIN
DY MAX MIN AVG DEP HDD CDD  WTR  SNW DPTH SPD SPD DIR MIN PSBL S-S WX    SPD DR
================================================================================

 1  86  61  74   5   0   9 0.00  0.0    0  0.9  8 140   M    M   2        12 140
 2  89  63  76   7   0  11 0.02  0.0    0  5.8 15 180   M    M   5        21 180
 3  77  60  69   1   0   4 1.28  0.0    0  5.4 20 280   M    M   6 13     34 270
 4  66  48  57 -11   8   0 0.00  0.0    0  6.9 16 300   M    M   0        24 340
 5  73  43  58 -10   7   0 0.00  0.0    0  4.1 12 200   M    M   1        16 200
 6  80  55  68   1   0   3 0.00  0.0    0  6.5 16 200   M    M   1        23 200
 7  85  60  73   6   0   8 0.00  0.0    0  4.8 13 190   M    M   2        17 170
 8  87  66  77  11   0  12 0.00  0.0    0  2.0  9 310   M    M   3 1      12 310
 9  88  65  77  11   0  12 0.00  0.0    0  0.9 10 230   M    M   1 1      15 210
10  86  67  77  11   0  12 0.19  0.0    0  3.9 16 170   M    M   6 123    21 190
11  86  69  78  13   0  13 0.01  0.0    0  3.0  9 290   M    M   4 1      14 220
12  86  68  77  12   0  12 0.10  0.0    0  4.5 14 180   M    M   5 13     20 170
13  86  67  77  12   0  12 3.32  0.0    0  9.1 28 140   M    M   7 1238   48 140
14  70  57  64   0   1   0 0.31  0.0    0  6.1 16 160   M    M   9 13     23 170
15  71  53  62  -2   3   0 0.00  0.0    0  4.8 15 230   M    M   5        23 250
16  74  51  63  -1   2   0 0.00  0.0    0  3.5 15 290   M    M   1        20 310
17  81  49  65   2   0   0 0.00  0.0    0  2.5 13 220   M    M   0        19 290
18  76  57  67   4   0   2 0.00  0.0    0  4.6 13 340   M    M   0        19 350
19  72  49  61  -2   4   0 0.00  0.0    0  1.7  9  40   M    M   0        17  40
20  74  48  61  -1   4   0 0.00  0.0    0  0.8  8 300   M    M   0        12 190
21  78  50  64   2   1   0 0.00  0.0    0  2.3 12 310   M    M   0        17 320
22  71  50  61  -1   4   0 0.00  0.0    0  3.5 12 350   M    M   0        22  40
23  71  47  59  -3   6   0 0.00  0.0    0  2.7 10  50   M    M   0        16  50
================================================================================
SM 1813 1303        40 110  5.23     0.0  90.3          M       58
================================================================================
AV 78.8 56.7                               3.9 FASTST   M    M   3    MAX(MPH)
                                 MISC ---->  # 28 140               # 48  140
================================================================================
NOTES:
# LAST OF SEVERAL OCCURRENCES

COLUMN 17 PEAK WIND IN M.P.H.

PRELIMINARY LOCAL CLIMATOLOGICAL DATA (WS FORM: F-6) , PAGE 2

                                          STATION:  SHELBY COUNTY AIRPORT
                                          MONTH:    OCTOBER
                                          YEAR:     2014
                                          LATITUDE:   33 10 N
                                          LONGITUDE:  86 47 W

[TEMPERATURE DATA]      [PRECIPITATION DATA]       SYMBOLS USED IN COLUMN 16

AVERAGE MONTHLY: 67.7   TOTAL FOR MONTH:   5.23    1 = FOG OR MIST
DPTR FM NORMAL:   2.6   DPTR FM NORMAL:    3.05    2 = FOG REDUCING VISIBILITY
HIGHEST:    89 ON  2    GRTST 24HR  3.63 ON 13-14      TO 1/4 MILE OR LESS
LOWEST:     43 ON  5                               3 = THUNDER
                        SNOW, ICE PELLETS, HAIL    4 = ICE PELLETS
                        TOTAL MONTH:   0.0 INCH    5 = HAIL
                        GRTST 24HR     0.0         6 = FREEZING RAIN OR DRIZZLE
                        GRTST DEPTH:   0           7 = DUSTSTORM OR SANDSTORM:
                                                       VSBY 1/2 MILE OR LESS
                                                   8 = SMOKE OR HAZE
[NO. OF DAYS WITH]      [WEATHER - DAYS WITH]      9 = BLOWING SNOW
                                                   X = TORNADO
MAX 32 OR BELOW:   0    0.01 INCH OR MORE:   7
MAX 90 OR ABOVE:   0    0.10 INCH OR MORE:   5
MIN 32 OR BELOW:   0    0.50 INCH OR MORE:   2
MIN  0 OR BELOW:   0    1.00 INCH OR MORE:   2

[HDD (BASE 65) ]
TOTAL THIS MO.    40    CLEAR  (SCALE 0-3)  15
DPTR FM NORMAL   -25    PTCLDY (SCALE 4-7)   7
TOTAL FM JUL 1    40    CLOUDY (SCALE 8-10)  1
DPTR FM NORMAL   -32

[CDD (BASE 65) ]
TOTAL THIS MO.   110
DPTR FM NORMAL    42    [PRESSURE DATA]
TOTAL FM JAN 1  2160    HIGHEST SLP M ON M
DPTR FM NORMAL   208    LOWEST  SLP 29.69 ON 14

[REMARKS]
