000
CXUS56 KEKA 281230
CF6EKA
PRELIMINARY LOCAL CLIMATOLOGICAL DATA (WS FORM: F-6)

                                          STATION:   EUREKA CA
                                          MONTH:     MAY
                                          YEAR:      2016
                                          LATITUDE:   40 47 N
                                          LONGITUDE: 124 10 W

  TEMPERATURE IN F:       :PCPN:    SNOW:  WIND      :SUNSHINE: SKY     :PK WND
================================================================================
1   2   3   4   5  6A  6B    7    8   9   10  11  12  13   14  15   16   17  18
                                     12Z  AVG MX 2MIN
DY MAX MIN AVG DEP HDD CDD  WTR  SNW DPTH SPD SPD DIR MIN PSBL S-S WX    SPD DR
================================================================================

 1  72  43  58   6   7   0 0.00  0.0    0  3.4  9 300   M    M   0 1       9  M
 2  62  47  55   3  10   0 0.00  0.0    0  5.3 12  10   M    M   8 8      18  M
 3  57  52  55   2  10   0 0.02  0.0    0  5.8 13 360   M    M  10 1      18 360
 4  60  52  56   3   9   0 0.07  0.0    0  2.7  8 270   M    M  10 13      9  M
 5  56  51  54   1  11   0 0.02  0.0    0  5.1  9  10   M    M  10 1      15 360
 6  58  51  55   2  10   0 0.00  0.0    0  3.9 11 330   M    M  10 1      11  M
 7  58  52  55   2  10   0 0.03  0.0    0  5.5 10 270   M    M  10 1      15 240
 8  59  49  54   1  11   0 0.00  0.0    0  6.4 12 360   M    M  10 1      16 350
 9  58  47  53   0  12   0 0.00  0.0    0  5.5 12 330   M    M   5 1      12  M
10  65  42  54   1  11   0 0.00  0.0    0  4.2  9 270   M    M   1         9  M
11  60  46  53   0  12   0 0.00  0.0    0  4.4 13 280   M    M   6 1      13  M
12  57  49  53  -1  12   0    T  0.0    0  3.9  7 300   M    M  10 1       8 300
13  61  51  56   2   9   0 0.00  0.0    0  3.5  9 290   M    M  10 1      10 290
14  62  52  57   3   8   0 0.07  0.0    0  3.0 13 320   M    M   9 1      14  M
15  62  53  58   4   7   0 0.01  0.0    0  6.1 12 360   M    M   6        15  M
16  62  52  57   3   8   0    T  0.0    0  8.0 14 360   M    M   5 1      20 360
17  63  48  56   2   9   0 0.00  0.0    0  4.5 12 340   M    M   4 8      15  M
18  60  50  55   1  10   0    T  0.0    0  7.2 13 320   M    M   8 1      17  M
19  59  50  55   1  10   0 0.00  0.0    0  9.5 15 360   M    M   5        23 360
20  59  48  54   0  11   0 0.28    M    0  6.7 12 310   M    M   8 1      14  M
21  60  51  56   2   9   0 0.26  0.0    0  6.7 18 270   M    M   9        18 270
22  62  51  57   3   8   0 0.00  0.0    0  4.3 12 270   M    M  10        15  M
23  62  51  57   2   8   0 0.00  0.0    0  4.5 12 270   M    M   6        12  M
24  62  53  58   3   7   0    T  0.0    0  6.6 10 360   M    M   9        12  M
25  62  54  58   3   7   0 0.00  0.0    0  7.2 13 350   M    M   8        21 330
26  62  53  58   3   7   0    T  0.0    0  7.8 15 360   M    M   5        21 340
27  60  49  55   0  10   0 0.00  0.0    0  5.8 16 360   M    M   3        25 360
================================================================================
SM 1640 1347       253   0  0.76     0.0 147.5          M      195
================================================================================
AV 60.7 49.9                               5.5 FASTST   M    M   7    MAX(MPH)
                                 MISC ---->    18   M               # 25  360
================================================================================
NOTES:
# LAST OF SEVERAL OCCURRENCES

COLUMN 17 PEAK WIND IN M.P.H.

PRELIMINARY LOCAL CLIMATOLOGICAL DATA (WS FORM: F-6) , PAGE 2

                                          STATION:  EUREKA CA
                                          MONTH:    MAY
                                          YEAR:     2016
                                          LATITUDE:   40 47 N
                                          LONGITUDE: 124 10 W

[TEMPERATURE DATA]      [PRECIPITATION DATA]       SYMBOLS USED IN COLUMN 16

AVERAGE MONTHLY: 55.3   TOTAL FOR MONTH:   0.76    1 = FOG OR MIST
DPTR FM NORMAL:   1.6   DPTR FM NORMAL:   -0.83    2 = FOG REDUCING VISIBILITY
HIGHEST:    72 ON  1    GRTST 24HR  0.28 ON 20-20      TO 1/4 MILE OR LESS
LOWEST:     42 ON 10                               3 = THUNDER
                        SNOW, ICE PELLETS, HAIL    4 = ICE PELLETS
                        TOTAL MONTH:   0.0 INCH    5 = HAIL
                        GRTST 24HR     0.0         6 = FREEZING RAIN OR DRIZZLE
                        GRTST DEPTH:   0           7 = DUSTSTORM OR SANDSTORM:
                                                       VSBY 1/2 MILE OR LESS
                                                   8 = SMOKE OR HAZE
[NO. OF DAYS WITH]      [WEATHER - DAYS WITH]      9 = BLOWING SNOW
                                                   X = TORNADO
MAX 32 OR BELOW:   0    0.01 INCH OR MORE:   8
MAX 90 OR ABOVE:   0    0.10 INCH OR MORE:   2
MIN 32 OR BELOW:   0    0.50 INCH OR MORE:   0
MIN  0 OR BELOW:   0    1.00 INCH OR MORE:   0

[HDD (BASE 65) ]
TOTAL THIS MO.   253    CLEAR  (SCALE 0-3)   3
DPTR FM NORMAL   -55    PTCLDY (SCALE 4-7)  12
TOTAL FM JUL 1  3362    CLOUDY (SCALE 8-10) 12
DPTR FM NORMAL  -767

[CDD (BASE 65) ]
TOTAL THIS MO.     0
DPTR FM NORMAL     0    [PRESSURE DATA]
TOTAL FM JAN 1     0    HIGHEST SLP M ON M
DPTR FM NORMAL     0    LOWEST  SLP M ON M

[REMARKS]
