000
CXUS56 KEKA 261432
CF6EKA
PRELIMINARY LOCAL CLIMATOLOGICAL DATA (WS FORM: F-6)

                                          STATION:   EUREKA CA
                                          MONTH:     APRIL
                                          YEAR:      2017
                                          LATITUDE:   40 47 N
                                          LONGITUDE: 124 10 W

  TEMPERATURE IN F:       :PCPN:    SNOW:  WIND      :SUNSHINE: SKY     :PK WND
================================================================================
1   2   3   4   5  6A  6B    7    8   9   10  11  12  13   14  15   16   17  18
                                     12Z  AVG MX 2MIN
DY MAX MIN AVG DEP HDD CDD  WTR  SNW DPTH SPD SPD DIR MIN PSBL S-S WX    SPD DR
================================================================================

 1  59  46  53   3  12   0    T    M    0  7.1 20  10   M    M   8        29  10
 2  58  49  54   4  11   0 0.00    M    0 10.0 17  40   M    M   1        28  20
 3  55  41  48  -2  17   0 0.00  0.0    0  5.2 12 360   M    M   5        12 360
 4  63  47  55   5  10   0 0.00  0.0    0  3.0 13 250   M    M   9        15 290
 5  68  47  58   8   7   0 0.00  0.0    0  6.6 15 180   M    M  10        28 180
 6  66  53  60  10   5   0 0.52  0.0    0 14.8 25 180   M    M  10        38 180
 7  55  40  48  -2  17   0 0.50    M    0  8.6 17 220   M    M   9        39 200
 8  52  37  45  -5  20   0 0.34    M    0  3.8 12 270   M    M   4        14  M
 9  61  36  49  -1  16   0 0.25    M    0  7.1 15 180   M    M   6        25 200
10  56  43  50   0  15   0 0.07  0.0    0  4.5 12 320   M    M   5        13  M
11  62  46  54   3  11   0 0.29    M    0  9.4 20 170   M    M   9        35 180
12  56  44  50  -1  15   0 0.67    M    0  7.7 12 270   M    M  10        23  M
13  54  43  49  -2  16   0 0.51    T    0  4.7 12 280   M    M   8 15     16  M
14  54  40  47  -4  18   0 0.13  0.0    0  5.2 12 270   M    M   4        13  M
15  56  37  47  -4  18   0 0.00  0.0    0  3.2 12 340   M    M   5        12  M
16  62  44  53   2  12   0 0.21  0.0    0  6.6 14 200   M    M   9        25 190
17  63  53  58   7   7   0 0.29  0.0    0  9.1 14 180   M    M  10        23 180
18  61  51  56   5   9   0 0.10  0.0    0  6.2 13 250   M    M   4        20 250
19  63  51  57   6   8   0 0.32  0.0    0  7.7 12 180   M    M  10        23  M
20  58  46  52   1  13   0 0.00  0.0    0  4.3 10 320   M    M   3        13  M
21  63  42  53   2  12   0 0.00  0.0    0  2.8  9 280   M    M   6        12  M
22  60  48  54   3  11   0 0.01  0.0    0  6.5 16 190   M    M   9        24  M
23  58  47  53   2  12   0 0.24    M    0  4.4 12 270   M    M  10        15 240
24  57  48  53   1  12   0 0.33    M    0  5.6  9 310   M    M  10 1      16  M
25  59  49  54   2  11   0 0.09    M    0  4.4 12 180   M    M  10 1       M  M
================================================================================
SM 1479 1128       315   0  4.87    T    158.5          M      184
================================================================================
AV 59.2 45.1                               6.3 FASTST   M    M   7    MAX(MPH)
                                 MISC ---->    25   M               # 39  200
================================================================================
NOTES:
# LAST OF SEVERAL OCCURRENCES

COLUMN 17 PEAK WIND IN M.P.H.

PRELIMINARY LOCAL CLIMATOLOGICAL DATA (WS FORM: F-6) , PAGE 2

                                          STATION:  EUREKA CA
                                          MONTH:    APRIL
                                          YEAR:     2017
                                          LATITUDE:   40 47 N
                                          LONGITUDE: 124 10 W

[TEMPERATURE DATA]      [PRECIPITATION DATA]       SYMBOLS USED IN COLUMN 16

AVERAGE MONTHLY: 52.1   TOTAL FOR MONTH:   4.87    1 = FOG OR MIST
DPTR FM NORMAL:   1.5   DPTR FM NORMAL:    1.98    2 = FOG REDUCING VISIBILITY
HIGHEST:    68 ON  5    GRTST 24HR  0.67 ON 12-12      TO 1/4 MILE OR LESS
LOWEST:     36 ON  9                               3 = THUNDER
                        SNOW, ICE PELLETS, HAIL    4 = ICE PELLETS
                        TOTAL MONTH:    T          5 = HAIL
                        GRTST 24HR    T  ON 13-13  6 = FREEZING RAIN OR DRIZZLE
                        GRTST DEPTH:   0           7 = DUSTSTORM OR SANDSTORM:
                                                       VSBY 1/2 MILE OR LESS
                                                   8 = SMOKE OR HAZE
[NO. OF DAYS WITH]      [WEATHER - DAYS WITH]      9 = BLOWING SNOW
                                                   X = TORNADO
MAX 32 OR BELOW:   0    0.01 INCH OR MORE:  17
MAX 90 OR ABOVE:   0    0.10 INCH OR MORE:  14
MIN 32 OR BELOW:   0    0.50 INCH OR MORE:   4
MIN  0 OR BELOW:   0    1.00 INCH OR MORE:   0

[HDD (BASE 65) ]
TOTAL THIS MO.   315    CLEAR  (SCALE 0-3)   2
DPTR FM NORMAL   -44    PTCLDY (SCALE 4-7)  10
TOTAL FM JUL 1  3634    CLOUDY (SCALE 8-10) 13
DPTR FM NORMAL  -123

[CDD (BASE 65) ]
TOTAL THIS MO.     0
DPTR FM NORMAL     0    [PRESSURE DATA]
TOTAL FM JAN 1     0    HIGHEST SLP M ON M
DPTR FM NORMAL     0    LOWEST  SLP M ON M

[REMARKS]
