000
CXUS54 KEWX 190910
CF6ERV
PRELIMINARY LOCAL CLIMATOLOGICAL DATA (WS FORM: F-6)

                                          STATION:   KERRVILLE
                                          MONTH:     JANUARY
                                          YEAR:      2017
                                          LATITUDE:   29 58 N
                                          LONGITUDE:  99  5 W

  TEMPERATURE IN F:       :PCPN:    SNOW:  WIND      :SUNSHINE: SKY     :PK WND
================================================================================
1   2   3   4   5  6A  6B    7    8   9   10  11  12  13   14  15   16   17  18
                                     12Z  AVG MX 2MIN
DY MAX MIN AVG DEP HDD CDD  WTR  SNW DPTH SPD SPD DIR MIN PSBL S-S WX    SPD DR
================================================================================

 1  76  45  61   M   4   0 0.00    M    M  3.8 15 310   M    M   1 1       M  M
 2  72  38  55   M  10   0 0.05    M    M  6.7 18 320   M    M   3 1      30 320
 3  73  34  54   M  11   0 0.00    M    M  5.3 16 320   M    M   0        25 340
 4  51  36  44   M  21   0 0.00    M    M  5.7 10 360   M    M   2         M  M
 5  72  33  53   M  12   0 0.00    M    M  5.8 16  20   M    M   7        23  20
 6  33  21  27   M  38   0 0.00    M    M 15.2 21 360   M    M   7        30 350
 7  44  13  29   M  36   0 0.00    M    M  5.0 12 340   M    M   0        17 340
 8  51  13  32   M  33   0 0.00    M    M  6.1 15 170   M    M   1        21 190
 9  66  38  52   M  13   0 0.00    M    M  8.7 17 170   M    M   5        24 170
10  76  46  61   M   4   0 0.00    M    M  7.3 12 170   M    M   1        18 180
11  78  45  62   M   3   0 0.00    M    M 10.6 20 190   M    M   2        27 180
12  72  63  68   M   0   3 0.00    M    M 11.6 21 170   M    M  10        25 170
13  79  65  72   M   0   7 0.00    M    M 11.7 18 150   M    M  10        23 150
14  72  59  66   M   0   1 0.11    M    M  9.2 18 150   M    M   9 1      23 120
15  72  56  64   M   1   0 0.76    M    M 10.7 20 150   M    M   9 13     28 130
16  70  45  58   M   7   0 0.00    M    M  2.9  8 320   M    M   6 1       M  M
17  61  45  53   M  12   0 0.12    M    M  5.5 10  40   M    M  10 13      M  M
18  56  44  50   M  15   0 0.06    M    M  6.6 12 340   M    M  10 1       M  M
================================================================================
SM 1174  739       220  11  1.10    M    138.4          M       93
================================================================================
AV 65.2 41.1                               7.7 FASTST   M    M   5    MAX(MPH)
                                 MISC ---->    21   M                 30    M
================================================================================
NOTES:
# LAST OF SEVERAL OCCURRENCES

COLUMN 17 PEAK WIND IN M.P.H.

PRELIMINARY LOCAL CLIMATOLOGICAL DATA (WS FORM: F-6) , PAGE 2

                                          STATION:  KERRVILLE
                                          MONTH:    JANUARY
                                          YEAR:     2017
                                          LATITUDE:   29 58 N
                                          LONGITUDE:  99  5 W

[TEMPERATURE DATA]      [PRECIPITATION DATA]       SYMBOLS USED IN COLUMN 16

AVERAGE MONTHLY: 53.1   TOTAL FOR MONTH:   1.10    1 = FOG OR MIST
DPTR FM NORMAL:     M   DPTR FM NORMAL:       M    2 = FOG REDUCING VISIBILITY
HIGHEST:    79 ON 13    GRTST 24HR  0.76 ON 15-15      TO 1/4 MILE OR LESS
LOWEST:     13 ON  8, 7                            3 = THUNDER
                        SNOW, ICE PELLETS, HAIL    4 = ICE PELLETS
                        TOTAL MONTH:    M          5 = HAIL
                        GRTST 24HR    M  ON   M    6 = FREEZING RAIN OR DRIZZLE
                        GRTST DEPTH:  M  ON   M    7 = DUSTSTORM OR SANDSTORM:
                                                       VSBY 1/2 MILE OR LESS
                                                   8 = SMOKE OR HAZE
[NO. OF DAYS WITH]      [WEATHER - DAYS WITH]      9 = BLOWING SNOW
                                                   X = TORNADO
MAX 32 OR BELOW:   0    0.01 INCH OR MORE:   5
MAX 90 OR ABOVE:   0    0.10 INCH OR MORE:   3
MIN 32 OR BELOW:   3    0.50 INCH OR MORE:   1
MIN  0 OR BELOW:   0    1.00 INCH OR MORE:   0

[HDD (BASE 65) ]
TOTAL THIS MO.   220    CLEAR  (SCALE 0-3)   8
DPTR FM NORMAL     M    PTCLDY (SCALE 4-7)   4
TOTAL FM JUL 1   800    CLOUDY (SCALE 8-10)  6
DPTR FM NORMAL     M

[CDD (BASE 65) ]
TOTAL THIS MO.    11
DPTR FM NORMAL     M    [PRESSURE DATA]
TOTAL FM JAN 1    11    HIGHEST SLP M ON M
DPTR FM NORMAL     M    LOWEST  SLP M ON M

[REMARKS]
