000
CXUS53 KDMX 250920
CF6EST
PRELIMINARY LOCAL CLIMATOLOGICAL DATA (WS FORM: F-6)

                                          STATION:   ESTHERVILLE IA
                                          MONTH:     MAY
                                          YEAR:      2017
                                          LATITUDE:   43 24 N
                                          LONGITUDE:  94 45 W

  TEMPERATURE IN F:       :PCPN:    SNOW:  WIND      :SUNSHINE: SKY     :PK WND
================================================================================
1   2   3   4   5  6A  6B    7    8   9   10  11  12  13   14  15   16   17  18
                                     12Z  AVG MX 2MIN
DY MAX MIN AVG DEP HDD CDD  WTR  SNW DPTH SPD SPD DIR MIN PSBL S-S WX    SPD DR
================================================================================

 1  42  33  38 -15  27   0 0.14  0.0    0 18.8 31 320   M    M   8 1      37 310
 2  62  33  48  -6  17   0 0.00  0.0    0 10.5 22 330   M    M   0        27 330
 3  61  35  48  -6  17   0 0.02  0.0    0  9.8 18 180   M    M   5        23 200
 4  68  41  55   1  10   0 0.00  0.0    0 11.3 23 360   M    M   1        29  10
 5  77  41  59   4   6   0 0.00  0.0    0 11.5 22 320   M    M   0        31 280
 6  71  44  58   3   7   0 0.00  0.0    0  8.4 15  10   M    M   0 8      19  40
 7  77  40  59   4   6   0 0.00  0.0    0 11.1 21 100   M    M   0        27 210
 8  85  52  69  13   0   4 0.00  0.0    0 16.5 26 190   M    M   1 38     33 190
 9  73  49  61   5   4   0 0.05  0.0    0 10.9 20 350   M    M   2 13     24 340
10  67  44  56   0   9   0    T  0.0    0  6.1 21  60   M    M   6        25  50
11  66  42  54  -3  11   0 0.00  0.0    0 11.3 20 360   M    M   0        33  30
12  76  39  58   1   7   0 0.00  0.0    0  7.3 15 240   M    M   0        20 320
13  82  53  68  10   0   3 0.00  0.0    0 15.8 26 200   M    M   0        37 180
14  85  51  68  10   0   3 0.00  0.0    0 11.3 23 190   M    M   0        32 180
15  78  55  67   9   0   2 0.09  0.0    0  9.9 29 340   M    M   2 13     33 340
16  86  60  73  15   0   8 0.30  0.0    0 14.4 30 160   M    M   4 13     37 250
17  73  51  62   3   3   0 1.35  0.0    0  9.5 37 180   M    M   7 138    47 160
18  56  46  51  -8  14   0    T  0.0    0 17.8 28 360   M    M  10 1      34 360
19  47  41  44 -16  21   0 0.41  0.0    0 18.6 30  50   M    M   8 1      34  50
20  52  39  46 -14  19   0 1.44  0.0    0 16.1 23 170   M    M  10 1      28  50
21  52  40  46 -14  19   0 0.00  0.0    0 16.8 29 290   M    M   8 1      36 280
22  68  41  55  -5  10   0 0.33  0.0    0  7.4 28 290   M    M   5 13     33 300
23  56  46  51 -10  14   0 0.11  0.0    0 12.3 23  30   M    M   9 1      28  30
24  61  44  53  -8  12   0 0.00  0.0    0  7.7 15  20   M    M   6 1      19  10
================================================================================
SM 1621 1060       233  20  4.24     0.0 291.1          M       92
================================================================================
AV 67.5 44.2                              12.1 FASTST   M    M   4    MAX(MPH)
                                 MISC ---->  # 37 180               # 47  160
================================================================================
NOTES:
# LAST OF SEVERAL OCCURRENCES

COLUMN 17 PEAK WIND IN M.P.H.

PRELIMINARY LOCAL CLIMATOLOGICAL DATA (WS FORM: F-6) , PAGE 2

                                          STATION:  ESTHERVILLE IA
                                          MONTH:    MAY
                                          YEAR:     2017
                                          LATITUDE:   43 24 N
                                          LONGITUDE:  94 45 W

[TEMPERATURE DATA]      [PRECIPITATION DATA]       SYMBOLS USED IN COLUMN 16

AVERAGE MONTHLY: 55.9   TOTAL FOR MONTH:   4.24    1 = FOG OR MIST
DPTR FM NORMAL:  -1.4   DPTR FM NORMAL:    1.30    2 = FOG REDUCING VISIBILITY
HIGHEST:    86 ON 16    GRTST 24HR  1.61 ON 16-17      TO 1/4 MILE OR LESS
LOWEST:     33 ON  2, 1                            3 = THUNDER
                        SNOW, ICE PELLETS, HAIL    4 = ICE PELLETS
                        TOTAL MONTH:   0.0 INCH    5 = HAIL
                        GRTST 24HR     0.0         6 = FREEZING RAIN OR DRIZZLE
                        GRTST DEPTH:   0           7 = DUSTSTORM OR SANDSTORM:
                                                       VSBY 1/2 MILE OR LESS
                                                   8 = SMOKE OR HAZE
[NO. OF DAYS WITH]      [WEATHER - DAYS WITH]      9 = BLOWING SNOW
                                                   X = TORNADO
MAX 32 OR BELOW:   0    0.01 INCH OR MORE:  10
MAX 90 OR ABOVE:   0    0.10 INCH OR MORE:   7
MIN 32 OR BELOW:   0    0.50 INCH OR MORE:   2
MIN  0 OR BELOW:   0    1.00 INCH OR MORE:   2

[HDD (BASE 65) ]
TOTAL THIS MO.   233    CLEAR  (SCALE 0-3)  12
DPTR FM NORMAL    26    PTCLDY (SCALE 4-7)   7
TOTAL FM JUL 1  6768    CLOUDY (SCALE 8-10)  5
DPTR FM NORMAL  -900

[CDD (BASE 65) ]
TOTAL THIS MO.    20
DPTR FM NORMAL     1    [PRESSURE DATA]
TOTAL FM JAN 1    20    HIGHEST SLP M ON M
DPTR FM NORMAL    -1    LOWEST  SLP 29.31 ON 17

[REMARKS]
