000
CXUS56 KPQR 261436
CF6EUG
PRELIMINARY LOCAL CLIMATOLOGICAL DATA (WS FORM: F-6)

                                          STATION:   EUGENE OR
                                          MONTH:     MAY
                                          YEAR:      2016
                                          LATITUDE:   44  7 N
                                          LONGITUDE: 123 13 W

  TEMPERATURE IN F:       :PCPN:    SNOW:  WIND      :SUNSHINE: SKY     :PK WND
================================================================================
1   2   3   4   5  6A  6B    7    8   9   10  11  12  13   14  15   16   17  18
                                     12Z  AVG MX 2MIN
DY MAX MIN AVG DEP HDD CDD  WTR  SNW DPTH SPD SPD DIR MIN PSBL S-S WX    SPD DR
================================================================================

 1  78  40  59   6   6   0 0.00  0.0    0  6.3 18  20   M    M   0        22  30
 2  84  47  66  13   0   1    T  0.0    0  6.6 17 240   M    M   5        20 240
 3  71  48  60   7   5   0    T  0.0    0  3.9 14 240   M    M   8        17 240
 4  65  52  59   6   6   0 0.03  0.0    0  9.0 17  30   M    M   9 1      21  40
 5  67  48  58   5   7   0 0.00  0.0    0  7.0 16  30   M    M   8        20  30
 6  78  45  62   8   3   0 0.00  0.0    0  8.2 20  30   M    M   3 1      22  10
 7  84  50  67  13   0   2 0.00  0.0    0  5.7 16 330   M    M   1        20 340
 8  67  47  57   3   8   0 0.01  0.0    0  5.0 13 330   M    M   7 18     15 340
 9  66  45  56   2   9   0 0.00  0.0    0  6.2 17  20   M    M   4        23 360
10  77  39  58   4   7   0 0.00  0.0    0  8.7 21 360   M    M   1 1      25  20
11  82  44  63   9   2   0 0.00  0.0    0  3.9 12 250   M    M   1        14  50
12  84  46  65  10   0   0 0.00  0.0    0  4.7 12 290   M    M   4        16 290
13  76  47  62   7   3   0    T  0.0    0  8.5 24 220   M    M   5        31 220
14  59  52  56   1   9   0 0.82  0.0    0  6.3 14 220   M    M  10 1      17 210
15  62  52  57   2   8   0 0.30  0.0    0  5.0 15 250   M    M   9 1      17 240
16  64  47  56   1   9   0 0.00  0.0    0  6.5 15  10   M    M   8        18  10
17  73  42  58   2   7   0 0.00  0.0    0  8.1 17  30   M    M   4 12     21  20
18  77  45  61   5   4   0 0.00  0.0    0  4.8 20 310   M    M   6 1      23 300
19  61  47  54  -2  11   0 0.09  0.0    0  6.2 21 300   M    M   8 1      24 280
20  62  47  55  -1  10   0    T  0.0    0  4.6 13 250   M    M   9        15 250
21  62  44  53  -3  12   0 0.00  0.0    0  5.4 13 260   M    M   7        17 170
22  63  49  56   0   9   0 0.04  0.0    0  9.0 20 260   M    M   9 1      25 260
23  64  45  55  -1  10   0 0.01  0.0    0  5.2 13 210   M    M   8 1      17 170
24  73  47  60   3   5   0 0.00  0.0    0  2.9 17 350   M    M   8 1      20 360
25  65  48  57   0   8   0 0.00  0.0    0  3.9 10 310   M    M   8        13 320
================================================================================
SM 1764 1163       158   3  1.30     0.0 151.6          M      150
================================================================================
AV 70.6 46.5                               6.1 FASTST   M    M   6    MAX(MPH)
                                 MISC ---->  # 24 220               # 31  220
================================================================================
NOTES:
# LAST OF SEVERAL OCCURRENCES

COLUMN 17 PEAK WIND IN M.P.H.

PRELIMINARY LOCAL CLIMATOLOGICAL DATA (WS FORM: F-6) , PAGE 2

                                          STATION:  EUGENE OR
                                          MONTH:    MAY
                                          YEAR:     2016
                                          LATITUDE:   44  7 N
                                          LONGITUDE: 123 13 W

[TEMPERATURE DATA]      [PRECIPITATION DATA]       SYMBOLS USED IN COLUMN 16

AVERAGE MONTHLY: 58.5   TOTAL FOR MONTH:   1.30    1 = FOG OR MIST
DPTR FM NORMAL:   3.7   DPTR FM NORMAL:   -0.91    2 = FOG REDUCING VISIBILITY
HIGHEST:    84 ON 12, 7 GRTST 24HR  0.82 ON 13-14      TO 1/4 MILE OR LESS
LOWEST:     39 ON 10                               3 = THUNDER
                        SNOW, ICE PELLETS, HAIL    4 = ICE PELLETS
                        TOTAL MONTH:   0.0 INCH    5 = HAIL
                        GRTST 24HR     0.0         6 = FREEZING RAIN OR DRIZZLE
                        GRTST DEPTH:   0           7 = DUSTSTORM OR SANDSTORM:
                                                       VSBY 1/2 MILE OR LESS
                                                   8 = SMOKE OR HAZE
[NO. OF DAYS WITH]      [WEATHER - DAYS WITH]      9 = BLOWING SNOW
                                                   X = TORNADO
MAX 32 OR BELOW:   0    0.01 INCH OR MORE:   7
MAX 90 OR ABOVE:   0    0.10 INCH OR MORE:   2
MIN 32 OR BELOW:   0    0.50 INCH OR MORE:   1
MIN  0 OR BELOW:   0    1.00 INCH OR MORE:   0

[HDD (BASE 65) ]
TOTAL THIS MO.   158    CLEAR  (SCALE 0-3)   5
DPTR FM NORMAL  -100    PTCLDY (SCALE 4-7)  12
TOTAL FM JUL 1  3743    CLOUDY (SCALE 8-10)  8
DPTR FM NORMAL  -857

[CDD (BASE 65) ]
TOTAL THIS MO.     3
DPTR FM NORMAL     3    [PRESSURE DATA]
TOTAL FM JAN 1     3    HIGHEST SLP M ON M
DPTR FM NORMAL     3    LOWEST  SLP 29.76 ON 20

[REMARKS]
