000
CXAK56 PAFG 261318
CF6FAI
PRELIMINARY LOCAL CLIMATOLOGICAL DATA (WS FORM: F-6)

                                          STATION:   FAIRBANKS AK
                                          MONTH:     JULY
                                          YEAR:      2016
                                          LATITUDE:   64 49 N
                                          LONGITUDE: 147 52 W

  TEMPERATURE IN F:       :PCPN:    SNOW:  WIND      :SUNSHINE: SKY     :PK WND
================================================================================
1   2   3   4   5  6A  6B    7    8   9   10  11  12  13   14  15   16   17  18
                                     12Z  AVG MX 2MIN
DY MAX MIN AVG DEP HDD CDD  WTR  SNW DPTH SPD SPD DIR MIN PSBL S-S WX    SPD DR
================================================================================

 1  75  60  68   4   0   3 0.13  0.0    0  6.4 12  30   M    M   8        19 360
 2  63  59  61  -3   4   0 0.09  0.0    0  3.0 10 360   M    M   9 1      12 360
 3  69  58  64   0   1   0 0.02  0.0    0  4.3 13 250   M    M   9 1      17 260
 4  69  58  64   0   1   0 0.31  0.0    0  3.4 18 260   M    M   9 1      24 270
 5  73  59  66   2   0   1 0.01  0.0    0  5.4 15 240   M    M   8        19 240
 6  72  56  64   0   1   0    T  0.0    0  4.0 10 250   M    M   8        13 230
 7  75  54  65   1   0   0 0.00  0.0    0  6.1 15 270   M    M   6        19 270
 8  78  53  66   2   0   1    T  0.0    0  2.3 14 180   M    M   7        16 180
 9  80  54  67   3   0   2 0.00  0.0    0  3.4 14 320   M    M   7 38     17 320
10  71  59  65   1   0   0 0.22  0.0    0  3.7 17 310   M    M   8 3      20 280
11  71  56  64   1   1   0 0.00  0.0    0  5.2 10 280   M    M   7        14 240
12  84  52  68   5   0   3 0.00  0.0    0  2.7  9 140   M    M   4        11 140
13  88  59  74  11   0   9 0.00  0.0    0  2.5  6 290   M    M   4         8 150
14  88  61  75  12   0  10 0.42  0.0    0  3.3 18 260   M    M   5 3      28 290
15  83  62  73  10   0   8 0.00  0.0    0  5.5 17 240   M    M   5        26 200
16  76  62  69   6   0   4 0.01  0.0    0  6.9 16 250   M    M   9        23 250
17  63  57  60  -3   5   0 0.42  0.0    0  7.3 17 260   M    M  10 1      24 280
18  59  54  57  -5   8   0 0.59  0.0    0 10.2 20 260   M    M  10 1      26 260
19  65  54  60  -2   5   0    T  0.0    0  8.4 16 250   M    M   8        23 230
20  64  52  58  -4   7   0 0.17  0.0    0  7.0 14 270   M    M   9 1      18 260
21  57  51  54  -8  11   0 0.49  0.0    0  4.1 10 190   M    M  10 18     13 190
22  63  52  58  -4   7   0 0.09  0.0    0  4.5 10 250   M    M   9 1      13 250
23  69  50  60  -2   5   0 0.01  0.0    0  2.7 13 350   M    M   7 13     16 360
24  71  52  62   0   3   0 0.01  0.0    0  5.5 16  90   M    M   7 1      20  80
25  74  52  63   2   2   0    T  0.0    0  3.6 10  10   M    M   6        14  50
================================================================================
SM 1800 1396        61  41  2.99     0.0 121.4          M      189
================================================================================
AV 72.0 55.8                               4.9 FASTST   M    M   8    MAX(MPH)
                                 MISC ---->  # 20 260               # 28  290
================================================================================
NOTES:
# LAST OF SEVERAL OCCURRENCES

COLUMN 17 PEAK WIND IN M.P.H.

PRELIMINARY LOCAL CLIMATOLOGICAL DATA (WS FORM: F-6) , PAGE 2

                                          STATION:  FAIRBANKS AK
                                          MONTH:    JULY
                                          YEAR:     2016
                                          LATITUDE:   64 49 N
                                          LONGITUDE: 147 52 W

[TEMPERATURE DATA]      [PRECIPITATION DATA]       SYMBOLS USED IN COLUMN 16

AVERAGE MONTHLY: 63.9   TOTAL FOR MONTH:   2.99    1 = FOG OR MIST
DPTR FM NORMAL:   0.9   DPTR FM NORMAL:    1.27    2 = FOG REDUCING VISIBILITY
HIGHEST:    88 ON 14,13 GRTST 24HR  0.88 ON 17-18      TO 1/4 MILE OR LESS
LOWEST:     50 ON 23                               3 = THUNDER
                        SNOW, ICE PELLETS, HAIL    4 = ICE PELLETS
                        TOTAL MONTH:   0.0 INCH    5 = HAIL
                        GRTST 24HR     0.0         6 = FREEZING RAIN OR DRIZZLE
                        GRTST DEPTH:   0           7 = DUSTSTORM OR SANDSTORM:
                                                       VSBY 1/2 MILE OR LESS
                                                   8 = SMOKE OR HAZE
[NO. OF DAYS WITH]      [WEATHER - DAYS WITH]      9 = BLOWING SNOW
                                                   X = TORNADO
MAX 32 OR BELOW:   0    0.01 INCH OR MORE:  15
MAX 90 OR ABOVE:   0    0.10 INCH OR MORE:   8
MIN 32 OR BELOW:   0    0.50 INCH OR MORE:   1
MIN  0 OR BELOW:   0    1.00 INCH OR MORE:   0

[HDD (BASE 65) ]
TOTAL THIS MO.    61    CLEAR  (SCALE 0-3)   0
DPTR FM NORMAL   -20    PTCLDY (SCALE 4-7)  15
TOTAL FM JUL 1    61    CLOUDY (SCALE 8-10) 10
DPTR FM NORMAL   -20

[CDD (BASE 65) ]
TOTAL THIS MO.    41
DPTR FM NORMAL    12    [PRESSURE DATA]
TOTAL FM JAN 1    66    HIGHEST SLP M ON M
DPTR FM NORMAL    13    LOWEST  SLP 29.57 ON  1

[REMARKS]
