000
CXUS53 KFGF 220915
CF6FAR
PRELIMINARY LOCAL CLIMATOLOGICAL DATA (WS FORM: F-6)

                                          STATION:   FARGO HECTOR INTL AP ND
                                          MONTH:     JULY
                                          YEAR:      2014
                                          LATITUDE:   46 54 N
                                          LONGITUDE:  96 48 W

  TEMPERATURE IN F:       :PCPN:    SNOW:  WIND      :SUNSHINE: SKY     :PK WND
================================================================================
1   2   3   4   5  6A  6B    7    8   9   10  11  12  13   14  15   16   17  18
                                     12Z  AVG MX 2MIN
DY MAX MIN AVG DEP HDD CDD  WTR  SNW DPTH SPD SPD DIR MIN PSBL S-S WX    SPD DR
================================================================================

 1  65  54  60 -10   5   0 0.20  0.0    0 17.1 32 350   M    M  10 1      38 340
 2  73  51  62  -8   3   0 0.00  0.0    0  8.0 16 320   M    M   4        20 350
 3  77  49  63  -7   2   0 0.00  0.0    0  3.2 10 130   M    M   1        15 130
 4  84  62  73   3   0   8 0.08  0.0    0 17.5 29 180   M    M   2        38 170
 5  93  67  80  10   0  15 0.06  0.0    0 12.3 26 350   M    M   0 1      33 330
 6  85  68  77   7   0  12 0.03  0.0    0 11.4 24 320   M    M   1 1      31 320
 7  82  61  72   2   0   7    T  0.0    0 13.2 26 300   M    M   2 8      33 290
 8  76  59  68  -3   0   3    T  0.0    0 13.0 25 330   M    M   3        30 340
 9  76  57  67  -4   0   2 0.00  0.0    0  7.4 17 360   M    M   1        24 340
10  85  61  73   2   0   8 0.71  0.0    0 10.8 18 180   M    M   3 1      26 120
11  88  65  77   6   0  12    T  0.0    0  8.4 16 330   M    M   1 1      19 330
12  82  59  71   0   0   6    T  0.0    0  8.7 25  10   M    M   2 8      32  10
13  77  53  65  -6   0   0 0.00  0.0    0 14.1 30 290   M    M   4        36 290
14  69  50  60 -11   5   0    T  0.0    0 18.8 31 340   M    M   7        41 340
15  75  49  62  -9   3   0 0.00  0.0    0  6.8 17 360   M    M   3        21 350
16  78  50  64  -7   1   0 0.00  0.0    0  3.2 10  30   M    M   3        14  20
17  83  59  71   0   0   6 0.00  0.0    0  9.0 17 200   M    M   3        22 190
18  87  64  76   5   0  11    T  0.0    0 19.3 33 180   M    M   2        43 170
19  81  61  71   0   0   6 0.00  0.0    0  6.0 14 190   M    M   0        17 190
20  93  69  81  10   0  16 0.00  0.0    0 12.4 22 180   M    M   1        35 260
21  93  67  80   9   0  15 0.51  0.0    0 12.2 36 280   M    M   2 13     46 310
================================================================================
SM 1702 1235        19 127  1.59     0.0 232.8          M       55
================================================================================
AV 81.0 58.8                              11.1 FASTST   M    M   3    MAX(MPH)
                                 MISC ---->  # 36 280               # 46  310
================================================================================
NOTES:
# LAST OF SEVERAL OCCURRENCES

COLUMN 17 PEAK WIND IN M.P.H.

PRELIMINARY LOCAL CLIMATOLOGICAL DATA (WS FORM: F-6) , PAGE 2

                                          STATION:  FARGO HECTOR INTL AP ND
                                          MONTH:    JULY
                                          YEAR:     2014
                                          LATITUDE:   46 54 N
                                          LONGITUDE:  96 48 W

[TEMPERATURE DATA]      [PRECIPITATION DATA]       SYMBOLS USED IN COLUMN 16

AVERAGE MONTHLY: 69.9   TOTAL FOR MONTH:   1.59    1 = FOG OR MIST
DPTR FM NORMAL:  -0.7   DPTR FM NORMAL:   -0.46    2 = FOG REDUCING VISIBILITY
HIGHEST:    93 ON 21,20 GRTST 24HR  0.71 ON  9-10      TO 1/4 MILE OR LESS
LOWEST:     49 ON 15, 3                            3 = THUNDER
                        SNOW, ICE PELLETS, HAIL    4 = ICE PELLETS
                        TOTAL MONTH:   0.0 INCH    5 = HAIL
                        GRTST 24HR     0.0         6 = FREEZING RAIN OR DRIZZLE
                        GRTST DEPTH:   0           7 = DUSTSTORM OR SANDSTORM:
                                                       VSBY 1/2 MILE OR LESS
                                                   8 = SMOKE OR HAZE
[NO. OF DAYS WITH]      [WEATHER - DAYS WITH]      9 = BLOWING SNOW
                                                   X = TORNADO
MAX 32 OR BELOW:   0    0.01 INCH OR MORE:   6
MAX 90 OR ABOVE:   3    0.10 INCH OR MORE:   3
MIN 32 OR BELOW:   0    0.50 INCH OR MORE:   2
MIN  0 OR BELOW:   0    1.00 INCH OR MORE:   0

[HDD (BASE 65) ]
TOTAL THIS MO.    19    CLEAR  (SCALE 0-3)  17
DPTR FM NORMAL     7    PTCLDY (SCALE 4-7)   3
TOTAL FM JUL 1    19    CLOUDY (SCALE 8-10)  1
DPTR FM NORMAL     7

[CDD (BASE 65) ]
TOTAL THIS MO.   127
DPTR FM NORMAL   -10    [PRESSURE DATA]
TOTAL FM JAN 1   308    HIGHEST SLP M ON M
DPTR FM NORMAL    33    LOWEST  SLP 29.48 ON  1

[REMARKS]
