000
CXUS52 KRAH 261345
CF6FAY
PRELIMINARY LOCAL CLIMATOLOGICAL DATA (WS FORM: F-6)

                                          STATION:   FAYETTEVILLE REGL AIRPORT NC
                                          MONTH:     FEBRUARY
                                          YEAR:      2015
                                          LATITUDE:   35  0 N
                                          LONGITUDE:  78 53 W

  TEMPERATURE IN F:       :PCPN:    SNOW:  WIND      :SUNSHINE: SKY     :PK WND
================================================================================
1   2   3   4   5  6A  6B    7    8   9   10  11  12  13   14  15   16   17  18
                                     12Z  AVG MX 2MIN
DY MAX MIN AVG DEP HDD CDD  WTR  SNW DPTH SPD SPD DIR MIN PSBL S-S WX    SPD DR
================================================================================

 1  62  30  46   1  19   0    T    M    M  9.0 21 190   M    M   3        27 180
 2  65  34  50   5  15   0 0.51    M    M 16.4 31 300   M    M   6 1      45 300
 3  47  24  36 -10  29   0 0.00    M    M  4.3 14  30   0    0   0        16  30
 4  56  28  42  -4  23   0 0.00    M    M  4.6 12 200   M    M   3        16 200
 5  56  31  44  -2  21   0 0.01    M    M 11.5 28 360   M    M   4        36  10
 6  42  20  31 -15  34   0 0.00    M    M  4.1 12 360   M    M   0        14 350
 7  62  26  44  -2  21   0 0.00    M    M  8.5 20 220   M    M   0        27 230
 8  71  45  58  12   7   0 0.00    M    M 14.1 26 220   M    M   0        36 220
 9  70  49  60  14   5   0 0.07    M    M  8.9 18 210   M    M   5 1      23 210
10  54  38  46   0  19   0 0.22    M    M 17.6 25  10   M    M  10 1      33 360
11  54  33  44  -3  21   0 0.00    M    M  8.6 22  10   M    M   1        29  20
12  60  30  45  -2  20   0 0.00    M    M  9.4 32 330   M    M   2 12     43 320
13  39  24  32 -15  33   0 0.00    M    M  6.9 17 340   M    M   0        24 340
14  56  21  39  -8  26   0 0.00    M    M 13.0 33 310   M    M   2        43 340
15  39  20  30 -17  35   0 0.00    M    M 13.0 32 320   M    M   0        45 310
16  33  21  27 -20  38   0 0.20    M    M  7.7 17  70   M    M   9 16     23 290
17  33  25  29 -19  36   0 0.45    M    M  7.5 21  20   M    M   7 16     26  20
18  42  23  33 -15  32   0    T    M    M  7.2 23 310   M    M   7 128    31 320
19  28  17  23 -25  42   0 0.00    M    M 12.4 21 310   M    M   0        35 280
20  31  10  21 -27  44   0 0.00    M    M  7.7 15  10   M    M   0        19  10
21  52  17  35 -13  30   0    T    M    M  6.3 15 150   M    M   6        18 180
22  62  47  55   6  10   0 0.16    M    M  4.8 14 250   M    M   7 12     22 260
23  53  34  44  -5  21   0 0.39    M    M 10.1 23  30   M    M   7 1      29  20
24  34  24  29 -20  36   0 0.12    M    M  7.8 15 100   M    M  10 126    20  90
25  42  28  35 -14  30   0 0.56    M    M  5.1 12  50   M    M   7 18     17  40
================================================================================
SM 1243  699       647   0  2.69    M    226.5            0     96
================================================================================
AV 49.7 28.0                               9.1 FASTST    0   0   4    MAX(MPH)
                                 MISC ---->  # 33 310               # 45  300
================================================================================
NOTES:
# LAST OF SEVERAL OCCURRENCES

COLUMN 17 PEAK WIND IN M.P.H.

PRELIMINARY LOCAL CLIMATOLOGICAL DATA (WS FORM: F-6) , PAGE 2

                                          STATION:  FAYETTEVILLE REGL AIRPORT NC
                                          MONTH:    FEBRUARY
                                          YEAR:     2015
                                          LATITUDE:   35  0 N
                                          LONGITUDE:  78 53 W

[TEMPERATURE DATA]      [PRECIPITATION DATA]       SYMBOLS USED IN COLUMN 16

AVERAGE MONTHLY: 38.8   TOTAL FOR MONTH:   2.69    1 = FOG OR MIST
DPTR FM NORMAL:  -8.2   DPTR FM NORMAL:    0.22    2 = FOG REDUCING VISIBILITY
HIGHEST:    71 ON  8    GRTST 24HR  0.65 ON 16-17      TO 1/4 MILE OR LESS
LOWEST:     10 ON 20                               3 = THUNDER
                        SNOW, ICE PELLETS, HAIL    4 = ICE PELLETS
                        TOTAL MONTH:    M          5 = HAIL
                        GRTST 24HR    M  ON   M    6 = FREEZING RAIN OR DRIZZLE
                        GRTST DEPTH:  M  ON   M    7 = DUSTSTORM OR SANDSTORM:
                                                       VSBY 1/2 MILE OR LESS
                                                   8 = SMOKE OR HAZE
[NO. OF DAYS WITH]      [WEATHER - DAYS WITH]      9 = BLOWING SNOW
                                                   X = TORNADO
MAX 32 OR BELOW:   2    0.01 INCH OR MORE:  10
MAX 90 OR ABOVE:   0    0.10 INCH OR MORE:   8
MIN 32 OR BELOW:  18    0.50 INCH OR MORE:   2
MIN  0 OR BELOW:   0    1.00 INCH OR MORE:   0

[HDD (BASE 65) ]
TOTAL THIS MO.   647    CLEAR  (SCALE 0-3)  13
DPTR FM NORMAL   194    PTCLDY (SCALE 4-7)   9
TOTAL FM JUL 1  2414    CLOUDY (SCALE 8-10)  3
DPTR FM NORMAL   235

[CDD (BASE 65) ]
TOTAL THIS MO.     0
DPTR FM NORMAL     0    [PRESSURE DATA]
TOTAL FM JAN 1     0    HIGHEST SLP  0.00 ON  3
DPTR FM NORMAL    -2    LOWEST  SLP 29.47 ON  2

[REMARKS]
