000
CXUS52 KRAH 231345
CF6FAY
PRELIMINARY LOCAL CLIMATOLOGICAL DATA (WS FORM: F-6)

                                          STATION:   FAYETTEVILLE REGL AIRPORT NC
                                          MONTH:     JANUARY
                                          YEAR:      2018
                                          LATITUDE:   35  0 N
                                          LONGITUDE:  78 53 W

  TEMPERATURE IN F:       :PCPN:    SNOW:  WIND      :SUNSHINE: SKY     :PK WND
================================================================================
1   2   3   4   5  6A  6B    7    8   9   10  11  12  13   14  15   16   17  18
                                     12Z  AVG MX 2MIN
DY MAX MIN AVG DEP HDD CDD  WTR  SNW DPTH SPD SPD DIR MIN PSBL S-S WX    SPD DR
================================================================================

 1  30  19  25 -18  40   0 0.00    M    M 11.5 21  30   M    M   3        27  30
 2  33  14  24 -19  41   0 0.00    M    M  5.6 16  20   M    M   0        22  20
 3  34  13  24 -19  41   0    T    M    M  9.2 22 350   M    M   6 18     28 360
 4  36  21  29 -14  36   0    T    M    M 12.7 24 290   M    M   2 1      32 310
 5  35  13  24 -19  41   0 0.00    M    M  6.5 15 280   M    M   0        20 280
 6  30  13  22 -21  43   0 0.00    M    M  7.2 15 360   M    M   0        20 290
 7  32   9  21 -22  44   0 0.00    M    M  3.9 13  10   M    M   0        16  10
 8  53  14  34  -9  31   0 0.00    M    M  1.0  8 180   M    M   0        10 170
 9  68  31  50   7  15   0 0.00    M    M  3.0 10 270   M    M   1        12 260
10  62  34  48   5  17   0 0.00    M    M  6.1 12  20   M    M   1 1      14  20
11  74  45  60  17   5   0 0.22    M    M  9.3 17 130   M    M   9 18     22 140
12  72  58  65  22   0   0 0.17    M    M 10.4 28 210   M    M   9 1      41 150
13  59  36  48   5  17   0 0.00    M    M 13.0 24 240   M    M   6        30 220
14  38  24  31 -12  34   0 0.00    M    M 11.5 21  20   M    M   2        26  20
15  44  21  33 -10  32   0 0.00    M    M  7.0 15  10   M    M   0        17 340
16  51  23  37  -6  28   0 0.00    M    M  1.9  7 140   M    M   0         9 360
17  41  27  34 -10  31   0 0.23    M    M  8.1 28  10   M    M   8 1      34  20
18  38  18  28 -16  37   0    T    M    M  9.0 18 340   M    M   1 1      25 340
19  56  23  40  -4  25   0 0.00    M    M  5.4 10 220   M    M   0        13 230
20  61  27  44   0  21   0 0.00    M    M  6.7 13 240   M    M   0 8      15 220
21  71  33  52   8  13   0 0.00    M    M  3.7 10 300   M    M   0        13 280
22  65  37  51   7  14   0 0.00    M    M  4.8 12 160   M    M   3        16 180
================================================================================
SM 1083  553       606   0  0.62    M    157.5          M       51
================================================================================
AV 49.2 25.1                               7.2 FASTST   M    M   2    MAX(MPH)
                                 MISC ---->  # 28 210               # 41  150
================================================================================
NOTES:
# LAST OF SEVERAL OCCURRENCES

COLUMN 17 PEAK WIND IN M.P.H.

PRELIMINARY LOCAL CLIMATOLOGICAL DATA (WS FORM: F-6) , PAGE 2

                                          STATION:  FAYETTEVILLE REGL AIRPORT NC
                                          MONTH:    JANUARY
                                          YEAR:     2018
                                          LATITUDE:   35  0 N
                                          LONGITUDE:  78 53 W

[TEMPERATURE DATA]      [PRECIPITATION DATA]       SYMBOLS USED IN COLUMN 16

AVERAGE MONTHLY: 37.2   TOTAL FOR MONTH:   0.62    1 = FOG OR MIST
DPTR FM NORMAL:  -6.1   DPTR FM NORMAL:   -1.51    2 = FOG REDUCING VISIBILITY
HIGHEST:    74 ON 11    GRTST 24HR  0.23 ON 17-17      TO 1/4 MILE OR LESS
LOWEST:      9 ON  7                               3 = THUNDER
                        SNOW, ICE PELLETS, HAIL    4 = ICE PELLETS
                        TOTAL MONTH:    M          5 = HAIL
                        GRTST 24HR    M  ON   M    6 = FREEZING RAIN OR DRIZZLE
                        GRTST DEPTH:  M  ON   M    7 = DUSTSTORM OR SANDSTORM:
                                                       VSBY 1/2 MILE OR LESS
                                                   8 = SMOKE OR HAZE
[NO. OF DAYS WITH]      [WEATHER - DAYS WITH]      9 = BLOWING SNOW
                                                   X = TORNADO
MAX 32 OR BELOW:   3    0.01 INCH OR MORE:   3
MAX 90 OR ABOVE:   0    0.10 INCH OR MORE:   3
MIN 32 OR BELOW:  16    0.50 INCH OR MORE:   0
MIN  0 OR BELOW:   0    1.00 INCH OR MORE:   0

[HDD (BASE 65) ]
TOTAL THIS MO.   606    CLEAR  (SCALE 0-3)  17
DPTR FM NORMAL   127    PTCLDY (SCALE 4-7)   3
TOTAL FM JUL 1  1619    CLOUDY (SCALE 8-10)  2
DPTR FM NORMAL    81

[CDD (BASE 65) ]
TOTAL THIS MO.     0
DPTR FM NORMAL     0    [PRESSURE DATA]
TOTAL FM JAN 1     0    HIGHEST SLP M ON M
DPTR FM NORMAL     0    LOWEST  SLP 29.54 ON 12

[REMARKS]
