000
CXUS53 KMPX 271000
CF6FCM
PRELIMINARY LOCAL CLIMATOLOGICAL DATA (WS FORM: F-6)

                                          STATION:   MINNEAPOLIS FLYING CLOUD MN
                                          MONTH:     JULY
                                          YEAR:      2017
                                          LATITUDE:   44 49 N
                                          LONGITUDE:  93 27 W

  TEMPERATURE IN F:       :PCPN:    SNOW:  WIND      :SUNSHINE: SKY     :PK WND
================================================================================
1   2   3   4   5  6A  6B    7    8   9   10  11  12  13   14  15   16   17  18
                                     12Z  AVG MX 2MIN
DY MAX MIN AVG DEP HDD CDD  WTR  SNW DPTH SPD SPD DIR MIN PSBL S-S WX    SPD DR
================================================================================

 1  77  61  69  -4   0   4 0.00    M    M  8.1 15 280   M    M   3        19 280
 2  81  62  72  -1   0   7 0.00    M    M  6.7 13  10   M    M   2 8      18 340
 3  83  59  71  -2   0   6 0.00    M    M  6.6 16 100   M    M   0        20 100
 4  88  67  78   5   0  13 0.00    M    M  8.8 16 160   M    M   1 3      21 130
 5  91  71  81   8   0  16    T    M    M  7.3 17 200   M    M   1 3      21 190
 6  94  73  84  10   0  19 0.00    M    M  8.4 22 350   M    M   1 8      28 350
 7  85  65  75   1   0  10 0.00    M    M 10.6 21 310   M    M   2 8      27 290
 8  84  58  71  -3   0   6 0.00    M    M  5.8 13 340   M    M   2        20 260
 9  86  63  75   1   0  10 0.03    M    M  6.5 20 200   M    M   3 3      25 180
10  87  69  78   4   0  13 0.00    M    M  6.7 14 360   M    M   4 18     21 360
11  87  62  75   1   0  10    T    M    M  6.6 17 150   M    M   1 8      21 160
12  85  67  76   2   0  11 0.01    M    M  5.2 13 280   M    M   2 3      31  10
13  70  61  66  -8   0   1 0.00    M    M  9.0 15 330   M    M  10 8      20 340
14  76  60  68  -6   0   3 0.00    M    M  4.2 10 170   M    M   6 8      13 210
15  96  61  79   5   0  14 0.00    M    M  8.5 18 340   M    M   0        23 310
16  87  67  77   3   0  12 0.00    M    M  6.8 13  60   M    M   2 8      16  70
17  93  67  80   6   0  15 1.61    M    M 12.5 25  50   M    M   2 13     33  50
18  81  66  74   0   0   9 0.14    M    M  7.2 15 150   M    M   3 1      20 150
19  83  60  72  -2   0   7 2.38    M    M  7.2 23 110   M    M   1 138    27 110
20  89  68  79   5   0  14 0.00    M    M  2.5  7 210   M    M   1 128    11 250
21  84  68  76   2   0  11 0.00    M    M  7.5 17 180   M    M   4 1      22 180
22  91  70  81   7   0  16 0.00    M    M  6.7 18 360   M    M   1        25 350
23  79  64  72  -1   0   7 0.00    M    M  8.5 16  50   M    M   5        21  30
24  80  60  70  -3   0   5 0.00    M    M  6.8 15 140   M    M   3 1      19 170
25   M   M   M   M   M   M 0.50    M    M 13.1 23 180   M    M   6 13     37 170
26  84  69  77   4   0  12 0.53    M    M  6.2 24 290   M    M   1 1      31 290
================================================================================
SM 2121 1618         0 251  5.20    M    194.0          M       67
================================================================================
AV 84.8 64.7                               7.5 FASTST   M    M   3    MAX(MPH)
                                 MISC ---->  # 25  50               # 37  170
================================================================================
NOTES:
# LAST OF SEVERAL OCCURRENCES

COLUMN 17 PEAK WIND IN M.P.H.

PRELIMINARY LOCAL CLIMATOLOGICAL DATA (WS FORM: F-6) , PAGE 2

                                          STATION:  MINNEAPOLIS FLYING CLOUD MN
                                          MONTH:    JULY
                                          YEAR:     2017
                                          LATITUDE:   44 49 N
                                          LONGITUDE:  93 27 W

[TEMPERATURE DATA]      [PRECIPITATION DATA]       SYMBOLS USED IN COLUMN 16

AVERAGE MONTHLY: 74.8   TOTAL FOR MONTH:   5.20    1 = FOG OR MIST
DPTR FM NORMAL:   1.1   DPTR FM NORMAL:    1.69    2 = FOG REDUCING VISIBILITY
HIGHEST:    96 ON 15    GRTST 24HR  2.38 ON 19-19      TO 1/4 MILE OR LESS
LOWEST:     58 ON  8                               3 = THUNDER
                        SNOW, ICE PELLETS, HAIL    4 = ICE PELLETS
                        TOTAL MONTH:    M          5 = HAIL
                        GRTST 24HR    M  ON   M    6 = FREEZING RAIN OR DRIZZLE
                        GRTST DEPTH:  M  ON   M    7 = DUSTSTORM OR SANDSTORM:
                                                       VSBY 1/2 MILE OR LESS
                                                   8 = SMOKE OR HAZE
[NO. OF DAYS WITH]      [WEATHER - DAYS WITH]      9 = BLOWING SNOW
                                                   X = TORNADO
MAX 32 OR BELOW:   0    0.01 INCH OR MORE:   7
MAX 90 OR ABOVE:   5    0.10 INCH OR MORE:   5
MIN 32 OR BELOW:   0    0.50 INCH OR MORE:   4
MIN  0 OR BELOW:   0    1.00 INCH OR MORE:   2

[HDD (BASE 65) ]
TOTAL THIS MO.     0    CLEAR  (SCALE 0-3)  19
DPTR FM NORMAL     0    PTCLDY (SCALE 4-7)   6
TOTAL FM JUL 1     0    CLOUDY (SCALE 8-10)  1
DPTR FM NORMAL     0

[CDD (BASE 65) ]
TOTAL THIS MO.   251
DPTR FM NORMAL    24    [PRESSURE DATA]
TOTAL FM JAN 1   473    HIGHEST SLP M ON M
DPTR FM NORMAL    46    LOWEST  SLP 29.61 ON  9

[REMARKS]
