000
CXUS53 KMPX 241000
CF6FCM
PRELIMINARY LOCAL CLIMATOLOGICAL DATA (WS FORM: F-6)

                                          STATION:   MINNEAPOLIS FLYING CLOUD MN
                                          MONTH:     JULY
                                          YEAR:      2014
                                          LATITUDE:   44 49 N
                                          LONGITUDE:  93 27 W

  TEMPERATURE IN F:       :PCPN:    SNOW:  WIND      :SUNSHINE: SKY     :PK WND
================================================================================
1   2   3   4   5  6A  6B    7    8   9   10  11  12  13   14  15   16   17  18
                                     12Z  AVG MX 2MIN
DY MAX MIN AVG DEP HDD CDD  WTR  SNW DPTH SPD SPD DIR MIN PSBL S-S WX    SPD DR
================================================================================

 1  75  56  66  -7   0   1 0.04    M    M 12.5 24 310   M    M   9 1      33 310
 2  75  55  65  -8   0   0 0.02    M    M  8.5 18 320   M    M   3 1      25 330
 3  78  59  69  -4   0   4 0.00    M    M  3.5 13 320   M    M   5 8      15 360
 4  81  54  68  -5   0   3    T    M    M  8.7 20 150   M    M   3        24 190
 5  84  66  75   2   0  10    T    M    M 12.7 21 190   M    M   1        29 180
 6  90  70  80   6   0  15 0.11    M    M  9.4 23 320   M    M   5 128    29 310
 7  87  63  75   1   0  10 0.82    M    M  6.7 35 290   M    M   3 13     51 280
 8  77  62  70  -4   0   5 0.00    M    M 12.5 24 300   M    M   3        31 300
 9  80  58  69  -5   0   4 0.00    M    M  3.9 10 210   M    M   1 8      15 200
10  84  60  72  -2   0   7    T    M    M  8.7 18 180   M    M   2 8      23 180
11  80  66  73  -1   0   8 1.34    M    M  9.6 26 180   M    M   8 13     33 180
12  76  66  71  -3   0   6 0.83    M    M  4.8 17 200   M    M   3 1238   24 200
13  78  60  69  -5   0   4 0.00    M    M  7.9 21 280   M    M   1 1      28 280
14  66  56  61 -13   4   0 0.04    M    M 13.0 25 310   M    M   8 1      32 310
15  73  55  64 -10   1   0 0.00    M    M  8.4 17 330   M    M   6        24 330
16  77  53  65  -9   0   0 0.00    M    M  2.1  9 350   M    M   2 8      14 330
17  79  57  68  -6   0   3 0.00    M    M  4.4 13 240   M    M   1        17 260
18  79  61  70  -4   0   5 0.00    M    M 10.3 22 170   M    M   5        28 170
19  79  66  73  -1   0   8 0.01    M    M  9.4 20 210   M    M   7        24 200
20  86  69  78   4   0  13 0.00    M    M 10.4 23 170   M    M   7        30 170
21  92  74  83   9   0  18 0.00    M    M 10.5 22 130   M    M   5        24 130
22  85  68  77   3   0  12 0.00    M    M 10.4 21 330   M    M   2 18     26 350
23  82  61  72  -1   0   7 0.00    M    M  5.4 13 330   M    M   0        15 320
================================================================================
SM 1843 1415         5 143  3.21    M    193.7          M       90
================================================================================
AV 80.1 61.5                               8.4 FASTST   M    M   4    MAX(MPH)
                                 MISC ---->  # 35 290               # 51  280
================================================================================
NOTES:
# LAST OF SEVERAL OCCURRENCES

COLUMN 17 PEAK WIND IN M.P.H.

PRELIMINARY LOCAL CLIMATOLOGICAL DATA (WS FORM: F-6) , PAGE 2

                                          STATION:  MINNEAPOLIS FLYING CLOUD MN
                                          MONTH:    JULY
                                          YEAR:     2014
                                          LATITUDE:   44 49 N
                                          LONGITUDE:  93 27 W

[TEMPERATURE DATA]      [PRECIPITATION DATA]       SYMBOLS USED IN COLUMN 16

AVERAGE MONTHLY: 70.8   TOTAL FOR MONTH:   3.21    1 = FOG OR MIST
DPTR FM NORMAL:  -2.9   DPTR FM NORMAL:    0.06    2 = FOG REDUCING VISIBILITY
HIGHEST:    92 ON 21    GRTST 24HR  1.34 ON 11-11      TO 1/4 MILE OR LESS
LOWEST:     53 ON 16                               3 = THUNDER
                        SNOW, ICE PELLETS, HAIL    4 = ICE PELLETS
                        TOTAL MONTH:    M          5 = HAIL
                        GRTST 24HR    M  ON   M    6 = FREEZING RAIN OR DRIZZLE
                        GRTST DEPTH:  M  ON   M    7 = DUSTSTORM OR SANDSTORM:
                                                       VSBY 1/2 MILE OR LESS
                                                   8 = SMOKE OR HAZE
[NO. OF DAYS WITH]      [WEATHER - DAYS WITH]      9 = BLOWING SNOW
                                                   X = TORNADO
MAX 32 OR BELOW:   0    0.01 INCH OR MORE:   8
MAX 90 OR ABOVE:   2    0.10 INCH OR MORE:   4
MIN 32 OR BELOW:   0    0.50 INCH OR MORE:   3
MIN  0 OR BELOW:   0    1.00 INCH OR MORE:   1

[HDD (BASE 65) ]
TOTAL THIS MO.     5    CLEAR  (SCALE 0-3)  11
DPTR FM NORMAL     5    PTCLDY (SCALE 4-7)  10
TOTAL FM JUL 1     5    CLOUDY (SCALE 8-10)  2
DPTR FM NORMAL     5

[CDD (BASE 65) ]
TOTAL THIS MO.   143
DPTR FM NORMAL   -60    [PRESSURE DATA]
TOTAL FM JAN 1   359    HIGHEST SLP M ON M
DPTR FM NORMAL   -44    LOWEST  SLP 29.51 ON  1

[REMARKS]
