000
CXUS54 KOUN 290700
CF6FDR
PRELIMINARY LOCAL CLIMATOLOGICAL DATA (WS FORM: F-6)

                                          STATION:   FREDERICK MUNICIPAL
                                          MONTH:     APRIL
                                          YEAR:      2016
                                          LATITUDE:   34 21 N
                                          LONGITUDE:  98 59 W

  TEMPERATURE IN F:       :PCPN:    SNOW:  WIND      :SUNSHINE: SKY     :PK WND
================================================================================
1   2   3   4   5  6A  6B    7    8   9   10  11  12  13   14  15   16   17  18
                                     12Z  AVG MX 2MIN
DY MAX MIN AVG DEP HDD CDD  WTR  SNW DPTH SPD SPD DIR MIN PSBL S-S WX    SPD DR
================================================================================

 1  62  40  51  -8  14   0 0.00  0.0    0  8.9 21  10   M    M   3        27  10
 2  72  35  54  -5  11   0 0.00  0.0    0  8.7 16 310   M    M   0        19 320
 3  79  40  60   1   5   0 0.00  0.0    0 11.7 26 220   M    M   0 8      34 220
 4  87  44  66   6   0   1 0.00  0.0    0  7.2 14  70   M    M   0        19  70
 5  88  49  69   9   0   4 0.00  0.0    0 16.4 32 190   M    M   0        40 210
 6  77  52  65   5   0   0 0.00  0.0    0 13.6 32 340   M    M   0        42 330
 7  81  41  61   1   4   0 0.00  0.0    0 10.6 25  20   M    M   0        33  20
 8  73  44  59  -2   6   0 0.00  0.0    0  8.1 15 110   M    M   0        23 150
 9  69  54  62   1   3   0    T  0.0    0 12.9 28 210   M    M   4        33 190
10   M   M   M   M   M   M    M    M    0   M   M   M   M    M   4 1       M  M
11  87  48  68   7   0   3    M  0.0    0 12.0 32 250   M    M   7 1      40 240
12  63  48  56  -6   9   0 0.09  0.0    0  7.3 15  50   M    M   8 1      18  40
13  67  52  60  -2   5   0 0.05  0.0    0  6.1 14 130   M    M   7 1      17 150
14  66  50  58  -4   7   0 0.00  0.0    0  6.5 15 110   M    M   6 12     19 100
15  75  52  64   2   1   0 0.00  0.0    0 14.1 25 120   M    M   3 12     31 110
16  69  57  63   0   2   0 5.16  0.0    0 15.7 33 300   M    M   8 1      40 310
17  67  57  62  -1   3   0 1.92  0.0    0  8.6 23  50   M    M  10 1      29 360
18   M   M   M   M   M   M 0.03    M    0  8.9 15 340   M    M   5 1       M  M
19  72  57  65   1   0   0 0.78  0.0    0  7.9 23 290   M    M   9 1      33 300
20  66  53  60  -4   5   0 0.29  0.0    0  6.7 21 140   M    M   6 1      26 140
21  76  53  65   1   0   0 0.00  0.0    0  6.6 16 330   M    M   1 1      22 350
22  79  53  66   2   0   1 0.00  0.0    0  5.3 14  10   M    M   0        16  10
23  81  54  68   3   0   3 0.00  0.0    0 10.8 22 150   M    M   0        29 160
24  81  59  70   5   0   5 0.00  0.0    0 15.0 26 170   M    M   1        35 190
25  89  61  75  10   0  10 0.00  0.0    0 12.2 21 210   M    M   0 1      25 200
26  83  58  71   5   0   6 0.40  0.0    0 11.4 43 240   M    M   4 1      52 230
27  77  52  65  -1   0   0    T  0.0    0  7.4 21 320   M    M   3 12     30 320
28  81  54  68   2   0   3 0.00  0.0    0 13.2 23 120   M    M   0        32 110
================================================================================
SM 1967 1317        75  36  8.72     0.0 273.8          M       89
================================================================================
AV 75.7 50.7                              10.1 FASTST   M    M   3    MAX(MPH)
                                 MISC ---->  # 43 240               # 52  230
================================================================================
NOTES:
# LAST OF SEVERAL OCCURRENCES

COLUMN 17 PEAK WIND IN M.P.H.

PRELIMINARY LOCAL CLIMATOLOGICAL DATA (WS FORM: F-6) , PAGE 2

                                          STATION:  FREDERICK MUNICIPAL
                                          MONTH:    APRIL
                                          YEAR:     2016
                                          LATITUDE:   34 21 N
                                          LONGITUDE:  98 59 W

[TEMPERATURE DATA]      [PRECIPITATION DATA]       SYMBOLS USED IN COLUMN 16

AVERAGE MONTHLY: 63.2   TOTAL FOR MONTH:   8.72    1 = FOG OR MIST
DPTR FM NORMAL:   0.8   DPTR FM NORMAL:    6.40    2 = FOG REDUCING VISIBILITY
HIGHEST:    89 ON 25    GRTST 24HR  7.06 ON 16-17      TO 1/4 MILE OR LESS
LOWEST:     35 ON  2                               3 = THUNDER
                        SNOW, ICE PELLETS, HAIL    4 = ICE PELLETS
                        TOTAL MONTH:   0.0 INCH    5 = HAIL
                        GRTST 24HR     0.0         6 = FREEZING RAIN OR DRIZZLE
                        GRTST DEPTH:   0           7 = DUSTSTORM OR SANDSTORM:
                                                       VSBY 1/2 MILE OR LESS
                                                   8 = SMOKE OR HAZE
[NO. OF DAYS WITH]      [WEATHER - DAYS WITH]      9 = BLOWING SNOW
                                                   X = TORNADO
MAX 32 OR BELOW:   0    0.01 INCH OR MORE:   8
MAX 90 OR ABOVE:   0    0.10 INCH OR MORE:   5
MIN 32 OR BELOW:   0    0.50 INCH OR MORE:   3
MIN  0 OR BELOW:   0    1.00 INCH OR MORE:   2

[HDD (BASE 65) ]
TOTAL THIS MO.    75    CLEAR  (SCALE 0-3)  16
DPTR FM NORMAL   -54    PTCLDY (SCALE 4-7)  10
TOTAL FM JUL 1  2203    CLOUDY (SCALE 8-10)  2
DPTR FM NORMAL  -822

[CDD (BASE 65) ]
TOTAL THIS MO.    36
DPTR FM NORMAL   -21    [PRESSURE DATA]
TOTAL FM JAN 1    51    HIGHEST SLP M ON M
DPTR FM NORMAL   -24    LOWEST  SLP 29.43 ON 26

[REMARKS]
