000
CXUS52 KFFC 301110
CF6FFC
PRELIMINARY LOCAL CLIMATOLOGICAL DATA (WS FORM: F-6)

                                          STATION:   PEACHTREE CITY
                                          MONTH:     AUGUST
                                          YEAR:      2014
                                          LATITUDE:   33 20 N
                                          LONGITUDE:  84 34 W

  TEMPERATURE IN F:       :PCPN:    SNOW:  WIND      :SUNSHINE: SKY     :PK WND
================================================================================
1   2   3   4   5  6A  6B    7    8   9   10  11  12  13   14  15   16   17  18
                                     12Z  AVG MX 2MIN
DY MAX MIN AVG DEP HDD CDD  WTR  SNW DPTH SPD SPD DIR MIN PSBL S-S WX    SPD DR
================================================================================

 1  81  68  75  -5   0  10    T  0.0    0  5.0 12 120   M    M   7 1      14 120
 2  84  67  76  -4   0  11    T  0.0    0  5.1 12  90   M    M   4        15  90
 3  90  69  80   0   0  15 0.00  0.0    M  2.9 13  20   M    M   3 1      19 360
 4  91  66  79  -1   0  14 0.00  0.0    0  2.0 12 360   M    M   1 1      15  40
 5  92  65  79   0   0  14 0.00  0.0    0  2.4 15 310   M    M   0 18     21 320
 6  93  63  78  -1   0  13 0.00  0.0    0  2.5 13 320   M    M   1 18     16 320
 7  96  67  82   3   0  17    T  0.0    M  3.6 13 240   M    M   1 138    19 200
 8  92  70  81   2   0  16 0.24  0.0    M  3.8 21 140   M    M   3 138    28 130
 9  91  70  81   2   0  16 0.08  0.0    M  1.5 12 190   M    M   5 138    17 200
10  86  72  79   0   0  14 0.94  0.0    M  2.3 12  80   M    M   6 138    16  30
11  83  72  78  -1   0  13 0.00  0.0    M  3.1  8 240   M    M   6 1      11 260
12  89  71  80   1   0  15 0.08  0.0    M  4.0 13 310   M    M   3 1238   17 310
13  85  63  74  -5   0   9 0.00    M    M  6.4 16 310   M    M   2 1      19 310
14  86  58  72  -7   0   7 0.00    M    M  1.8  8 280   M    M   0 1      12 310
15  88  60  74  -5   0   9 0.00    M    M  1.1 10 320   M    M   1 18     13 310
16  90  61  76  -3   0  11 0.00    M    M  1.9 14 330   M    M   1 18     15 330
17  91  63  77  -2   0  12 0.24  0.0    0  3.3 17 290   M    M   1 138    24 340
18  90  70  80   1   0  15 0.19  0.0    0  4.0 16 260   M    M   4 138    27 240
19  88  70  79   0   0  14    T  0.0    M  4.4 13 290   M    M   5 18     16 280
20  90  70  80   2   0  15 1.07  0.0    M  4.0 24  20   M    M   6 138    33  10
21  92  68  80   2   0  15 0.14  0.0    M  2.0 13 240   M    M   1 13     17 240
22  94  69  82   4   0  17 0.00    M    M  2.7 12 350   M    M   0 18     17 320
23  94  70  82   4   0  17 0.00  0.0    M  4.1 14 340   M    M   1 1      18 330
24  89  72  81   3   0  16 0.00  0.0    M  4.9 15  80   M    M   1 18     21  80
25  86  65  76  -2   0  11 0.00  0.0    M  5.9 14  10   M    M   2        22  40
26  87  59  73  -5   0   8 0.00  0.0    M  3.2 12 350   M    M   0 1      17 350
27  89  58  74  -4   0   9 0.00  0.0    M  1.9 13 360   M    M   0 1      16 330
28  93  60  77   0   0  12 0.00    M    M  1.0 10 220   M    M   0 1      18 130
29  94  60  77   0   0  12 0.00    M    M  1.1 12 130   M    M   1 1      16 130
================================================================================
SM 2594 1916         0 377  2.98     0.0  91.9          M       66
================================================================================
AV 89.4 66.1                               3.2 FASTST   M    M   2    MAX(MPH)
                                 MISC ---->  # 24  20               # 33   10
================================================================================
NOTES:
# LAST OF SEVERAL OCCURRENCES

COLUMN 17 PEAK WIND IN M.P.H.

PRELIMINARY LOCAL CLIMATOLOGICAL DATA (WS FORM: F-6) , PAGE 2

                                          STATION:  PEACHTREE CITY
                                          MONTH:    AUGUST
                                          YEAR:     2014
                                          LATITUDE:   33 20 N
                                          LONGITUDE:  84 34 W

[TEMPERATURE DATA]      [PRECIPITATION DATA]       SYMBOLS USED IN COLUMN 16

AVERAGE MONTHLY: 77.8   TOTAL FOR MONTH:   2.98    1 = FOG OR MIST
DPTR FM NORMAL:  -1.0   DPTR FM NORMAL:   -1.06    2 = FOG REDUCING VISIBILITY
HIGHEST:    96 ON  7    GRTST 24HR  1.07 ON 20-20      TO 1/4 MILE OR LESS
LOWEST:     58 ON 27,14                            3 = THUNDER
                        SNOW, ICE PELLETS, HAIL    4 = ICE PELLETS
                        TOTAL MONTH:   0.0 INCH    5 = HAIL
                        GRTST 24HR     0.0         6 = FREEZING RAIN OR DRIZZLE
                        GRTST DEPTH:   0           7 = DUSTSTORM OR SANDSTORM:
                                                       VSBY 1/2 MILE OR LESS
                                                   8 = SMOKE OR HAZE
[NO. OF DAYS WITH]      [WEATHER - DAYS WITH]      9 = BLOWING SNOW
                                                   X = TORNADO
MAX 32 OR BELOW:   0    0.01 INCH OR MORE:   8
MAX 90 OR ABOVE:  16    0.10 INCH OR MORE:   6
MIN 32 OR BELOW:   0    0.50 INCH OR MORE:   2
MIN  0 OR BELOW:   0    1.00 INCH OR MORE:   1

[HDD (BASE 65) ]
TOTAL THIS MO.     0    CLEAR  (SCALE 0-3)  20
DPTR FM NORMAL     0    PTCLDY (SCALE 4-7)   9
TOTAL FM JUL 1     0    CLOUDY (SCALE 8-10)  0
DPTR FM NORMAL     0

[CDD (BASE 65) ]
TOTAL THIS MO.   377
DPTR FM NORMAL   -17    [PRESSURE DATA]
TOTAL FM JAN 1  1362    HIGHEST SLP M ON M
DPTR FM NORMAL     8    LOWEST  SLP 29.80 ON 12

[REMARKS]
