000
CXUS52 KFFC 211110
CF6FFC
PRELIMINARY LOCAL CLIMATOLOGICAL DATA (WS FORM: F-6)

                                          STATION:   PEACHTREE CITY
                                          MONTH:     FEBRUARY
                                          YEAR:      2017
                                          LATITUDE:   33 20 N
                                          LONGITUDE:  84 34 W

  TEMPERATURE IN F:       :PCPN:    SNOW:  WIND      :SUNSHINE: SKY     :PK WND
================================================================================
1   2   3   4   5  6A  6B    7    8   9   10  11  12  13   14  15   16   17  18
                                     12Z  AVG MX 2MIN
DY MAX MIN AVG DEP HDD CDD  WTR  SNW DPTH SPD SPD DIR MIN PSBL S-S WX    SPD DR
================================================================================

 1  70  42  56  12   9   0 0.00  0.0    0  4.7 15 260   M    M   2        22 260
 2  69  39  54   9  11   0 0.01    M    0  4.3 14 290   M    M   4 1      18 290
 3  55  36  46   1  19   0 0.13    M    0  8.2 18 340   M    M   7 1      25 350
 4  51  28  40  -5  25   0 0.00  0.0    0  5.2 16 120   M    M   1        22 120
 5  52  31  42  -3  23   0 0.14    M    0  2.0 10 250   M    M   9 1      14 250
 6  72  46  59  14   6   0 0.00  0.0    0  2.9 10 250   M    M   6 1      15 230
 7  67  48  58  13   7   0 0.93    M    0  3.0 15 300   M    M   6 13     20 290
 8  68  53  61  16   4   0    T  0.0    0  1.9 12 250   M    M   8 123    20 250
 9  65  36  51   5  14   0 0.04  0.0    0 14.1 31 310   M    M   3 13     39 320
10  65  28  47   1  18   0 0.00  0.0    0  3.1 10 160   M    M   0        14 160
11  72  34  53   7  12   0    T  0.0    0  2.8 12 230   M    M   7        18 230
12  72  60  66  20   0   1 0.01  0.0    0  7.5 20 330   M    M   9 1      28 300
13  69  38  54   8  11   0 0.00  0.0    0  7.5 17 330   M    M   0        26 310
14  73  30  52   5  13   0 0.00  0.0    0  1.4 12 300   M    M   0        16 300
15  63  42  53   6  12   0 0.46  0.0    0  9.7 23 330   M    M   5 13     31 350
16  61  31  46  -1  19   0 0.00  0.0    0  5.7 17 320   M    M   0        21 320
17  69  29  49   2  16   0 0.00  0.0    0  2.3 13 270   M    M   0        17 280
18  63  44  54   7  11   0 0.08  0.0    0  1.7 13 140   M    M   6 1      16 190
19  70  45  58  10   7   0 0.00  0.0    0  3.1 16 330   M    M   4        23 340
20  75  38  57   9   8   0 0.00  0.0    0  1.6 12 120   M    M   0 1      16 130
================================================================================
SM 1321  778       245   1  1.80     0.0  92.7          M       77
================================================================================
AV 66.1 38.9                               4.6 FASTST   M    M   4    MAX(MPH)
                                 MISC ---->  # 31 310               # 39  320
================================================================================
NOTES:
# LAST OF SEVERAL OCCURRENCES

COLUMN 17 PEAK WIND IN M.P.H.

PRELIMINARY LOCAL CLIMATOLOGICAL DATA (WS FORM: F-6) , PAGE 2

                                          STATION:  PEACHTREE CITY
                                          MONTH:    FEBRUARY
                                          YEAR:     2017
                                          LATITUDE:   33 20 N
                                          LONGITUDE:  84 34 W

[TEMPERATURE DATA]      [PRECIPITATION DATA]       SYMBOLS USED IN COLUMN 16

AVERAGE MONTHLY: 52.5   TOTAL FOR MONTH:   1.80    1 = FOG OR MIST
DPTR FM NORMAL:   6.5   DPTR FM NORMAL:   -1.61    2 = FOG REDUCING VISIBILITY
HIGHEST:    75 ON 20    GRTST 24HR  0.93 ON  6- 7      TO 1/4 MILE OR LESS
LOWEST:     28 ON 10, 4                            3 = THUNDER
                        SNOW, ICE PELLETS, HAIL    4 = ICE PELLETS
                        TOTAL MONTH:   0.0 INCH    5 = HAIL
                        GRTST 24HR     0.0         6 = FREEZING RAIN OR DRIZZLE
                        GRTST DEPTH:   0           7 = DUSTSTORM OR SANDSTORM:
                                                       VSBY 1/2 MILE OR LESS
                                                   8 = SMOKE OR HAZE
[NO. OF DAYS WITH]      [WEATHER - DAYS WITH]      9 = BLOWING SNOW
                                                   X = TORNADO
MAX 32 OR BELOW:   0    0.01 INCH OR MORE:   8
MAX 90 OR ABOVE:   0    0.10 INCH OR MORE:   4
MIN 32 OR BELOW:   6    0.50 INCH OR MORE:   1
MIN  0 OR BELOW:   0    1.00 INCH OR MORE:   0

[HDD (BASE 65) ]
TOTAL THIS MO.   245    CLEAR  (SCALE 0-3)   8
DPTR FM NORMAL  -138    PTCLDY (SCALE 4-7)  10
TOTAL FM JUL 1  1577    CLOUDY (SCALE 8-10)  2
DPTR FM NORMAL  -675

[CDD (BASE 65) ]
TOTAL THIS MO.     1
DPTR FM NORMAL     1    [PRESSURE DATA]
TOTAL FM JAN 1     1    HIGHEST SLP M ON M
DPTR FM NORMAL     1    LOWEST  SLP 29.54 ON 15

[REMARKS]
