000
CXUS53 KLMK 170800
CF6FFT
PRELIMINARY LOCAL CLIMATOLOGICAL DATA (WS FORM: F-6)

                                          STATION:   FRANKFORT KY
                                          MONTH:     JANUARY
                                          YEAR:      2018
                                          LATITUDE:   38 10 N
                                          LONGITUDE:  84 54 W

  TEMPERATURE IN F:       :PCPN:    SNOW:  WIND      :SUNSHINE: SKY     :PK WND
================================================================================
1   2   3   4   5  6A  6B    7    8   9   10  11  12  13   14  15   16   17  18
                                     12Z  AVG MX 2MIN
DY MAX MIN AVG DEP HDD CDD  WTR  SNW DPTH SPD SPD DIR MIN PSBL S-S WX    SPD DR
================================================================================

 1  17   3  10 -22  55   0 0.00    M    M  5.9 13 320   M    M   2        22 290
 2  21  -3   9 -23  56   0 0.00    M    M  2.2  8 220   M    M   0        12 210
 3  31   1  16 -16  49   0 0.00    M    M  6.5 15 330   M    M   4        23 290
 4  23   9  16 -16  49   0    T    M    M  8.1 16 340   M    M   7        24 290
 5  19   2  11 -21  54   0 0.00    M    M  4.7 13 260   M    M   5        19 280
 6  23  -4  10 -22  55   0 0.00    M    M  1.5  7  80   M    M   0        10  60
 7  42   5  24  -8  41   0    T    M    M  6.9 15 160   M    M   3        21 180
 8  39  34  37   5  28   0 0.20    M    M  7.1 16 210   M    M  10 12     22 220
 9  49  36  43  11  22   0 0.00    M    M  3.0  9  90   M    M   8 128    13  80
10  65  40  53  21  12   0 0.00    M    M  8.7 26 190   M    M   9 1      37 200
11  66  52  59  27   6   0 0.10    M    M  9.4 18 160   M    M   9 18     26 160
12  60  24  42  10  23   0 0.45    M    M 12.0 28 350   M    M  10 1      45 330
13  24  10  17 -15  48   0    T    M    M  7.6 20 340   M    M   9        28 340
14  20   1  11 -21  54   0 0.00    M    M  3.2 12  90   M    M   3        17 100
15  35  17  26  -6  39   0    T    M    M  8.5 20 200   M    M  10 18     27 210
16  21   0  11 -21  54   0    T    M    M  5.9 12 310   M    M   7 8      20 290
================================================================================
SM  555  227       645   0  0.75    M    101.2          M       96
================================================================================
AV 34.7 14.2                               6.3 FASTST   M    M   6    MAX(MPH)
                                 MISC ---->  # 28 350               # 45  330
================================================================================
NOTES:
# LAST OF SEVERAL OCCURRENCES

COLUMN 17 PEAK WIND IN M.P.H.

PRELIMINARY LOCAL CLIMATOLOGICAL DATA (WS FORM: F-6) , PAGE 2

                                          STATION:  FRANKFORT KY
                                          MONTH:    JANUARY
                                          YEAR:     2018
                                          LATITUDE:   38 10 N
                                          LONGITUDE:  84 54 W

[TEMPERATURE DATA]      [PRECIPITATION DATA]       SYMBOLS USED IN COLUMN 16

AVERAGE MONTHLY: 24.4   TOTAL FOR MONTH:   0.75    1 = FOG OR MIST
DPTR FM NORMAL:  -7.6   DPTR FM NORMAL:   -1.09    2 = FOG REDUCING VISIBILITY
HIGHEST:    66 ON 11    GRTST 24HR  0.45 ON 12-12      TO 1/4 MILE OR LESS
LOWEST:     -4 ON  6                               3 = THUNDER
                        SNOW, ICE PELLETS, HAIL    4 = ICE PELLETS
                        TOTAL MONTH:    M          5 = HAIL
                        GRTST 24HR    M  ON   M    6 = FREEZING RAIN OR DRIZZLE
                        GRTST DEPTH:  M  ON   M    7 = DUSTSTORM OR SANDSTORM:
                                                       VSBY 1/2 MILE OR LESS
                                                   8 = SMOKE OR HAZE
[NO. OF DAYS WITH]      [WEATHER - DAYS WITH]      9 = BLOWING SNOW
                                                   X = TORNADO
MAX 32 OR BELOW:   9    0.01 INCH OR MORE:   3
MAX 90 OR ABOVE:   0    0.10 INCH OR MORE:   3
MIN 32 OR BELOW:  12    0.50 INCH OR MORE:   0
MIN  0 OR BELOW:   3    1.00 INCH OR MORE:   0

[HDD (BASE 65) ]
TOTAL THIS MO.   645    CLEAR  (SCALE 0-3)   4
DPTR FM NORMAL   117    PTCLDY (SCALE 4-7)   5
TOTAL FM JUL 1  2380    CLOUDY (SCALE 8-10)  7
DPTR FM NORMAL    20

[CDD (BASE 65) ]
TOTAL THIS MO.     0
DPTR FM NORMAL     0    [PRESSURE DATA]
TOTAL FM JAN 1     0    HIGHEST SLP M ON M
DPTR FM NORMAL     0    LOWEST  SLP 29.63 ON 12

[REMARKS]
