000
CXUS53 KLMK 220800
CF6FFT
PRELIMINARY LOCAL CLIMATOLOGICAL DATA (WS FORM: F-6)

                                          STATION:   FRANKFORT KY
                                          MONTH:     JANUARY
                                          YEAR:      2017
                                          LATITUDE:   38 10 N
                                          LONGITUDE:  84 54 W

  TEMPERATURE IN F:       :PCPN:    SNOW:  WIND      :SUNSHINE: SKY     :PK WND
================================================================================
1   2   3   4   5  6A  6B    7    8   9   10  11  12  13   14  15   16   17  18
                                     12Z  AVG MX 2MIN
DY MAX MIN AVG DEP HDD CDD  WTR  SNW DPTH SPD SPD DIR MIN PSBL S-S WX    SPD DR
================================================================================

 1  48  39  44  12  21   0 0.02    M    M  4.9 14  80   M    M  10 1      17  70
 2  60  46  53  21  12   0 0.02    M    M  2.9  9 170   M    M   9 128    14 140
 3  60  42  51  19  14   0 0.69    M    M  6.8 20 280   M    M  10 18     29 280
 4  42  24  33   1  32   0 0.00    M    M  9.3 18 290   M    M   3        25 300
 5  26  18  22 -10  43   0 0.03    M    M  4.5 13 340   M    M   9 18     17 330
 6  18  10  14 -18  51   0 0.00    M    M  6.0 13 320   M    M   5        16  10
 7  16   4  10 -22  55   0 0.00    M    M  5.3 13 320   M    M   0        19 330
 8  24   5  15 -17  50   0 0.00    M    M  3.8  8 130   M    M   2        13 180
 9  38  17  28  -4  37   0 0.00    M    M  9.0 18 210   M    M   3        23 200
10  54  36  45  13  20   0 0.15    M    M 16.6 35 190   M    M  10        48 180
11  64  36  50  18  15   0 0.54    M    M 11.2 26 210   M    M   6 1      35 210
12  69  41  55  23  10   0 0.24    M    M 16.4 29 220   M    M  10 1      46 220
13  41  36  39   7  26   0 0.18    M    M  7.8 13  50   M    M  10 1      19 170
14  43  38  41   9  24   0 0.38    M    M  3.2  8 340   M    M  10 12     11 330
15  41  37  39   7  26   0 0.15    M    M  4.6  9  70   M    M  10 128    10  60
16  59  41  50  18  15   0 0.05    M    M  4.6 10 160   M    M  10 1      14 150
17  66  46  56  24   9   0 0.57    M    M 11.1 22 230   M    M   8 1      30 230
18  46  34  40   8  25   0 0.00    M    M  4.4 13 270   M    M   9 8      20 270
19  57  34  46  14  19   0 0.36    M    M  4.9 12 140   M    M   5 1      15 140
20  64  50  57  25   8   0 0.21    M    M  9.9 21 220   M    M   7 1      26 220
21  66  49  58  25   7   0 0.00    M    M  5.1 14 190   M    M   3        18 190
================================================================================
SM 1002  683       519   0  3.59    M    152.3          M      149
================================================================================
AV 47.7 32.5                               7.3 FASTST   M    M   7    MAX(MPH)
                                 MISC ---->  # 35 190               # 48  180
================================================================================
NOTES:
# LAST OF SEVERAL OCCURRENCES

COLUMN 17 PEAK WIND IN M.P.H.

PRELIMINARY LOCAL CLIMATOLOGICAL DATA (WS FORM: F-6) , PAGE 2

                                          STATION:  FRANKFORT KY
                                          MONTH:    JANUARY
                                          YEAR:     2017
                                          LATITUDE:   38 10 N
                                          LONGITUDE:  84 54 W

[TEMPERATURE DATA]      [PRECIPITATION DATA]       SYMBOLS USED IN COLUMN 16

AVERAGE MONTHLY: 40.1   TOTAL FOR MONTH:   3.59    1 = FOG OR MIST
DPTR FM NORMAL:   8.1   DPTR FM NORMAL:    1.26    2 = FOG REDUCING VISIBILITY
HIGHEST:    69 ON 12    GRTST 24HR  0.69 ON  3- 3      TO 1/4 MILE OR LESS
LOWEST:      4 ON  7                               3 = THUNDER
                        SNOW, ICE PELLETS, HAIL    4 = ICE PELLETS
                        TOTAL MONTH:    M          5 = HAIL
                        GRTST 24HR    M  ON   M    6 = FREEZING RAIN OR DRIZZLE
                        GRTST DEPTH:  M  ON   M    7 = DUSTSTORM OR SANDSTORM:
                                                       VSBY 1/2 MILE OR LESS
                                                   8 = SMOKE OR HAZE
[NO. OF DAYS WITH]      [WEATHER - DAYS WITH]      9 = BLOWING SNOW
                                                   X = TORNADO
MAX 32 OR BELOW:   4    0.01 INCH OR MORE:  14
MAX 90 OR ABOVE:   0    0.10 INCH OR MORE:  10
MIN 32 OR BELOW:   6    0.50 INCH OR MORE:   3
MIN  0 OR BELOW:   0    1.00 INCH OR MORE:   0

[HDD (BASE 65) ]
TOTAL THIS MO.   519    CLEAR  (SCALE 0-3)   5
DPTR FM NORMAL  -172    PTCLDY (SCALE 4-7)   5
TOTAL FM JUL 1  2010    CLOUDY (SCALE 8-10) 11
DPTR FM NORMAL  -513

[CDD (BASE 65) ]
TOTAL THIS MO.     0
DPTR FM NORMAL     0    [PRESSURE DATA]
TOTAL FM JAN 1     0    HIGHEST SLP M ON M
DPTR FM NORMAL     0    LOWEST  SLP 29.62 ON 20

[REMARKS]
