000
CXUS53 KLMK 310800
CF6FFT
PRELIMINARY LOCAL CLIMATOLOGICAL DATA (WS FORM: F-6)

                                          STATION:   FRANKFORT KY
                                          MONTH:     JULY
                                          YEAR:      2014
                                          LATITUDE:   38 10 N
                                          LONGITUDE:  84 54 W

  TEMPERATURE IN F:       :PCPN:    SNOW:  WIND      :SUNSHINE: SKY     :PK WND
================================================================================
1   2   3   4   5  6A  6B    7    8   9   10  11  12  13   14  15   16   17  18
                                     12Z  AVG MX 2MIN
DY MAX MIN AVG DEP HDD CDD  WTR  SNW DPTH SPD SPD DIR MIN PSBL S-S WX    SPD DR
================================================================================

 1  90  69  80   4   0  15 0.66    M    M  9.5 30 240   M    M   4 13     45 230
 2  85  67  76   0   0  11    T    M    M  5.2 20 310   M    M   5 1      28 310
 3  75  59  67  -9   0   2 0.00    M    M  5.5 13 340   M    M   6        18 310
 4  80  52  66 -10   0   1 0.00    M    M  4.2 13  10   M    M   0        17  30
 5  83  52  68  -8   0   3 0.00    M    M  3.7 12 110   M    M   0        18 130
 6  85  59  72  -4   0   7 0.00    M    M  6.6 22 230   M    M   2        28 230
 7  88  66  77   1   0  12    T    M    M 11.0 23 210   M    M   3 3      29 230
 8  87  69  78   2   0  13 0.00    M    M 10.0 23 230   M    M   3        30 240
 9  85  65  75  -1   0  10 0.00    M    M  4.6 14 310   M    M   3 12     20 330
10  86  61  74  -2   0   9 0.00    M    M  3.3 13 320   M    M   2        18 290
11  88  60  74  -2   0   9 0.00    M    M  1.9  9 280   M    M   1        12 260
12  87  61  74  -2   0   9 0.00    M    M  2.3 10 260   M    M   2 1      17 280
13  94  70  82   6   0  17 0.13    M    M  8.9 22 220   M    M   2 13     27 210
14  84  67  76   0   0  11 0.18    M    M  6.6 18 320   M    M   6 13     26 330
15  76  56  66 -10   0   1 0.00    M    M  6.6 16 320   M    M   4        22 270
16  77  52  65 -11   0   0 0.00    M    M  3.7 12 320   M    M   4        14 340
17  78  51  65 -11   0   0 0.00    M    M  3.3 10 340   M    M   2        13 330
18  71  56  64 -12   1   0 0.28    M    M  3.8 10 140   M    M   6 18     13 150
19  74  63  69  -7   0   4 0.01    M    M  3.5  8  40   M    M  10 1      11  50
20  84  67  76   0   0  11 0.09    M    M  3.4  9 330   M    M   7 1      13 330
21  90  63  77   1   0  12 0.00    M    M  2.3  8 330   M    M   4 12     11 340
22  91  66  79   3   0  14 0.00    M    M  2.7 10 220   M    M   1 1      14 260
23  87  70  79   3   0  14 0.14    M    M  3.5 16 230   M    M   4 138    20 230
24  79  60  70  -6   0   5 0.00    M    M  7.3 14  50   M    M   7        20 360
25  82  53  68  -8   0   3 0.00    M    M  2.9  9 240   M    M   1        12 350
26  88  63  76   0   0  11 0.13    M    M  7.4 24 270   M    M   2 3      38 260
27  87  69  78   2   0  13 1.41    M    M  9.4 26 230   M    M   6 123    35 230
28  73  58  66 -10   0   1 0.00    M    M  6.4 16 340   M    M   4        20 330
29  75  50  63 -13   2   0 0.00    M    M  4.7 12 330   M    M   2        16 320
30  80  56  68  -8   0   3 0.00    M    M  3.9 14 230   M    M   2        17 230
================================================================================
SM 2489 1830         3 221  3.03    M    158.1          M      105
================================================================================
AV 83.0 61.0                               5.3 FASTST   M    M   4    MAX(MPH)
                                 MISC ---->  # 30 240               # 45  230
================================================================================
NOTES:
# LAST OF SEVERAL OCCURRENCES

COLUMN 17 PEAK WIND IN M.P.H.

PRELIMINARY LOCAL CLIMATOLOGICAL DATA (WS FORM: F-6) , PAGE 2

                                          STATION:  FRANKFORT KY
                                          MONTH:    JULY
                                          YEAR:     2014
                                          LATITUDE:   38 10 N
                                          LONGITUDE:  84 54 W

[TEMPERATURE DATA]      [PRECIPITATION DATA]       SYMBOLS USED IN COLUMN 16

AVERAGE MONTHLY: 72.0   TOTAL FOR MONTH:   3.03    1 = FOG OR MIST
DPTR FM NORMAL:  -4.0   DPTR FM NORMAL:   -1.24    2 = FOG REDUCING VISIBILITY
HIGHEST:    94 ON 13    GRTST 24HR  1.54 ON 26-27      TO 1/4 MILE OR LESS
LOWEST:     50 ON 29                               3 = THUNDER
                        SNOW, ICE PELLETS, HAIL    4 = ICE PELLETS
                        TOTAL MONTH:    M          5 = HAIL
                        GRTST 24HR    M  ON   M    6 = FREEZING RAIN OR DRIZZLE
                        GRTST DEPTH:  M  ON   M    7 = DUSTSTORM OR SANDSTORM:
                                                       VSBY 1/2 MILE OR LESS
                                                   8 = SMOKE OR HAZE
[NO. OF DAYS WITH]      [WEATHER - DAYS WITH]      9 = BLOWING SNOW
                                                   X = TORNADO
MAX 32 OR BELOW:   0    0.01 INCH OR MORE:   9
MAX 90 OR ABOVE:   4    0.10 INCH OR MORE:   7
MIN 32 OR BELOW:   0    0.50 INCH OR MORE:   2
MIN  0 OR BELOW:   0    1.00 INCH OR MORE:   1

[HDD (BASE 65) ]
TOTAL THIS MO.     3    CLEAR  (SCALE 0-3)  16
DPTR FM NORMAL     3    PTCLDY (SCALE 4-7)  13
TOTAL FM JUL 1     3    CLOUDY (SCALE 8-10)  1
DPTR FM NORMAL     3

[CDD (BASE 65) ]
TOTAL THIS MO.   221
DPTR FM NORMAL  -109    [PRESSURE DATA]
TOTAL FM JAN 1   608    HIGHEST SLP M ON M
DPTR FM NORMAL   -57    LOWEST  SLP 29.72 ON 27

[REMARKS]
