000
CXUS53 KLMK 220800
CF6FFT
PRELIMINARY LOCAL CLIMATOLOGICAL DATA (WS FORM: F-6)

                                          STATION:   FRANKFORT KY
                                          MONTH:     MARCH
                                          YEAR:      2017
                                          LATITUDE:   38 10 N
                                          LONGITUDE:  84 54 W

  TEMPERATURE IN F:       :PCPN:    SNOW:  WIND      :SUNSHINE: SKY     :PK WND
================================================================================
1   2   3   4   5  6A  6B    7    8   9   10  11  12  13   14  15   16   17  18
                                     12Z  AVG MX 2MIN
DY MAX MIN AVG DEP HDD CDD  WTR  SNW DPTH SPD SPD DIR MIN PSBL S-S WX    SPD DR
================================================================================

 1  68  43  56  16   9   0 1.94    M    M 15.9 32 200   M    M   7 13     42 190
 2  49  32  41   1  24   0 0.00    M    M  9.2 20 300   M    M   4        30 320
 3  41  26  34  -7  31   0 0.00    M    M  6.1 17 330   M    M   3        22 290
 4  54  25  40  -1  25   0 0.00    M    M  7.0 15  80   M    M   2        20  70
 5  69  29  49   8  16   0 0.00    M    M  9.1 22 220   M    M   2        28 230
 6  65  50  58  16   7   0 0.11    M    M  9.6 20 180   M    M  10 8      29 170
 7  64  39  52  10  13   0 0.37    M    M 12.9 26 190   M    M   6 1      36 180
 8  63  37  50   8  15   0 0.00    M    M  9.4 22 270   M    M   0        33 270
 9  72  39  56  14   9   0 0.00    M    M 10.1 24 230   M    M   0        32  10
10  56  34  45   2  20   0 0.00    M    M 10.4 22 340   M    M   4 8      27 340
11  40  27  34  -9  31   0 0.00    M    M  6.4 13  10   M    M   2        17  10
12  43  21  32 -12  33   0 0.00    M    M  4.1 12  80   M    M   0        15  90
13  53  27  40  -4  25   0 0.04    M    M  8.0 15 310   M    M   4 18     21 310
14  36  23  30 -14  35   0    T    M    M 12.4 24 330   M    M   7 18     30 340
15  36  18  27 -17  38   0 0.00    M    M  8.1 17 280   M    M   3        26 270
16  45  15  30 -15  35   0 0.00    M    M  2.2 12 230   M    M   0        17 230
17  51  25  38  -7  27   0 0.08    M    M  8.0 20 200   M    M   9 18     25 200
18  51  38  45  -1  20   0 0.00    M    M  9.1 22 320   M    M   9 128    30 310
19  51  28  40  -6  25   0 0.00    M    M  2.1  9 350   M    M   4        13  30
20  69  31  50   4  15   0 0.01    M    M  7.3 22 190   M    M   4        27 190
21  64  49  57  10   8   0 0.00    M    M  6.1 16  10   M    M   5 8      22  10
================================================================================
SM 1140  656       461   0  2.55    M    173.5          M       85
================================================================================
AV 54.3 31.2                               8.3 FASTST   M    M   4    MAX(MPH)
                                 MISC ---->  # 32 200               # 42  190
================================================================================
NOTES:
# LAST OF SEVERAL OCCURRENCES

COLUMN 17 PEAK WIND IN M.P.H.

PRELIMINARY LOCAL CLIMATOLOGICAL DATA (WS FORM: F-6) , PAGE 2

                                          STATION:  FRANKFORT KY
                                          MONTH:    MARCH
                                          YEAR:     2017
                                          LATITUDE:   38 10 N
                                          LONGITUDE:  84 54 W

[TEMPERATURE DATA]      [PRECIPITATION DATA]       SYMBOLS USED IN COLUMN 16

AVERAGE MONTHLY: 42.8   TOTAL FOR MONTH:   2.55    1 = FOG OR MIST
DPTR FM NORMAL:  -0.5   DPTR FM NORMAL:   -0.34    2 = FOG REDUCING VISIBILITY
HIGHEST:    72 ON  9    GRTST 24HR  1.94 ON  1- 1      TO 1/4 MILE OR LESS
LOWEST:     15 ON 16                               3 = THUNDER
                        SNOW, ICE PELLETS, HAIL    4 = ICE PELLETS
                        TOTAL MONTH:    M          5 = HAIL
                        GRTST 24HR    M  ON   M    6 = FREEZING RAIN OR DRIZZLE
                        GRTST DEPTH:  M  ON   M    7 = DUSTSTORM OR SANDSTORM:
                                                       VSBY 1/2 MILE OR LESS
                                                   8 = SMOKE OR HAZE
[NO. OF DAYS WITH]      [WEATHER - DAYS WITH]      9 = BLOWING SNOW
                                                   X = TORNADO
MAX 32 OR BELOW:   0    0.01 INCH OR MORE:   6
MAX 90 OR ABOVE:   0    0.10 INCH OR MORE:   3
MIN 32 OR BELOW:  13    0.50 INCH OR MORE:   1
MIN  0 OR BELOW:   0    1.00 INCH OR MORE:   1

[HDD (BASE 65) ]
TOTAL THIS MO.   461    CLEAR  (SCALE 0-3)   8
DPTR FM NORMAL     1    PTCLDY (SCALE 4-7)  10
TOTAL FM JUL 1  3231    CLOUDY (SCALE 8-10)  3
DPTR FM NORMAL  -868

[CDD (BASE 65) ]
TOTAL THIS MO.     0
DPTR FM NORMAL     0    [PRESSURE DATA]
TOTAL FM JAN 1     3    HIGHEST SLP M ON M
DPTR FM NORMAL     3    LOWEST  SLP 29.59 ON  1

[REMARKS]
