000
CXUS53 KFGF 280915
CF6FGF
PRELIMINARY LOCAL CLIMATOLOGICAL DATA (WS FORM: F-6)

                                          STATION:   GRAND FORKS UNIV. (NWS) ND
                                          MONTH:     JULY
                                          YEAR:      2017
                                          LATITUDE:   47 55 N
                                          LONGITUDE:  97  6 W

  TEMPERATURE IN F:       :PCPN:    SNOW:  WIND      :SUNSHINE: SKY     :PK WND
================================================================================
1   2   3   4   5  6A  6B    7    8   9   10  11  12  13   14  15   16   17  18
                                     12Z  AVG MX 2MIN
DY MAX MIN AVG DEP HDD CDD  WTR  SNW DPTH SPD SPD DIR MIN PSBL S-S WX    SPD DR
================================================================================

 1  72  54  63  -6   2   0 0.09  0.0    0   M   M   M   M    M   M         M  M
 2  73  49  61  -8   4   0 0.00  0.0    0   M   M   M   M    M   M         M  M
 3  80  57  69   0   0   4 0.01  0.0    0   M   M   M   M    M   M         M  M
 4  91  63  77   8   0  12 0.10    T    0   M   M   M   M    M   M 3       M  M
 5  88  65  77   8   0  12 0.00  0.0    0   M   M   M   M    M   M         M  M
 6  83  65  74   5   0   9 0.00  0.0    0   M   M   M   M    M   M         M  M
 7  80  58  69   0   0   4 0.00  0.0    0   M   M   M   M    M   M         M  M
 8  87  58  73   4   0   8 0.00  0.0    0   M   M   M   M    M   M         M  M
 9  83  66  75   5   0  10 0.05  0.0    0   M   M   M   M    M   M 3       M  M
10  83  58  71   1   0   6 0.00  0.0    0   M   M   M   M    M   M         M  M
11  87  64  76   6   0  11 0.26  0.0    0   M   M   M   M    M   M         M  M
12  69  56  63  -7   2   0 0.09  0.0    0   M   M   M   M    M   M         M  M
13  74  54  64  -6   1   0 0.00  0.0    0   M   M   M   M    M   M         M  M
14  82  53  68  -2   0   3 0.04  0.0    0   M   M   M   M    M   M         M  M
15  80  58  69  -1   0   4 0.00  0.0    0   M   M   M   M    M   M         M  M
16  83  52  68  -2   0   3 0.00  0.0    0   M   M   M   M    M   M         M  M
17  88  66  77   7   0  12 0.25  0.0    0   M   M   M   M    M   M 3       M  M
18  82  60  71   1   0   6 0.00  0.0    0   M   M   M   M    M   M         M  M
19  85  58  72   2   0   7 0.00  0.0    0   M   M   M   M    M   M         M  M
20  84  61  73   3   0   8 0.00  0.0    0   M   M   M   M    M   M         M  M
21  86  69  78   8   0  13 0.45  0.0    0   M   M   M   M    M   M         M  M
22  82  62  72   2   0   7 0.02  0.0    0   M   M   M   M    M   M         M  M
23  80  61  71   1   0   6 0.00  0.0    0   M   M   M   M    M   M         M  M
24  82  61  72   2   0   7 0.00  0.0    0   M   M   M   M    M   M         M  M
25  88  64  76   6   0  11    T  0.0    0   M   M   M   M    M   M         M  M
26  82  62  72   2   0   7 0.00  0.0    0   M   M   M   M    M   M         M  M
27  85  57  71   1   0   6 0.00  0.0    0   M   M   M   M    M   M         M  M
================================================================================
SM 2219 1611         9 176  1.36    T        M          M        M
================================================================================
AV 82.2 59.7                                 M FASTST   M    M   2    MAX(MPH)
                                 MISC ---->     M   M                  M    M
================================================================================
NOTES:
# LAST OF SEVERAL OCCURRENCES

COLUMN 17 PEAK WIND IN M.P.H.

PRELIMINARY LOCAL CLIMATOLOGICAL DATA (WS FORM: F-6) , PAGE 2

                                          STATION:  GRAND FORKS UNIV. (NWS) ND
                                          MONTH:    JULY
                                          YEAR:     2017
                                          LATITUDE:   47 55 N
                                          LONGITUDE:  97  6 W

[TEMPERATURE DATA]      [PRECIPITATION DATA]       SYMBOLS USED IN COLUMN 16

AVERAGE MONTHLY: 70.9   TOTAL FOR MONTH:   1.36    1 = FOG OR MIST
DPTR FM NORMAL:   1.2   DPTR FM NORMAL:   -1.44    2 = FOG REDUCING VISIBILITY
HIGHEST:    91 ON  4    GRTST 24HR  0.45 ON 21-21      TO 1/4 MILE OR LESS
LOWEST:     49 ON  2                               3 = THUNDER
                        SNOW, ICE PELLETS, HAIL    4 = ICE PELLETS
                        TOTAL MONTH:    T          5 = HAIL
                        GRTST 24HR    T  ON  4- 4  6 = FREEZING RAIN OR DRIZZLE
                        GRTST DEPTH:   0           7 = DUSTSTORM OR SANDSTORM:
                                                       VSBY 1/2 MILE OR LESS
                                                   8 = SMOKE OR HAZE
[NO. OF DAYS WITH]      [WEATHER - DAYS WITH]      9 = BLOWING SNOW
                                                   X = TORNADO
MAX 32 OR BELOW:   0    0.01 INCH OR MORE:  10
MAX 90 OR ABOVE:   1    0.10 INCH OR MORE:   4
MIN 32 OR BELOW:   0    0.50 INCH OR MORE:   0
MIN  0 OR BELOW:   0    1.00 INCH OR MORE:   0

[HDD (BASE 65) ]
TOTAL THIS MO.     9    CLEAR  (SCALE 0-3)   0
DPTR FM NORMAL   -10    PTCLDY (SCALE 4-7)   0
TOTAL FM JUL 1     9    CLOUDY (SCALE 8-10)  0
DPTR FM NORMAL   -10

[CDD (BASE 65) ]
TOTAL THIS MO.   176
DPTR FM NORMAL    24    [PRESSURE DATA]
TOTAL FM JAN 1   269    HIGHEST SLP M ON M
DPTR FM NORMAL     0    LOWEST  SLP M ON M

[REMARKS]
