000
CXUS56 KFGZ 300900
CF6FLG
PRELIMINARY LOCAL CLIMATOLOGICAL DATA (WS FORM: F-6)

                                          STATION:   FLAGSTAFF AZ AIRPORT
                                          MONTH:     JUNE
                                          YEAR:      2015
                                          LATITUDE:   35  7 N
                                          LONGITUDE: 111 40 W

  TEMPERATURE IN F:       :PCPN:    SNOW:  WIND      :SUNSHINE: SKY     :PK WND
================================================================================
1   2   3   4   5  6A  6B    7    8   9   10  11  12  13   14  15   16   17  18
                                     12Z  AVG MX 2MIN
DY MAX MIN AVG DEP HDD CDD  WTR  SNW DPTH SPD SPD DIR MIN PSBL S-S WX    SPD DR
================================================================================

 1  77  42  60   4   5   0 0.00  0.0    0 10.2 29 210   M    M   0        36 210
 2  75  40  58   2   7   0 0.00  0.0    0 10.3 28 210   M    M   0        36 220
 3  73  31  52  -4  13   0 0.00  0.0    0  9.9 31 210   M    M   0        43 210
 4  73  30  52  -4  13   0 0.00  0.0    0 10.0 31 210   M    M   1        38 170
 5  65  48  57   0   8   0 1.00  0.0    0  8.7 23 210   M    M   8 1      31 210
 6  65  40  53  -4  12   0 0.07  0.0    0  8.4 28 220   M    M   5 128    42 220
 7  73  33  53  -4  12   0 0.00  0.0    0  3.7 17 210   M    M   0        23 200
 8  79  37  58   0   7   0 0.00  0.0    0  3.2 20 220   M    M   1        26 220
 9  68  55  62   4   3   0 0.01  0.0    0  3.9 15 220   M    M   9 1      18 230
10  70  55  63   5   2   0 0.04  0.0    0  9.8 23 230   M    M   8 1      29 220
11  73  47  60   2   5   0 0.00  0.0    0  5.2 18 230   M    M   3        27 220
12  73  41  57  -2   8   0 0.00  0.0    0  2.8 15  70   M    M   5        18  70
13  75  47  61   2   4   0 0.02  0.0    0  3.3 16 200   M    M   5 3      23  60
14  78  42  60   1   5   0    T  0.0    0  2.6 16  20   M    M   2        21  30
15  83  44  64   4   1   0 0.00  0.0    0  3.4 18  30   M    M   0 3      21  30
16  84  49  67   7   0   2 0.00  0.0    0  5.2 21 220   M    M   0        33 220
17  86  50  68   8   0   3 0.00  0.0    0  6.6 16 230   M    M   0        21 260
18  86  50  68   7   0   3 0.00  0.0    0  6.4 20 220   M    M   0        28 210
19  85  45  65   4   0   0 0.00  0.0    0  8.0 22 220   M    M   0        28 180
20  88  44  66   5   0   1 0.00  0.0    0  6.1 23 220   M    M   0        29 190
21  85  46  66   4   0   1 0.00  0.0    0  7.3 22 210   M    M   0        27 210
22  86  48  67   5   0   2 0.00  0.0    0  5.7 18 220   M    M   0        31 220
23  86  52  69   7   0   4 0.00  0.0    0  4.6 17 220   M    M   1        22 220
24  86  50  68   6   0   3 0.00  0.0    0  4.9 18  40   M    M   1 8      30 340
25  87  53  70   7   0   5 0.00  0.0    0  2.8 14  30   M    M   0        19  40
26  92  50  71   8   0   6 0.00  0.0    0  3.6 21  70   M    M   0        29  60
27  86  53  70   7   0   5 0.09  0.0    0  5.7 24 210   M    M   1 3      31 210
28  82  53  68   4   0   3 0.06  0.0    0  5.9 18  20   M    M   2 13     27  20
29  85  54  70   6   0   5 0.41  0.0    0  3.9 24  20   M    M   3 3      38 360
================================================================================
SM 2304 1329       105  43  1.70     0.0 172.1          M       55
================================================================================
AV 79.4 45.8                               5.9 FASTST   M    M   2    MAX(MPH)
                                 MISC ---->  # 31 210               # 43  210
================================================================================
NOTES:
# LAST OF SEVERAL OCCURRENCES

COLUMN 17 PEAK WIND IN M.P.H.

PRELIMINARY LOCAL CLIMATOLOGICAL DATA (WS FORM: F-6) , PAGE 2

                                          STATION:  FLAGSTAFF AZ AIRPORT
                                          MONTH:    JUNE
                                          YEAR:     2015
                                          LATITUDE:   35  7 N
                                          LONGITUDE: 111 40 W

[TEMPERATURE DATA]      [PRECIPITATION DATA]       SYMBOLS USED IN COLUMN 16

AVERAGE MONTHLY: 62.6   TOTAL FOR MONTH:   1.70    1 = FOG OR MIST
DPTR FM NORMAL:   2.9   DPTR FM NORMAL:    1.36    2 = FOG REDUCING VISIBILITY
HIGHEST:    92 ON 26    GRTST 24HR  1.07 ON  5- 6      TO 1/4 MILE OR LESS
LOWEST:     30 ON  4                               3 = THUNDER
                        SNOW, ICE PELLETS, HAIL    4 = ICE PELLETS
                        TOTAL MONTH:   0.0 INCH    5 = HAIL
                        GRTST 24HR     0.0         6 = FREEZING RAIN OR DRIZZLE
                        GRTST DEPTH:   0           7 = DUSTSTORM OR SANDSTORM:
                                                       VSBY 1/2 MILE OR LESS
                                                   8 = SMOKE OR HAZE
[NO. OF DAYS WITH]      [WEATHER - DAYS WITH]      9 = BLOWING SNOW
                                                   X = TORNADO
MAX 32 OR BELOW:   0    0.01 INCH OR MORE:   8
MAX 90 OR ABOVE:   1    0.10 INCH OR MORE:   2
MIN 32 OR BELOW:   2    0.50 INCH OR MORE:   1
MIN  0 OR BELOW:   0    1.00 INCH OR MORE:   1

[HDD (BASE 65) ]
TOTAL THIS MO.   105    CLEAR  (SCALE 0-3)  23
DPTR FM NORMAL   -63    PTCLDY (SCALE 4-7)   5
TOTAL FM JUL 1  6039    CLOUDY (SCALE 8-10)  1
DPTR FM NORMAL  -902

[CDD (BASE 65) ]
TOTAL THIS MO.    43
DPTR FM NORMAL    31    [PRESSURE DATA]
TOTAL FM JAN 1    43    HIGHEST SLP M ON M
DPTR FM NORMAL    31    LOWEST  SLP 29.78 ON M

[REMARKS]
