000
CXUS52 KMFL 011000
CF6FLL
PRELIMINARY LOCAL CLIMATOLOGICAL DATA (WS FORM: F-6)

                                          STATION:   FORT LAUDERDALE
                                          MONTH:     JUNE
                                          YEAR:      2015
                                          LATITUDE:   26  4 N
                                          LONGITUDE:  80  9 W

  TEMPERATURE IN F:       :PCPN:    SNOW:  WIND      :SUNSHINE: SKY     :PK WND
================================================================================
1   2   3   4   5  6A  6B    7    8   9   10  11  12  13   14  15   16   17  18
                                     12Z  AVG MX 2MIN
DY MAX MIN AVG DEP HDD CDD  WTR  SNW DPTH SPD SPD DIR MIN PSBL S-S WX    SPD DR
================================================================================

 1  87  77  82   0   0  17 0.00  0.0    0  8.5 17 140   M    M   6        23 110
 2  85  71  78  -4   0  13 0.33  0.0    0  7.4 23 150   M    M   9 1      29 170
 3  83  73  78  -4   0  13 0.03  0.0    0  7.8 16 100   M    M   8        22 100
 4  87  76  82  -1   0  17    T  0.0    0  5.7 16 100   M    M   7 8      20 100
 5  85  76  81  -2   0  16 0.00  0.0    0  7.8 17  60   M    M   7        22  70
 6  86  75  81  -2   0  16 0.01  0.0    0  6.0 16 230   M    M   7 38     19  90
 7  87  72  80  -3   0  15 0.00  0.0    0  7.3 21  90   M    M   5        24  90
 8  87  78  83   0   0  18 0.00  0.0    0  9.5 18 120   M    M   5 18     23  90
 9  88  77  83   0   0  18    T  0.0    0  5.5 18 130   M    M   5 3      21 140
10  86  73  80  -3   0  15 0.27  0.0    0  7.2 25 210   M    M   7 13     38 210
11  88  73  81  -2   0  16 0.22  0.0    0 10.7 18 110   M    M   7 13     24 120
12  89  82  86   3   0  21 0.00  0.0    0 13.8 22 130   M    M   7        29 120
13  88  81  85   2   0  20 0.00  0.0    0 15.6 20  90   M    M   7        27 100
14  88  81  85   2   0  20 0.01  0.0    0 14.2 22 140   M    M   7 1      26 150
15  88  80  84   1   0  19    T  0.0    0 13.3 20 110   M    M   6        24 120
16  88  79  84   1   0  19 0.00  0.0    0  9.5 13 110   M    M   3        21 100
17  89  80  85   2   0  20 0.00  0.0    0 10.7 17 120   M    M   3        28 120
18  90  82  86   3   0  21 0.00  0.0    0 10.0 17 110   M    M   3        20 140
19  90  80  85   2   0  20 0.01  0.0    0  8.4 15 140   M    M   3        20 150
20  90  79  85   2   0  20    T  0.0    0  8.4 15 130   M    M   5        20 100
21  91  80  86   3   0  21 0.00  0.0    0  8.5 17 110   M    M   4        22 100
22  90  82  86   3   0  21 0.00  0.0    0  9.0 17 110   M    M   5        22 100
23  90  82  86   3   0  21 0.00  0.0    0 11.5 20 150   M    M   5        25 150
24  91  82  87   4   0  22 0.00  0.0    0 11.0 17 130   M    M   6        23 130
25  91  80  86   3   0  21 0.00  0.0    0  7.9 21 130   M    M   8 8      26 130
26  91  78  85   2   0  20 0.02  0.0    0  6.9 18 140   M    M   7 3      22 140
27  90  80  85   1   0  20    T  0.0    0  5.6 20 140   M    M   6 3      24 270
28  91  81  86   2   0  21 0.06  0.0    0  6.0 16 140   M    M   6 13     21 150
29  93  75  84   0   0  19 0.13  0.0    0  5.4 23 250   M    M   7 3      32 250
30  95  78  87   3   0  22 0.00  0.0    0  8.4 21  30   M    M   8        28  30
================================================================================
SM 2662 2343         0 562  1.09     0.0 267.5          M      179
================================================================================
AV 88.7 78.1                               8.9 FASTST   M    M   6    MAX(MPH)
                                 MISC ---->  # 25 210               # 38  210
================================================================================
NOTES:
# LAST OF SEVERAL OCCURRENCES

COLUMN 17 PEAK WIND IN M.P.H.

PRELIMINARY LOCAL CLIMATOLOGICAL DATA (WS FORM: F-6) , PAGE 2

                                          STATION:  FORT LAUDERDALE
                                          MONTH:    JUNE
                                          YEAR:     2015
                                          LATITUDE:   26  4 N
                                          LONGITUDE:  80  9 W

[TEMPERATURE DATA]      [PRECIPITATION DATA]       SYMBOLS USED IN COLUMN 16

AVERAGE MONTHLY: 83.4   TOTAL FOR MONTH:   1.09    1 = FOG OR MIST
DPTR FM NORMAL:   0.3   DPTR FM NORMAL:   -9.07    2 = FOG REDUCING VISIBILITY
HIGHEST:    95 ON 30    GRTST 24HR  0.49 ON 10-11      TO 1/4 MILE OR LESS
LOWEST:     71 ON  2                               3 = THUNDER
                        SNOW, ICE PELLETS, HAIL    4 = ICE PELLETS
                        TOTAL MONTH:   0.0 INCH    5 = HAIL
                        GRTST 24HR     0.0         6 = FREEZING RAIN OR DRIZZLE
                        GRTST DEPTH:   0           7 = DUSTSTORM OR SANDSTORM:
                                                       VSBY 1/2 MILE OR LESS
                                                   8 = SMOKE OR HAZE
[NO. OF DAYS WITH]      [WEATHER - DAYS WITH]      9 = BLOWING SNOW
                                                   X = TORNADO
MAX 32 OR BELOW:   0    0.01 INCH OR MORE:  10
MAX 90 OR ABOVE:  13    0.10 INCH OR MORE:   4
MIN 32 OR BELOW:   0    0.50 INCH OR MORE:   0
MIN  0 OR BELOW:   0    1.00 INCH OR MORE:   0

[HDD (BASE 65) ]
TOTAL THIS MO.     0    CLEAR  (SCALE 0-3)   4
DPTR FM NORMAL     0    PTCLDY (SCALE 4-7)  25
TOTAL FM JUL 1    97    CLOUDY (SCALE 8-10)  1
DPTR FM NORMAL   -15

[CDD (BASE 65) ]
TOTAL THIS MO.   562
DPTR FM NORMAL    19    [PRESSURE DATA]
TOTAL FM JAN 1  2098    HIGHEST SLP 30.19 ON 30
DPTR FM NORMAL   137    LOWEST  SLP 29.87 ON  3

[REMARKS]
#FINAL-06-15#
