000
CXUS52 KILM 311000
CF6FLO
PRELIMINARY LOCAL CLIMATOLOGICAL DATA (WS FORM: F-6)

                                          STATION:   FLORENCE SC
                                          MONTH:     JULY
                                          YEAR:      2015
                                          LATITUDE:   34 10 N
                                          LONGITUDE:  79 43 W

  TEMPERATURE IN F:       :PCPN:    SNOW:  WIND      :SUNSHINE: SKY     :PK WND
================================================================================
1   2   3   4   5  6A  6B    7    8   9   10  11  12  13   14  15   16   17  18
                                     12Z  AVG MX 2MIN
DY MAX MIN AVG DEP HDD CDD  WTR  SNW DPTH SPD SPD DIR MIN PSBL S-S WX    SPD DR
================================================================================

 1  87  71  79  -2   0  14 0.00    M    M  7.4 14 250   M    M   5        17 250
 2  93  71  82   1   0  17 0.50    M    M 10.4 28 310   M    M   3 1      36 320
 3  87  70  79  -2   0  14 0.69    M    M  9.4 17 260   M    M   5 1      25 270
 4  89  71  80  -1   0  15 0.08    M    M 11.3 20 260   M    M   0 18     31 230
 5  93  71  82   1   0  17    T    M    M  7.4 28 190   M    M   1        35 190
 6  89  72  81   0   0  16 0.00    M    M  6.9 13 210   M    M   2        19 170
 7  93  73  83   2   0  18 0.00    M    M  6.4 17 160   M    M   1 1      22 180
 8  96  74  85   4   0  20 0.00    M    M  7.7 15 230   M    M   1        20 240
 9  98  76  87   6   0  22 0.00    M    M  9.0 17 220   M    M   1        23 210
10 102  77  90   9   0  25 0.00    M    M  5.7 13 320   M    M   0        16 330
11 101  75  88   7   0  23 0.00    M    M  6.9 21 240   M    M   3        27 240
12  94  73  84   3   0  19 0.10    M    M  6.9 13  40   M    M   2        17  40
13  95  74  85   4   0  20 0.75    M    M  9.5 41 260   M    M   4 13     53 260
14  93  70  82   1   0  17 0.07    M    M  7.7 20 250   M    M   0 138    24 280
15  93  76  85   4   0  20 0.00    M    M  6.7 17 240   M    M   2        22 240
16  95  73  84   3   0  19 0.00    M    M  6.8 22 120   M    M   2        27 120
17  93  74  84   3   0  19 0.00    M    M  6.6 14 160   M    M   4 1      17 150
18  96  73  85   4   0  20 0.30    M    M  3.4 16  20   M    M   1 13     20 350
19  96  72  84   3   0  19 0.35    M    M  4.2 21 350   M    M   2 123    27  20
20  97  74  86   5   0  21 0.00    M    M  4.4 18  60   M    M   1        21  70
21 100  77  89   8   0  24    T    M    M  8.7 25 310   M    M   1 3      32 300
22  97  76  87   6   0  22 0.00    M    M  5.3 14  10   M    M   1        17 360
23  99  76  88   7   0  23 0.55    M    M  5.6 25  70   M    M   3 13     31  20
24  89  73  81   0   0  16 0.01    M    M  6.1 17  50   M    M   7 1      19  50
25  91  70  81   0   0  16 0.00    M    M  5.6 15  70   M    M   0 1      20  90
26  93  68  81   0   0  16 0.00    M    M  4.6 14  80   M    M   0        17 100
27  95  71  83   2   0  18 0.00    M    M  4.5 18 150   M    M   2        23 140
28  95  74  85   4   0  20 0.00    M    M  6.8 15  80   M    M   0        22 130
29  96  74  85   4   0  20 0.00    M    M  4.6 15 160   M    M   1        18 160
30  99  73  86   5   0  21 0.00    M    M  3.3 13 320   M    M   1        16 290
================================================================================
SM 2834 2192         0 571  3.40    M    199.8          M       56
================================================================================
AV 94.5 73.1                               6.7 FASTST   M    M   2    MAX(MPH)
                                 MISC ---->  # 41 260               # 53  260
================================================================================
NOTES:
# LAST OF SEVERAL OCCURRENCES

COLUMN 17 PEAK WIND IN M.P.H.

PRELIMINARY LOCAL CLIMATOLOGICAL DATA (WS FORM: F-6) , PAGE 2

                                          STATION:  FLORENCE SC
                                          MONTH:    JULY
                                          YEAR:     2015
                                          LATITUDE:   34 10 N
                                          LONGITUDE:  79 43 W

[TEMPERATURE DATA]      [PRECIPITATION DATA]       SYMBOLS USED IN COLUMN 16

AVERAGE MONTHLY: 83.8   TOTAL FOR MONTH:   3.40    1 = FOG OR MIST
DPTR FM NORMAL:   2.8   DPTR FM NORMAL:   -1.68    2 = FOG REDUCING VISIBILITY
HIGHEST:   102 ON 10    GRTST 24HR  0.82 ON 13-14      TO 1/4 MILE OR LESS
LOWEST:     68 ON 26                               3 = THUNDER
                        SNOW, ICE PELLETS, HAIL    4 = ICE PELLETS
                        TOTAL MONTH:    M          5 = HAIL
                        GRTST 24HR    M  ON   M    6 = FREEZING RAIN OR DRIZZLE
                        GRTST DEPTH:  M  ON   M    7 = DUSTSTORM OR SANDSTORM:
                                                       VSBY 1/2 MILE OR LESS
                                                   8 = SMOKE OR HAZE
[NO. OF DAYS WITH]      [WEATHER - DAYS WITH]      9 = BLOWING SNOW
                                                   X = TORNADO
MAX 32 OR BELOW:   0    0.01 INCH OR MORE:  10
MAX 90 OR ABOVE:  25    0.10 INCH OR MORE:   7
MIN 32 OR BELOW:   0    0.50 INCH OR MORE:   4
MIN  0 OR BELOW:   0    1.00 INCH OR MORE:   0

[HDD (BASE 65) ]
TOTAL THIS MO.     0    CLEAR  (SCALE 0-3)  24
DPTR FM NORMAL     0    PTCLDY (SCALE 4-7)   6
TOTAL FM JUL 1     0    CLOUDY (SCALE 8-10)  0
DPTR FM NORMAL     0

[CDD (BASE 65) ]
TOTAL THIS MO.   571
DPTR FM NORMAL    91    [PRESSURE DATA]
TOTAL FM JAN 1  1497    HIGHEST SLP M ON M
DPTR FM NORMAL   313    LOWEST  SLP 29.68 ON 14

[REMARKS]
