000
CXUS52 KILM 301000
CF6FLO
PRELIMINARY LOCAL CLIMATOLOGICAL DATA (WS FORM: F-6)

                                          STATION:   FLORENCE SC
                                          MONTH:     SEPTEMBER
                                          YEAR:      2014
                                          LATITUDE:   34 10 N
                                          LONGITUDE:  79 43 W

  TEMPERATURE IN F:       :PCPN:    SNOW:  WIND      :SUNSHINE: SKY     :PK WND
================================================================================
1   2   3   4   5  6A  6B    7    8   9   10  11  12  13   14  15   16   17  18
                                     12Z  AVG MX 2MIN
DY MAX MIN AVG DEP HDD CDD  WTR  SNW DPTH SPD SPD DIR MIN PSBL S-S WX    SPD DR
================================================================================

 1  98  73  86   8   0  21    T    M    M  4.7 16 160   M    M   1 3      20 160
 2  99  73  86   8   0  21 0.24    M    M  6.9 22 230   M    M   1 1      26 210
 3  94  72  83   5   0  18 0.00    M    M  6.5 13 170   M    M   2 3      17 170
 4  94  73  84   6   0  19 0.00    M    M  4.7 15 180   M    M   1        19 150
 5  93  72  83   6   0  18 0.00    M    M  5.5 20 150   M    M   2 1      24 140
 6  92  72  82   5   0  17 0.00    M    M  5.8 16 180   M    M   6 12     21 180
 7  88  73  81   4   0  16 2.36    M    M  5.3 22 150   M    M   7 13     27 140
 8  78  71  75  -2   0  10 3.21    M    M  5.8 14 340   M    M  10 1      17 350
 9  77  70  74  -2   0   9 0.00    M    M  5.6 13 360   M    M  10 1      17  10
10  85  72  79   3   0  14 0.00    M    M  3.0  8  70   M    M   7        12  10
11  91  69  80   4   0  15 0.00    M    M  5.0 14 230   M    M   3 1      18 240
12  89  73  81   5   0  16 0.62    M    M  5.4 25 260   M    M   6 13     32 250
13  88  72  80   5   0  15 0.95    M    M  4.6 17  40   M    M   8 1238   22 240
14  74  68  71  -4   0   6 0.21    M    M  7.5 16  70   M    M   9 13     21  80
15  79  68  74  -1   0   9    T    M    M  4.3  9 130   M    M  10        11 100
16  87  71  79   5   0  14 0.00    M    M  3.9 10 360   M    M   5        13 170
17  81  66  74   0   0   9 0.06    M    M  3.6 14  50   M    M   6 13     17  50
18  85  69  77   3   0  12 0.00    M    M  5.7 12  80   M    M   6        14  80
19  84  66  75   2   0  10    T    M    M  8.9 23  70   M    M   1        27  70
20  79  63  71  -2   0   6 0.00    M    M 10.0 21  40   M    M   0        26  40
21  88  65  77   4   0  12 0.00    M    M  8.2 15 260   M    M   0        20 280
22  81  65  73   1   0   8 0.12    M    M  6.3 17  10   M    M   7 1      20 350
23  65  58  62 -10   3   0 0.21    M    M  9.9 18  20   M    M   7        25  20
24  66  57  62 -10   3   0 0.02    M    M 10.5 21  10   M    M  10 1      26  30
25  72  65  69  -2   0   4 0.11    M    M  8.3 14  10   M    M  10 18     17  20
26  73  65  69  -2   0   4 0.00    M    M  9.1 16  50   M    M  10 1      20  40
27  81  62  72   1   0   7    T    M    M  9.7 15  70   M    M   8        20  30
28  82  65  74   4   0   9 0.00    M    M  6.5 13  50   M    M   7        17  50
29  71  63  67  -3   0   2 0.31    M    M  3.8 13  90   M    M   6 1      15  90
================================================================================
SM 2414 1971         6 321  8.42    M    185.0          M      166
================================================================================
AV 83.2 68.0                               6.4 FASTST   M    M   6    MAX(MPH)
                                 MISC ---->  # 25 260               # 32  250
================================================================================
NOTES:
# LAST OF SEVERAL OCCURRENCES

COLUMN 17 PEAK WIND IN M.P.H.

PRELIMINARY LOCAL CLIMATOLOGICAL DATA (WS FORM: F-6) , PAGE 2

                                          STATION:  FLORENCE SC
                                          MONTH:    SEPTEMBER
                                          YEAR:     2014
                                          LATITUDE:   34 10 N
                                          LONGITUDE:  79 43 W

[TEMPERATURE DATA]      [PRECIPITATION DATA]       SYMBOLS USED IN COLUMN 16

AVERAGE MONTHLY: 75.6   TOTAL FOR MONTH:   8.42    1 = FOG OR MIST
DPTR FM NORMAL:   1.2   DPTR FM NORMAL:    4.87    2 = FOG REDUCING VISIBILITY
HIGHEST:    99 ON  2    GRTST 24HR  5.45 ON  7- 8      TO 1/4 MILE OR LESS
LOWEST:     57 ON 24                               3 = THUNDER
                        SNOW, ICE PELLETS, HAIL    4 = ICE PELLETS
                        TOTAL MONTH:    M          5 = HAIL
                        GRTST 24HR    M  ON   M    6 = FREEZING RAIN OR DRIZZLE
                        GRTST DEPTH:  M  ON   M    7 = DUSTSTORM OR SANDSTORM:
                                                       VSBY 1/2 MILE OR LESS
                                                   8 = SMOKE OR HAZE
[NO. OF DAYS WITH]      [WEATHER - DAYS WITH]      9 = BLOWING SNOW
                                                   X = TORNADO
MAX 32 OR BELOW:   0    0.01 INCH OR MORE:  12
MAX 90 OR ABOVE:   7    0.10 INCH OR MORE:  10
MIN 32 OR BELOW:   0    0.50 INCH OR MORE:   4
MIN  0 OR BELOW:   0    1.00 INCH OR MORE:   2

[HDD (BASE 65) ]
TOTAL THIS MO.     6    CLEAR  (SCALE 0-3)   9
DPTR FM NORMAL     0    PTCLDY (SCALE 4-7)  12
TOTAL FM JUL 1     6    CLOUDY (SCALE 8-10)  8
DPTR FM NORMAL     0

[CDD (BASE 65) ]
TOTAL THIS MO.   321
DPTR FM NORMAL    40    [PRESSURE DATA]
TOTAL FM JAN 1  2153    HIGHEST SLP M ON M
DPTR FM NORMAL   202    LOWEST  SLP 29.77 ON 21

[REMARKS]
