000
CXUS54 KLZK 281330
CF6FLP
PRELIMINARY LOCAL CLIMATOLOGICAL DATA (WS FORM: F-6)

                                          STATION:   Flippin
                                          MONTH:     MARCH
                                          YEAR:      2015
                                          LATITUDE:   36 17 N
                                          LONGITUDE:  92 28 W

  TEMPERATURE IN F:       :PCPN:    SNOW:  WIND      :SUNSHINE: SKY     :PK WND
================================================================================
1   2   3   4   5  6A  6B    7    8   9   10  11  12  13   14  15   16   17  18
                                     12Z  AVG MX 2MIN
DY MAX MIN AVG DEP HDD CDD  WTR  SNW DPTH SPD SPD DIR MIN PSBL S-S WX    SPD DR
================================================================================

 1  36  27  32   M  33   0 0.61    M    0  2.2  7 350   M    M  10         M  M
 2  37  27  32   M  33   0 0.00  0.0    0  6.1  9 100   M    M   8         M  M
 3  59  34  47   M  18   0 0.22    M    0  5.6 13 220   M    M  10        20 220
 4  46  21  34   M  31   0 0.71    M    0  3.3 14 360   M    M   8        18 350
 5  36  18  27   M  38   0 0.21    M    0  3.5 16 340   M    M   1        24 340
 6  52  10  31   M  34   0 0.00  0.0    0  3.3 10 260   M    M   0        16 240
 7  66  25  46   M  19   0 0.00  0.0    0  4.5  9 270   M    M   0        18 210
 8  57  30  44   M  21   0 0.00  0.0    0  2.8 13 210   M    M   4        16 210
 9  54  45  50   M  15   0 0.49    M    0  4.2  8 110   M    M   9         M  M
10  54  45  50   M  15   0 0.19    M    0  4.2  8 310   M    M   9         M  M
11  72  37  55   M  10   0 0.00  0.0    0  1.3  5 200   M    M   4         M  M
12  57  39  48   M  17   0 0.15  0.0    0  2.2  8  90   M    M   3 1       M  M
13  59  54  57   M   8   0 1.01  0.0    0  4.0  8  20   M    M   9         M  M
14  57  48  53   M  12   0 0.66    M    0  4.9 13  30   M    M   5        16  30
15  72  36  54   M  11   0 0.00  0.0    0  1.4  5 220   M    M   3         M  M
16  77  41  59   M   6   0 0.00  0.0    0  5.3 15 250   M    M   0        18 250
17  70  46  58   M   7   0 0.00  0.0    0  6.3 14  30   M    M   3        21  50
18  54  37  46   M  19   0 0.49    M    0  7.1 13  90   M    M   9        18  90
19  48  37  43   M  22   0 0.00  0.0    0  1.9  6 120   M    M  10         M  M
20  57  45  51   M  14   0 0.09    M    0  2.6  9 320   M    M   5         M  M
21  66  37  52   M  13   0 0.00  0.0    0  0.6  4 140   M    M   2         M  M
22  63  46  55   M  10   0 0.04    M    0  1.7  6  40   M    M   2         M  M
23  75  37  56   M   9   0 0.00  0.0    0  2.9 12 240   M    M   1        16 240
24  75  46  61   M   4   0 0.24  0.0    0  6.6 15 170   M    M   1 3      27 170
25  79  41  60   M   5   0 2.20  0.0    0  4.0 13 180   M    M   4 3      23 180
26  55  37  46   M  19   0 0.45    M    0  9.0 16  10   M    M   5        25 340
27  48  36  42   M  23   0 0.07    M    0  5.6 14 350   M    M   6        20 350
================================================================================
SM 1581  982       466   0  7.83     0.0 107.1          M      131
================================================================================
AV 58.6 36.4                               4.0 FASTST   M    M   5    MAX(MPH)
                                 MISC ---->    16   M               # 27  170
================================================================================
NOTES:
# LAST OF SEVERAL OCCURRENCES

COLUMN 17 PEAK WIND IN M.P.H.

PRELIMINARY LOCAL CLIMATOLOGICAL DATA (WS FORM: F-6) , PAGE 2

                                          STATION:  Flippin
                                          MONTH:    MARCH
                                          YEAR:     2015
                                          LATITUDE:   36 17 N
                                          LONGITUDE:  92 28 W

[TEMPERATURE DATA]      [PRECIPITATION DATA]       SYMBOLS USED IN COLUMN 16

AVERAGE MONTHLY: 47.5   TOTAL FOR MONTH:   7.83    1 = FOG OR MIST
DPTR FM NORMAL:     M   DPTR FM NORMAL:       M    2 = FOG REDUCING VISIBILITY
HIGHEST:    79 ON 25    GRTST 24HR  2.20 ON 25-25      TO 1/4 MILE OR LESS
LOWEST:     10 ON  6                               3 = THUNDER
                        SNOW, ICE PELLETS, HAIL    4 = ICE PELLETS
                        TOTAL MONTH:   0.0 INCH    5 = HAIL
                        GRTST 24HR     0.0         6 = FREEZING RAIN OR DRIZZLE
                        GRTST DEPTH:   0           7 = DUSTSTORM OR SANDSTORM:
                                                       VSBY 1/2 MILE OR LESS
                                                   8 = SMOKE OR HAZE
[NO. OF DAYS WITH]      [WEATHER - DAYS WITH]      9 = BLOWING SNOW
                                                   X = TORNADO
MAX 32 OR BELOW:   0    0.01 INCH OR MORE:  16
MAX 90 OR ABOVE:   0    0.10 INCH OR MORE:  13
MIN 32 OR BELOW:   7    0.50 INCH OR MORE:   5
MIN  0 OR BELOW:   0    1.00 INCH OR MORE:   2

[HDD (BASE 65) ]
TOTAL THIS MO.   466    CLEAR  (SCALE 0-3)  11
DPTR FM NORMAL     M    PTCLDY (SCALE 4-7)   9
TOTAL FM JUL 1  3803    CLOUDY (SCALE 8-10)  7
DPTR FM NORMAL     M

[CDD (BASE 65) ]
TOTAL THIS MO.     0
DPTR FM NORMAL     M    [PRESSURE DATA]
TOTAL FM JAN 1     0    HIGHEST SLP M ON M
DPTR FM NORMAL     M    LOWEST  SLP M ON M

[REMARKS]
