000
CXUS55 KTBW 231000
CF6FMY
PRELIMINARY LOCAL CLIMATOLOGICAL DATA (WS FORM: F-6)

                                          STATION:   Fort Myers
                                          MONTH:     AUGUST
                                          YEAR:      2017
                                          LATITUDE:   26 34 N
                                          LONGITUDE:  81 52 W

  TEMPERATURE IN F:       :PCPN:    SNOW:  WIND      :SUNSHINE: SKY     :PK WND
================================================================================
1   2   3   4   5  6A  6B    7    8   9   10  11  12  13   14  15   16   17  18
                                     12Z  AVG MX 2MIN
DY MAX MIN AVG DEP HDD CDD  WTR  SNW DPTH SPD SPD DIR MIN PSBL S-S WX    SPD DR
================================================================================

 1  89  74  82  -1   0  17 0.33  0.0    0  7.0 22 250   M    M   4 1      27 250
 2  90  76  83  -1   0  18 0.00  0.0    0  6.4 14 190   M    M   1        18 200
 3  93  76  85   1   0  20 0.00  0.0    0  5.5 13 200   M    M   2        19 220
 4  94  77  86   2   0  21 0.00  0.0    0  5.7 14 130   M    M   1        24 170
 5  95  78  87   3   0  22 0.00  0.0    0  4.6 21  90   M    M   3 3      26  80
 6  95  77  86   2   0  21    T  0.0    0  5.8 17  40   M    M   2 3      21  30
 7  94  78  86   2   0  21 0.01  0.0    0  5.9 18 160   M    M   3 13     22 160
 8  94  78  86   2   0  21 0.00  0.0    0  5.1 14 280   M    M   3 3      19 110
 9  96  77  87   4   0  22 0.03  0.0    0  5.3 23  90   M    M   2        28  80
10  92  75  84   1   0  19 0.52  0.0    0  4.5 20  60   M    M   2 13     29  60
11  90  76  83   0   0  18    T  0.0    0  5.4 14 250   M    M   2 3      19 260
12  92  76  84   1   0  19 0.00  0.0    0  4.8 14 290   M    M   1 3      19 260
13  93  77  85   2   0  20 0.00  0.0    0  4.8 15 260   M    M   1        19 260
14  90  78  84   1   0  19 0.09  0.0    0  3.0 16 210   M    M   2 13     21 220
15  92  78  85   2   0  20 0.28  0.0    0  4.5 20  40   M    M   1 13     23  40
16  94  78  86   3   0  21 0.08  0.0    0  3.4 16  40   M    M   2 13     21  20
17  95  76  86   3   0  21 1.27  0.0    0  2.9 18 310   M    M   3 13     24 300
18  93  76  85   2   0  20    T  0.0    0  5.0 21  20   M    M   1 3      25  20
19  95  74  85   2   0  20 0.01  0.0    0  3.8 18 130   M    M   2 3      24 130
20  92  78  85   2   0  20 0.23  0.0    0  5.3 21  60   M    M   1 13     26  50
21  93  78  86   3   0  21 0.00  0.0    0  7.6 15 100   M    M   1        20  80
22  96  78  87   4   0  22    T  0.0    0  8.6 16 120   M    M   3 3      26  50
================================================================================
SM 2047 1689         0 443  2.85     0.0 114.9          M       43
================================================================================
AV 93.1 76.8                               5.2 FASTST   M    M   2    MAX(MPH)
                                 MISC ---->  # 23  90               # 29   60
================================================================================
NOTES:
# LAST OF SEVERAL OCCURRENCES

COLUMN 17 PEAK WIND IN M.P.H.

PRELIMINARY LOCAL CLIMATOLOGICAL DATA (WS FORM: F-6) , PAGE 2

                                          STATION:  Fort Myers
                                          MONTH:    AUGUST
                                          YEAR:     2017
                                          LATITUDE:   26 34 N
                                          LONGITUDE:  81 52 W

[TEMPERATURE DATA]      [PRECIPITATION DATA]       SYMBOLS USED IN COLUMN 16

AVERAGE MONTHLY: 84.9   TOTAL FOR MONTH:   2.85    1 = FOG OR MIST
DPTR FM NORMAL:   1.6   DPTR FM NORMAL:   -4.26    2 = FOG REDUCING VISIBILITY
HIGHEST:    96 ON 22, 9 GRTST 24HR  1.86 ON 31- 1      TO 1/4 MILE OR LESS
LOWEST:     74 ON 19, 1                            3 = THUNDER
                        SNOW, ICE PELLETS, HAIL    4 = ICE PELLETS
                        TOTAL MONTH:   0.0 INCH    5 = HAIL
                        GRTST 24HR     0.0         6 = FREEZING RAIN OR DRIZZLE
                        GRTST DEPTH:   0           7 = DUSTSTORM OR SANDSTORM:
                                                       VSBY 1/2 MILE OR LESS
                                                   8 = SMOKE OR HAZE
[NO. OF DAYS WITH]      [WEATHER - DAYS WITH]      9 = BLOWING SNOW
                                                   X = TORNADO
MAX 32 OR BELOW:   0    0.01 INCH OR MORE:  10
MAX 90 OR ABOVE:  21    0.10 INCH OR MORE:   5
MIN 32 OR BELOW:   0    0.50 INCH OR MORE:   2
MIN  0 OR BELOW:   0    1.00 INCH OR MORE:   1

[HDD (BASE 65) ]
TOTAL THIS MO.     0    CLEAR  (SCALE 0-3)  21
DPTR FM NORMAL     0    PTCLDY (SCALE 4-7)   1
TOTAL FM JUL 1     0    CLOUDY (SCALE 8-10)  0
DPTR FM NORMAL     0

[CDD (BASE 65) ]
TOTAL THIS MO.   443
DPTR FM NORMAL    47    [PRESSURE DATA]
TOTAL FM JAN 1  2809    HIGHEST SLP M ON M
DPTR FM NORMAL   258    LOWEST  SLP 29.91 ON 19

[REMARKS]
