000
CXUS55 KTBW 161000
CF6FMY
PRELIMINARY LOCAL CLIMATOLOGICAL DATA (WS FORM: F-6)

                                          STATION:   Fort Myers
                                          MONTH:     APRIL
                                          YEAR:      2014
                                          LATITUDE:   26 34 N
                                          LONGITUDE:  81 52 W

  TEMPERATURE IN F:       :PCPN:    SNOW:  WIND      :SUNSHINE: SKY     :PK WND
================================================================================
1   2   3   4   5  6A  6B    7    8   9   10  11  12  13   14  15   16   17  18
                                     12Z  AVG MX 2MIN
DY MAX MIN AVG DEP HDD CDD  WTR  SNW DPTH SPD SPD DIR MIN PSBL S-S WX    SPD DR
================================================================================

 1  86  56  71  -1   0   6 0.00  0.0    0  4.0 14 300   M    M   0 1      17 300
 2  85  58  72   0   0   7 0.00  0.0    0  4.6 14 120   M    M   0        18 140
 3  83  60  72   0   0   7 0.00  0.0    0  5.7 16 270   M    M   0        20 260
 4  84  63  74   2   0   9 0.00  0.0    0  6.4 16 290   M    M   1        20 250
 5  86  65  76   4   0  11 0.00  0.0    0  4.8 16 270   M    M   1 1      20 270
 6  85  65  75   3   0  10 0.00  0.0    0  6.0 16 220   M    M   1        23 220
 7  89  70  80   7   0  15 0.00  0.0    0  9.4 22 200   M    M   1        27 190
 8  80  69  75   2   0  10 0.68  0.0    0 12.3 26 220   M    M   5 138    37 220
 9  76  62  69  -4   0   4 0.00  0.0    0 13.4 24 290   M    M   3        32 290
10  82  57  70  -3   0   5 0.00  0.0    0  8.8 16 100   M    M   2        22 110
11  86  59  73   0   0   8 0.24  0.0    0  7.6 17  60   M    M   3 1      22 150
12  87  65  76   3   0  11 0.00  0.0    0  8.2 15  70   M    M   2        21  80
13  84  64  74   1   0   9 0.00  0.0    0  9.9 23 100   M    M   4 8      31 100
14  87  69  78   4   0  13 0.00  0.0    0  5.4 12 230   M    M   3 12     18 250
15  86  71  79   5   0  14 0.00  0.0    0 11.0 20 250   M    M   5        28 180
================================================================================
SM 1266  953         0 139  0.92     0.0 117.5          M       31
================================================================================
AV 84.4 63.5                               7.8 FASTST   M    M   2    MAX(MPH)
                                 MISC ---->  # 26 220               # 37  220
================================================================================
NOTES:
# LAST OF SEVERAL OCCURRENCES

COLUMN 17 PEAK WIND IN M.P.H.

PRELIMINARY LOCAL CLIMATOLOGICAL DATA (WS FORM: F-6) , PAGE 2

                                          STATION:  Fort Myers
                                          MONTH:    APRIL
                                          YEAR:     2014
                                          LATITUDE:   26 34 N
                                          LONGITUDE:  81 52 W

[TEMPERATURE DATA]      [PRECIPITATION DATA]       SYMBOLS USED IN COLUMN 16

AVERAGE MONTHLY: 74.0   TOTAL FOR MONTH:   0.92    1 = FOG OR MIST
DPTR FM NORMAL:   1.2   DPTR FM NORMAL:   -0.21    2 = FOG REDUCING VISIBILITY
HIGHEST:    89 ON  7    GRTST 24HR  0.68 ON  8- 8      TO 1/4 MILE OR LESS
LOWEST:     56 ON  1                               3 = THUNDER
                        SNOW, ICE PELLETS, HAIL    4 = ICE PELLETS
                        TOTAL MONTH:   0.0 INCH    5 = HAIL
                        GRTST 24HR     0.0         6 = FREEZING RAIN OR DRIZZLE
                        GRTST DEPTH:   0           7 = DUSTSTORM OR SANDSTORM:
                                                       VSBY 1/2 MILE OR LESS
                                                   8 = SMOKE OR HAZE
[NO. OF DAYS WITH]      [WEATHER - DAYS WITH]      9 = BLOWING SNOW
                                                   X = TORNADO
MAX 32 OR BELOW:   0    0.01 INCH OR MORE:   2
MAX 90 OR ABOVE:   0    0.10 INCH OR MORE:   2
MIN 32 OR BELOW:   0    0.50 INCH OR MORE:   1
MIN  0 OR BELOW:   0    1.00 INCH OR MORE:   0

[HDD (BASE 65) ]
TOTAL THIS MO.     0    CLEAR  (SCALE 0-3)  12
DPTR FM NORMAL     0    PTCLDY (SCALE 4-7)   3
TOTAL FM JUL 1   178    CLOUDY (SCALE 8-10)  0
DPTR FM NORMAL  -106

[CDD (BASE 65) ]
TOTAL THIS MO.   139
DPTR FM NORMAL    20    [PRESSURE DATA]
TOTAL FM JAN 1   561    HIGHEST SLP M ON M
DPTR FM NORMAL    81    LOWEST  SLP 29.73 ON  8

[REMARKS]
