000
CXUS55 KBOU 010759
CF6FNL
PRELIMINARY LOCAL CLIMATOLOGICAL DATA (WS FORM: F-6)

                                          STATION:   FT COLLINS/LOVELAND CO
                                          MONTH:     AUGUST
                                          YEAR:      2014
                                          LATITUDE:   40 27 N
                                          LONGITUDE: 105  1 W

  TEMPERATURE IN F:       :PCPN:    SNOW:  WIND      :SUNSHINE: SKY     :PK WND
================================================================================
1   2   3   4   5  6A  6B    7    8   9   10  11  12  13   14  15   16   17  18
                                     12Z  AVG MX 2MIN
DY MAX MIN AVG DEP HDD CDD  WTR  SNW DPTH SPD SPD DIR MIN PSBL S-S WX    SPD DR
================================================================================

 1  82  55  69   M   0   4    M    M    M  5.5 12 180   M    M   0        16 130
 2  88  55  72   M   0   7    M    M    M  4.3 10 150   M    M   0         M  M
 3  90  55  73   M   0   8    M    M    M  5.4  9  10   M    M   0         M  M
 4  88  59  74   M   0   9    M    M    M  7.0 21 350   M    M   0        24 350
 5  86  61  74   M   0   9    M    M    M  5.2  9 300   M    M   1 3      17 300
 6  90  57  74   M   0   9    M    M    M  5.9 16  90   M    M   1        21  90
 7  84  57  71   M   0   6    M    M    M  6.6 14 130   M    M   1 3      23 290
 8  84  54  69   M   0   4    M    M    M  4.0 13 290   M    M   0         M  M
 9  90  57  74   M   0   9    M    M    M  5.8 20 360   M    M   0 3       M  M
10  81  57  69   M   0   4    M    M    M  5.9 10  30   M    M   0         M  M
11  88  54  71   M   0   6    M    M    M  4.8 14 150   M    M   0        18 150
12  91  55  73   M   0   8    M    M    M  5.5 13 100   M    M   0        16 170
13  93  55  74   M   0   9    M    M    M  5.3 13 160   M    M   0         M  M
14  90  63  77   M   0  12    M    M    M  6.6 14 250   M    M   1 3      23 250
15  90  57  74   M   0   9    M    M    M  5.9 10 200   M    M   1 3       M  M
16  93  57  75   M   0  10    M    M    M  5.3 12  10   M    M   0        18  50
17  93  63  78   M   0  13    M    M    M  5.7 12 170   M    M   0        17 130
18  90  55  73   M   0   8    M    M    M  6.6 21 110   M    M   0        16  80
19  88  55  72   M   0   7    M    M    M  6.0 16 360   M    M   1         M  M
20  90  61  76   M   0  11    M    M    M  6.9 18 350   M    M   1        29 350
21  90  55  73   M   0   8    M    M    M  6.6 16 340   M    M   1        17 120
22  75  61  68   M   0   3    M    M    M  5.3 13 140   M    M   4         M  M
23  79  57  68   M   0   3    M    M    M   M  32 270   M    M   3 3      61 270
24  84  50  67   M   0   2    M    M    M  6.6 15  60   M    M   0        17  80
25  81  55  68   M   0   3    M    M    M  8.3 14 170   M    M   1        17  30
26  81  55  68   M   0   3    M    M    M  5.4 10 180   M    M   3 3       M  M
27  79  57  68   M   0   3    M    M    M  5.6 10  30   M    M   2 3       M  M
28  68  54  61   M   4   0    M    M    M  6.9 22 320   M    M   1        25 320
29  81  52  67   M   0   2    M    M    M  5.9 16 110   M    M   1 3      16 210
30  88  52  70   M   0   5    M    M    M  5.3 17 270   M    M   1        23 270
31  75  55  65   M   0   0    M    M    M  6.5 14 330   M    M   2         M  M
================================================================================
SM 2650 1745         4 194    M     M    176.6          M       26
================================================================================
AV 85.5 56.3                               5.9 FASTST   M    M   1    MAX(MPH)
                                 MISC ---->    32   M                 61    M
================================================================================
NOTES:
# LAST OF SEVERAL OCCURRENCES

COLUMN 17 PEAK WIND IN M.P.H.

PRELIMINARY LOCAL CLIMATOLOGICAL DATA (WS FORM: F-6) , PAGE 2

                                          STATION:  FT COLLINS/LOVELAND CO
                                          MONTH:    AUGUST
                                          YEAR:     2014
                                          LATITUDE:   40 27 N
                                          LONGITUDE: 105  1 W

[TEMPERATURE DATA]      [PRECIPITATION DATA]       SYMBOLS USED IN COLUMN 16

AVERAGE MONTHLY: 70.9   TOTAL FOR MONTH:      M    1 = FOG OR MIST
DPTR FM NORMAL:     M   DPTR FM NORMAL:       M    2 = FOG REDUCING VISIBILITY
HIGHEST:    93 ON 17,16 GRTST 24HR    M  ON   M        TO 1/4 MILE OR LESS
LOWEST:     50 ON 24                               3 = THUNDER
                        SNOW, ICE PELLETS, HAIL    4 = ICE PELLETS
                        TOTAL MONTH:    M          5 = HAIL
                        GRTST 24HR    M  ON   M    6 = FREEZING RAIN OR DRIZZLE
                        GRTST DEPTH:  M  ON   M    7 = DUSTSTORM OR SANDSTORM:
                                                       VSBY 1/2 MILE OR LESS
                                                   8 = SMOKE OR HAZE
[NO. OF DAYS WITH]      [WEATHER - DAYS WITH]      9 = BLOWING SNOW
                                                   X = TORNADO
MAX 32 OR BELOW:   0    0.01 INCH OR MORE:   0
MAX 90 OR ABOVE:  12    0.10 INCH OR MORE:   0
MIN 32 OR BELOW:   0    0.50 INCH OR MORE:   0
MIN  0 OR BELOW:   0    1.00 INCH OR MORE:   0

[HDD (BASE 65) ]
TOTAL THIS MO.     4    CLEAR  (SCALE 0-3)  30
DPTR FM NORMAL     M    PTCLDY (SCALE 4-7)   1
TOTAL FM JUL 1    10    CLOUDY (SCALE 8-10)  0
DPTR FM NORMAL     M

[CDD (BASE 65) ]
TOTAL THIS MO.   194
DPTR FM NORMAL     M    [PRESSURE DATA]
TOTAL FM JAN 1   563    HIGHEST SLP M ON M
DPTR FM NORMAL     M    LOWEST  SLP M ON M

[REMARKS]
