000
CXUS54 KMAF 201100
CF6FST
PRELIMINARY LOCAL CLIMATOLOGICAL DATA (WS FORM: F-6)

                                          STATION:   Fort Stockton
                                          MONTH:     SEPTEMBER
                                          YEAR:      2017
                                          LATITUDE:   30 55 N
                                          LONGITUDE: 102 55 W

  TEMPERATURE IN F:       :PCPN:    SNOW:  WIND      :SUNSHINE: SKY     :PK WND
================================================================================
1   2   3   4   5  6A  6B    7    8   9   10  11  12  13   14  15   16   17  18
                                     12Z  AVG MX 2MIN
DY MAX MIN AVG DEP HDD CDD  WTR  SNW DPTH SPD SPD DIR MIN PSBL S-S WX    SPD DR
================================================================================

 1  92  64  78  -1   0  13 0.00  0.0    0  9.6 17 100   M    M   0 8      22 100
 2  91  68  80   1   0  15 0.00  0.0    0  8.0 13 150   M    M   0        15 160
 3  92  70  81   2   0  16 0.00  0.0    0 11.4 23 110   M    M   2        27 150
 4  91  67  79   0   0  14 0.00  0.0    0  9.4 17 110   M    M   0        24 120
 5  88  65  77  -1   0  12 0.00  0.0    0  7.9 12  80   M    M   0         M  M
 6  84  62  73  -5   0   8 0.00  0.0    0  7.1 18  70   M    M   1        23  70
 7  89  65  77  -1   0  12 0.00  0.0    0 15.2 25 160   M    M   0        30 150
 8  87  62  75  -3   0  10 0.00  0.0    0 13.7 25 160   M    M   0        31 170
 9  84  64  74  -4   0   9 0.00  0.0    0 11.5 21 120   M    M   0        27 110
10  87  65  76  -1   0  11 0.00  0.0    0 10.8 20 150   M    M   0        26 150
11  88  61  75  -2   0  10 0.00  0.0    0  6.4 14  90   M    M   0        19  80
12  95  64  80   3   0  15 0.00  0.0    0  7.1 15 230   M    M   0        19 220
13 100  72  86   9   0  21 0.00  0.0    0 10.7 16 240   M    M   0 8      20 240
14 103  71  87  11   0  22 0.00  0.0    0  9.7 15 160   M    M   0        19 160
15  93  71  82   6   0  17 0.02  0.0    0  8.8 22 160   M    M   2 3      28 160
16  92  65  79   3   0  14 0.03  0.0    0 12.0 29 220   M    M   1 3      34 220
17  95  72  84   8   0  19    T  0.0    0 11.8 18 160   M    M   1        26 130
18  96  70  83   7   0  18    T  0.0    0 13.9 24 200   M    M   0        30 210
19  95  71  83   8   0  18 0.00  0.0    0 11.5 22 160   M    M   2 38     28 160
================================================================================
SM 1742 1269         0 274  0.05     0.0 196.5          M        9
================================================================================
AV 91.7 66.8                              10.3 FASTST   M    M   0    MAX(MPH)
                                 MISC ---->  # 29 220               # 34  220
================================================================================
NOTES:
# LAST OF SEVERAL OCCURRENCES

COLUMN 17 PEAK WIND IN M.P.H.

PRELIMINARY LOCAL CLIMATOLOGICAL DATA (WS FORM: F-6) , PAGE 2

                                          STATION:  Fort Stockton
                                          MONTH:    SEPTEMBER
                                          YEAR:     2017
                                          LATITUDE:   30 55 N
                                          LONGITUDE: 102 55 W

[TEMPERATURE DATA]      [PRECIPITATION DATA]       SYMBOLS USED IN COLUMN 16

AVERAGE MONTHLY: 79.2   TOTAL FOR MONTH:   0.05    1 = FOG OR MIST
DPTR FM NORMAL:   1.9   DPTR FM NORMAL:   -1.16    2 = FOG REDUCING VISIBILITY
HIGHEST:   103 ON 14    GRTST 24HR  0.03 ON 16-16      TO 1/4 MILE OR LESS
LOWEST:     61 ON 11                               3 = THUNDER
                        SNOW, ICE PELLETS, HAIL    4 = ICE PELLETS
                        TOTAL MONTH:   0.0 INCH    5 = HAIL
                        GRTST 24HR     0.0         6 = FREEZING RAIN OR DRIZZLE
                        GRTST DEPTH:   0           7 = DUSTSTORM OR SANDSTORM:
                                                       VSBY 1/2 MILE OR LESS
                                                   8 = SMOKE OR HAZE
[NO. OF DAYS WITH]      [WEATHER - DAYS WITH]      9 = BLOWING SNOW
                                                   X = TORNADO
MAX 32 OR BELOW:   0    0.01 INCH OR MORE:   2
MAX 90 OR ABOVE:  12    0.10 INCH OR MORE:   0
MIN 32 OR BELOW:   0    0.50 INCH OR MORE:   0
MIN  0 OR BELOW:   0    1.00 INCH OR MORE:   0

[HDD (BASE 65) ]
TOTAL THIS MO.     0    CLEAR  (SCALE 0-3)  19
DPTR FM NORMAL     0    PTCLDY (SCALE 4-7)   0
TOTAL FM JUL 1     0    CLOUDY (SCALE 8-10)  0
DPTR FM NORMAL     0

[CDD (BASE 65) ]
TOTAL THIS MO.   274
DPTR FM NORMAL    39    [PRESSURE DATA]
TOTAL FM JAN 1  2598    HIGHEST SLP M ON M
DPTR FM NORMAL   303    LOWEST  SLP 29.62 ON M

[REMARKS]
