000
CXUS54 KFWD 220730
CF6FTW
PRELIMINARY LOCAL CLIMATOLOGICAL DATA (WS FORM: F-6)

                                          STATION:   FORT WORTH MEACHAM
                                          MONTH:     DECEMBER
                                          YEAR:      2014
                                          LATITUDE:   32 49 N
                                          LONGITUDE:  97 21 W

  TEMPERATURE IN F:       :PCPN:    SNOW:  WIND      :SUNSHINE: SKY     :PK WND
================================================================================
1   2   3   4   5  6A  6B    7    8   9   10  11  12  13   14  15   16   17  18
                                     12Z  AVG MX 2MIN
DY MAX MIN AVG DEP HDD CDD  WTR  SNW DPTH SPD SPD DIR MIN PSBL S-S WX    SPD DR
================================================================================

 1  64  31  48  -2  17   0 0.00  0.0    0 15.2 23 330   M    M   6        29 330
 2  50  31  41  -9  24   0 0.00  0.0    0  6.4 16 170   M    M  10 8      19 170
 3  59  50  55   6  10   0 0.00  0.0    0  9.5 15 180   M    M  10 18     19 140
 4  66  58  62  13   3   0    T  0.0    0  9.7 16 150   M    M   9 18     20 150
 5  79  56  68  19   0   3 0.02  0.0    0 12.2 23 220   M    M   6 18     28 220
 6  68  47  58  10   7   0 0.00  0.0    0 11.1 17  40   M    M   4 18     23  30
 7  53  44  49   1  16   0 0.00  0.0    0  5.8 15 150   M    M   8 128    17 140
 8  59  40  50   2  15   0 0.00  0.0    0  4.2 10  10   M    M   4 128    15 310
 9  55  40  48   0  17   0 0.00  0.0    0  2.5  9  20   M    M   6 128    11  40
10  61  40  51   4  14   0 0.00  0.0    0  5.3 10 120   M    M   6 128    13 140
11  66  53  60  13   5   0 0.02  0.0    0  6.9 14 190   M    M  10 18     17 210
12  72  59  66  19   0   1    T  0.0    0  8.1 17 170   M    M   7 1      22 170
13  72  59  66  19   0   1 0.00  0.0    0 13.3 23 180   M    M   6 18     28 170
14  69  62  66  20   0   1 0.09  0.0    0 15.1 24 170   M    M   8 18     33 160
15  65  46  56  10   9   0 0.01  0.0    0 11.4 22 310   M    M   0 1      27 310
16  55  39  47   1  18   0 0.00  0.0    0  8.6 16 330   M    M   0        21 320
17  48  43  46   0  19   0 0.40  0.0    0  8.1 17 120   M    M  10 138    21 110
18  51  43  47   1  18   0 0.00  0.0    0  5.4 12  20   M    M  10 18     13  20
19  49  45  47   1  18   0 0.13  0.0    0  8.7 14 360   M    M  10 18     17  10
20  49  46  48   2  17   0 0.01  0.0    0  4.5  9  90   M    M  10 18     11  90
21  53  48  51   5  14   0 0.00  0.0    0 12.4 21 170   M    M  10 18     25 170
================================================================================
SM 1263  980       241   6  0.68     0.0 184.4          M      150
================================================================================
AV 60.1 46.7                               8.8 FASTST   M    M   7    MAX(MPH)
                                 MISC ---->  # 24 170               # 33  160
================================================================================
NOTES:
# LAST OF SEVERAL OCCURRENCES

COLUMN 17 PEAK WIND IN M.P.H.

PRELIMINARY LOCAL CLIMATOLOGICAL DATA (WS FORM: F-6) , PAGE 2

                                          STATION:  FORT WORTH MEACHAM
                                          MONTH:    DECEMBER
                                          YEAR:     2014
                                          LATITUDE:   32 49 N
                                          LONGITUDE:  97 21 W

[TEMPERATURE DATA]      [PRECIPITATION DATA]       SYMBOLS USED IN COLUMN 16

AVERAGE MONTHLY: 53.4   TOTAL FOR MONTH:   0.68    1 = FOG OR MIST
DPTR FM NORMAL:   6.0   DPTR FM NORMAL:   -1.08    2 = FOG REDUCING VISIBILITY
HIGHEST:    79 ON  5    GRTST 24HR  0.40 ON 17-17      TO 1/4 MILE OR LESS
LOWEST:     31 ON  2, 1                            3 = THUNDER
                        SNOW, ICE PELLETS, HAIL    4 = ICE PELLETS
                        TOTAL MONTH:   0.0 INCH    5 = HAIL
                        GRTST 24HR     0.0         6 = FREEZING RAIN OR DRIZZLE
                        GRTST DEPTH:   0           7 = DUSTSTORM OR SANDSTORM:
                                                       VSBY 1/2 MILE OR LESS
                                                   8 = SMOKE OR HAZE
[NO. OF DAYS WITH]      [WEATHER - DAYS WITH]      9 = BLOWING SNOW
                                                   X = TORNADO
MAX 32 OR BELOW:   0    0.01 INCH OR MORE:   7
MAX 90 OR ABOVE:   0    0.10 INCH OR MORE:   2
MIN 32 OR BELOW:   2    0.50 INCH OR MORE:   0
MIN  0 OR BELOW:   0    1.00 INCH OR MORE:   0

[HDD (BASE 65) ]
TOTAL THIS MO.   241    CLEAR  (SCALE 0-3)   2
DPTR FM NORMAL  -130    PTCLDY (SCALE 4-7)  10
TOTAL FM JUL 1   611    CLOUDY (SCALE 8-10)  9
DPTR FM NORMAL  -135

[CDD (BASE 65) ]
TOTAL THIS MO.     6
DPTR FM NORMAL     6    [PRESSURE DATA]
TOTAL FM JAN 1  3031    HIGHEST SLP M ON M
DPTR FM NORMAL   391    LOWEST  SLP 29.69 ON 21

[REMARKS]
