000
CXUS52 KFFC 231110
CF6FTY
PRELIMINARY LOCAL CLIMATOLOGICAL DATA (WS FORM: F-6)

                                          STATION:   FULTON COUNTY AIRPORT
                                          MONTH:     NOVEMBER
                                          YEAR:      2017
                                          LATITUDE:   33 46 N
                                          LONGITUDE:  84 31 W

  TEMPERATURE IN F:       :PCPN:    SNOW:  WIND      :SUNSHINE: SKY     :PK WND
================================================================================
1   2   3   4   5  6A  6B    7    8   9   10  11  12  13   14  15   16   17  18
                                     12Z  AVG MX 2MIN
DY MAX MIN AVG DEP HDD CDD  WTR  SNW DPTH SPD SPD DIR MIN PSBL S-S WX    SPD DR
================================================================================

 1  72  42  57  -1   8   0    T    M    0  1.1 10 210   M    M   3 1      15 160
 2  75  54  65   8   0   0 0.00  0.0    0  2.4 10 170   M    M   7 1      13 200
 3  79  53  66   9   0   1 0.02  0.0    0  1.2  9 260   M    M   3 1      13 320
 4  80  58  69  12   0   4 0.00  0.0    0  1.7 12 270   M    M   7 12     16 270
 5  77  59  68  12   0   3 0.00  0.0    0  1.7  9 150   M    M   6 1      11  80
 6  79  57  68  12   0   3 0.00  0.0    0  3.4 14 290   M    M   5 12     17 240
 7  80  61  71  15   0   6 0.00  0.0    0  4.7 14 230   M    M   8 12     20 230
 8  66  52  59   4   6   0 0.09  0.0    0  4.8 15 290   M    M  10 1      23 290
 9  55  48  52  -3  13   0 0.37  0.0    0  4.3 10 310   M    M   8 1      13 330
10  64  40  52  -3  13   0 0.00  0.0    0  3.2 12 310   M    M   0        15 320
11  55  39  47  -8  18   0    T    M    0  8.4 17  80   M    M   5        23  60
12  49  45  47  -7  18   0 0.03    M    0  5.0 13  80   M    M  10 1      17  60
13  65  44  55   1  10   0 0.00  0.0    0  3.7 14 310   M    M   4 1      18  10
14  61  38  50  -4  15   0 0.00  0.0    0  1.8  9 100   M    M   0 1      14  90
15  58  34  46  -7  19   0 0.00  0.0    0  1.7 13 150   M    M   2 1      14 160
16  68  41  55   2  10   0 0.00  0.0    0  3.8 15 290   M    M   4        19 290
17  66  33  50  -3  15   0 0.00  0.0    0  2.8 13 150   M    M   0 1      16 150
18  69  39  54   2  11   0 0.29  0.0    0  6.6 31 320   M    M   6 13     46 330
19  57  37  47  -5  18   0    T    M    0 11.2 24 300   M    M   3        39 320
20  60  31  46  -6  19   0 0.00  0.0    0  2.4  9 320   M    M   0        12 310
21  67  36  52   1  13   0    T    M    0  2.8 10 150   M    M   6 1      15 160
22  62  43  53   2  12   0 0.00  0.0    0  4.8 16 310   M    M   1 1      20 300
================================================================================
SM 1464  984       218  17  0.80     0.0  83.5          M       98
================================================================================
AV 66.6 44.7                               3.8 FASTST   M    M   4    MAX(MPH)
                                 MISC ---->  # 31 320               # 46  330
================================================================================
NOTES:
# LAST OF SEVERAL OCCURRENCES

COLUMN 17 PEAK WIND IN M.P.H.

PRELIMINARY LOCAL CLIMATOLOGICAL DATA (WS FORM: F-6) , PAGE 2

                                          STATION:  FULTON COUNTY AIRPORT
                                          MONTH:    NOVEMBER
                                          YEAR:     2017
                                          LATITUDE:   33 46 N
                                          LONGITUDE:  84 31 W

[TEMPERATURE DATA]      [PRECIPITATION DATA]       SYMBOLS USED IN COLUMN 16

AVERAGE MONTHLY: 55.6   TOTAL FOR MONTH:   0.80    1 = FOG OR MIST
DPTR FM NORMAL:   1.3   DPTR FM NORMAL:   -2.13    2 = FOG REDUCING VISIBILITY
HIGHEST:    80 ON  7, 4 GRTST 24HR  0.37 ON  9- 9      TO 1/4 MILE OR LESS
LOWEST:     31 ON 20                               3 = THUNDER
                        SNOW, ICE PELLETS, HAIL    4 = ICE PELLETS
                        TOTAL MONTH:   0.0 INCH    5 = HAIL
                        GRTST 24HR     0.0         6 = FREEZING RAIN OR DRIZZLE
                        GRTST DEPTH:   0           7 = DUSTSTORM OR SANDSTORM:
                                                       VSBY 1/2 MILE OR LESS
                                                   8 = SMOKE OR HAZE
[NO. OF DAYS WITH]      [WEATHER - DAYS WITH]      9 = BLOWING SNOW
                                                   X = TORNADO
MAX 32 OR BELOW:   0    0.01 INCH OR MORE:   5
MAX 90 OR ABOVE:   0    0.10 INCH OR MORE:   2
MIN 32 OR BELOW:   1    0.50 INCH OR MORE:   0
MIN  0 OR BELOW:   0    1.00 INCH OR MORE:   0

[HDD (BASE 65) ]
TOTAL THIS MO.   218    CLEAR  (SCALE 0-3)   8
DPTR FM NORMAL   -25    PTCLDY (SCALE 4-7)  11
TOTAL FM JUL 1   358    CLOUDY (SCALE 8-10)  3
DPTR FM NORMAL   -28

[CDD (BASE 65) ]
TOTAL THIS MO.    17
DPTR FM NORMAL    13    [PRESSURE DATA]
TOTAL FM JAN 1  1954    HIGHEST SLP M ON M
DPTR FM NORMAL   213    LOWEST  SLP 29.62 ON 18

[REMARKS]
