000
CXUS56 KSGX 011445
CF6FUL
PRELIMINARY LOCAL CLIMATOLOGICAL DATA (WS FORM: F-6)

                                          STATION:   FULLERTON AIRPORT CA
                                          MONTH:     FEBRUARY
                                          YEAR:      2015
                                          LATITUDE:   33 52 N
                                          LONGITUDE: 117 58 W

  TEMPERATURE IN F:       :PCPN:    SNOW:  WIND      :SUNSHINE: SKY     :PK WND
================================================================================
1   2   3   4   5  6A  6B    7    8   9   10  11  12  13   14  15   16   17  18
                                     12Z  AVG MX 2MIN
DY MAX MIN AVG DEP HDD CDD  WTR  SNW DPTH SPD SPD DIR MIN PSBL S-S WX    SPD DR
================================================================================

 1  77  49  63   6   2   0 0.00  0.0    0  2.0  8 210   M    M   0 18     11 210
 2  78  49  64   7   1   0 0.00  0.0    0  2.2  8 210   M    M   0 18     10 200
 3  74  51  63   6   2   0 0.00  0.0    0  2.8  8 200   M    M   4 128    11 190
 4  74  54  64   7   1   0 0.00  0.0    0  1.9  8 220   M    M   4 18     10 200
 5  80  51  66   9   0   1 0.00  0.0    0  2.6 10 210   M    M   3 128    14 220
 6  76  52  64   7   1   0 0.00  0.0    0  2.3  9 200   M    M   3 128    11 240
 7  75  53  64   7   1   0    T  0.0    0  2.3 10  90   M    M   8 18     13 320
 8  80  59  70  13   0   5 0.00  0.0    0  3.1 13 280   M    M   2 18     19 290
 9  77  57  67  10   0   2 0.00  0.0    0  3.2 10 270   M    M   4 18     28 240
10  80  50  65   8   0   0 0.00  0.0    0  1.9  9 190   M    M   0        12 200
11  88  50  69  11   0   4 0.00  0.0    0  7.5 22  80   M    M   0        27  90
12  90  52  71  13   0   6 0.00  0.0    0  5.1 18  90   M    M   0        24  90
13  90  54  72  14   0   7 0.00  0.0    0  2.5 10 290   M    M   0        15 240
14  87  54  71  13   0   6 0.00  0.0    0  3.4 10 230   M    M   0        14 200
15  78  53  66   8   0   1 0.00  0.0    0  3.0  9 190   M    M   0 8      11 220
16  72  55  64   6   1   0 0.00  0.0    0  3.2 10 190   M    M   5 18     14 190
17  73  56  65   7   0   0 0.00  0.0    0  2.2 10 200   M    M   5 8      15 200
18  74  53  64   6   1   0 0.00  0.0    0  2.9 13 220   M    M   3 18     16 190
19  73  55  64   6   1   0 0.00  0.0    0  2.2  9 210   M    M   4 18     13 210
20  70  55  63   5   2   0 0.00  0.0    0  3.0 10 210   M    M   3 18     27 210
21  70  58  64   6   1   0 0.00  0.0    0  4.0 13 210   M    M   7 8      17 220
22  67  51  59   0   6   0 0.20  0.0    0  4.0 15 210   M    M   7 18     21 220
23  66  50  58  -1   7   0 0.01  0.0    0  4.7 14 200   M    M   3        20 170
24  75  45  60   1   5   0 0.00  0.0    0  2.6 10 220   M    M   0        15 220
25  73  49  61   2   4   0 0.00  0.0    0  4.0 10 200   M    M   0        15 210
26  70  50  60   1   5   0 0.00  0.0    0  3.0 12 200   M    M   2 8      16 190
27  68  54  61   2   4   0 0.00  0.0    0  5.1 12 210   M    M   8        16 210
28  66  54  60   1   5   0 0.04  0.0    0  7.0 14 200   M    M   7        20 200
================================================================================
SM 2121 1473        50  32  0.25     0.0  93.7          M       82
================================================================================
AV 75.8 52.6                               3.3 FASTST   M    M   3    MAX(MPH)
                                 MISC ---->  # 22  80               # 28  240
================================================================================
NOTES:
# LAST OF SEVERAL OCCURRENCES

COLUMN 17 PEAK WIND IN M.P.H.

PRELIMINARY LOCAL CLIMATOLOGICAL DATA (WS FORM: F-6) , PAGE 2

                                          STATION:  FULLERTON AIRPORT CA
                                          MONTH:    FEBRUARY
                                          YEAR:     2015
                                          LATITUDE:   33 52 N
                                          LONGITUDE: 117 58 W

[TEMPERATURE DATA]      [PRECIPITATION DATA]       SYMBOLS USED IN COLUMN 16

AVERAGE MONTHLY: 64.2   TOTAL FOR MONTH:   0.25    1 = FOG OR MIST
DPTR FM NORMAL:   6.3   DPTR FM NORMAL:   -3.00    2 = FOG REDUCING VISIBILITY
HIGHEST:    90 ON 13,12 GRTST 24HR  0.21 ON 22-23      TO 1/4 MILE OR LESS
LOWEST:     45 ON 24                               3 = THUNDER
                        SNOW, ICE PELLETS, HAIL    4 = ICE PELLETS
                        TOTAL MONTH:   0.0 INCH    5 = HAIL
                        GRTST 24HR     0.0         6 = FREEZING RAIN OR DRIZZLE
                        GRTST DEPTH:   0           7 = DUSTSTORM OR SANDSTORM:
                                                       VSBY 1/2 MILE OR LESS
                                                   8 = SMOKE OR HAZE
[NO. OF DAYS WITH]      [WEATHER - DAYS WITH]      9 = BLOWING SNOW
                                                   X = TORNADO
MAX 32 OR BELOW:   0    0.01 INCH OR MORE:   3
MAX 90 OR ABOVE:   2    0.10 INCH OR MORE:   1
MIN 32 OR BELOW:   0    0.50 INCH OR MORE:   0
MIN  0 OR BELOW:   0    1.00 INCH OR MORE:   0

[HDD (BASE 65) ]
TOTAL THIS MO.    50    CLEAR  (SCALE 0-3)  16
DPTR FM NORMAL  -155    PTCLDY (SCALE 4-7)  11
TOTAL FM JUL 1   363    CLOUDY (SCALE 8-10)  1
DPTR FM NORMAL  -559

[CDD (BASE 65) ]
TOTAL THIS MO.    32
DPTR FM NORMAL    27    [PRESSURE DATA]
TOTAL FM JAN 1    51    HIGHEST SLP 30.23 ON 24
DPTR FM NORMAL    42    LOWEST  SLP 29.74 ON 27

[REMARKS]
#FINAL-02-15#
