000
CXUS53 KIWX 300800
CF6FWA
PRELIMINARY LOCAL CLIMATOLOGICAL DATA (WS FORM: F-6)

                                          STATION:   FORT WAYNE
                                          MONTH:     JUNE
                                          YEAR:      2015
                                          LATITUDE:   41  0 N
                                          LONGITUDE:  85 12 W

  TEMPERATURE IN F:       :PCPN:    SNOW:  WIND      :SUNSHINE: SKY     :PK WND
================================================================================
1   2   3   4   5  6A  6B    7    8   9   10  11  12  13   14  15   16   17  18
                                     12Z  AVG MX 2MIN
DY MAX MIN AVG DEP HDD CDD  WTR  SNW DPTH SPD SPD DIR MIN PSBL S-S WX    SPD DR
================================================================================

 1  61  49  55 -11  10   0 0.00  0.0    0  8.8 16  30   M    M   9        18  30
 2  69  44  57  -9   8   0 0.00  0.0    0  8.8 18  90   M    M   4 1      23  90
 3  71  47  59  -7   6   0 0.00  0.0    0  3.8 10 160   M    M   6        14  70
 4  79  57  68   1   0   3 0.00  0.0    0  3.0 12 210   M    M   7 18     17 210
 5  83  60  72   5   0   7 0.00  0.0    0  9.3 20 290   M    M   5 18     24  20
 6  75  59  67   0   0   2 0.00  0.0    0 11.2 17  40   M    M   8        23  50
 7  81  53  67  -1   0   2 0.57  0.0    0 12.1 40 240   M    M   7 13     55 240
 8  78  61  70   2   0   5 0.68  0.0    0 13.2 33 320   M    M   9 13     44 320
 9  77  57  67  -1   0   2 0.00  0.0    0  7.8 15 280   M    M   3 18     19 270
10  89  65  77   8   0  12 0.03  0.0    0 13.0 25 240   M    M   6 8      31 240
11  89  66  78   9   0  13 0.00  0.0    0  7.8 20  70   M    M   8 1      22  70
12  83  64  74   5   0   9 0.35  0.0    0  9.2 23 250   M    M   8 13     30 280
13  88  68  78   8   0  13 2.08  0.0    0  7.8 30 270   M    M   9 13     37 270
14  84  70  77   7   0  12 0.21  0.0    0 12.4 24 240   M    M   8 138    33 250
15  85  70  78   8   0  13 2.73  0.0    0  9.5 28 220   M    M   8 13     36 230
16  83  66  75   5   0  10 0.16  0.0    0  7.6 15 240   M    M   7 1      18 240
17  72  64  68  -3   0   3 1.43  0.0    0  5.9 14 120   M    M  10 13     17 120
18  84  69  77   6   0  12 0.17  0.0    0 11.0 39 230   M    M   9 13     50 230
19  70  65  68  -3   0   3 0.04  0.0    0  9.6 18  60   M    M  10 18     22  60
20  79  64  72   0   0   7 0.00  0.0    0  8.5 14 260   M    M   9 18     18 260
21  84  66  75   3   0  10 0.09  0.0    0  8.9 24 260   M    M   8 3      29 250
22  85  68  77   5   0  12 0.00  0.0    0 12.3 26 210   M    M   8 1      32 210
23  81  62  72   0   0   7 0.01  0.0    0  9.8 23 220   M    M   6 8      30 280
24  79  57  68  -4   0   3    T  0.0    0  4.3 10 270   M    M   7        14 230
25  81  64  73   0   0   8 0.44  0.0    0  6.9 14 230   M    M   7 13     17 230
26  74  61  68  -5   0   3 0.68  0.0    0 13.8 26  60   M    M  10 18     36  50
27  66  58  62 -11   3   0 2.05  0.0    0 20.5 53  40   M    M   9 1      65  40
28  78  55  67  -6   0   2 0.00  0.0    0  6.9 13 290   M    M   4        18 330
29  68  59  64  -9   1   0 0.19  0.0    0  6.7 20 130   M    M   9 1      24 140
================================================================================
SM 2276 1768        28 173 11.91     0.0 270.4          M      218
================================================================================
AV 78.5 61.0                               9.3 FASTST   M    M   8    MAX(MPH)
                                 MISC ---->  # 53  40               # 65   40
================================================================================
NOTES:
# LAST OF SEVERAL OCCURRENCES

COLUMN 17 PEAK WIND IN M.P.H.

PRELIMINARY LOCAL CLIMATOLOGICAL DATA (WS FORM: F-6) , PAGE 2

                                          STATION:  FORT WAYNE
                                          MONTH:    JUNE
                                          YEAR:     2015
                                          LATITUDE:   41  0 N
                                          LONGITUDE:  85 12 W

[TEMPERATURE DATA]      [PRECIPITATION DATA]       SYMBOLS USED IN COLUMN 16

AVERAGE MONTHLY: 69.7   TOTAL FOR MONTH:  11.91    1 = FOG OR MIST
DPTR FM NORMAL:  -0.2   DPTR FM NORMAL:    7.87    2 = FOG REDUCING VISIBILITY
HIGHEST:    89 ON 11,10 GRTST 24HR  2.89 ON 15-16      TO 1/4 MILE OR LESS
LOWEST:     44 ON  2                               3 = THUNDER
                        SNOW, ICE PELLETS, HAIL    4 = ICE PELLETS
                        TOTAL MONTH:   0.0 INCH    5 = HAIL
                        GRTST 24HR     0.0         6 = FREEZING RAIN OR DRIZZLE
                        GRTST DEPTH:   0           7 = DUSTSTORM OR SANDSTORM:
                                                       VSBY 1/2 MILE OR LESS
                                                   8 = SMOKE OR HAZE
[NO. OF DAYS WITH]      [WEATHER - DAYS WITH]      9 = BLOWING SNOW
                                                   X = TORNADO
MAX 32 OR BELOW:   0    0.01 INCH OR MORE:  17
MAX 90 OR ABOVE:   0    0.10 INCH OR MORE:  13
MIN 32 OR BELOW:   0    0.50 INCH OR MORE:   7
MIN  0 OR BELOW:   0    1.00 INCH OR MORE:   4

[HDD (BASE 65) ]
TOTAL THIS MO.    28    CLEAR  (SCALE 0-3)   1
DPTR FM NORMAL    -1    PTCLDY (SCALE 4-7)  16
TOTAL FM JUL 1  6679    CLOUDY (SCALE 8-10) 12
DPTR FM NORMAL   578

[CDD (BASE 65) ]
TOTAL THIS MO.   173
DPTR FM NORMAL    -1    [PRESSURE DATA]
TOTAL FM JAN 1   269    HIGHEST SLP M ON M
DPTR FM NORMAL    38    LOWEST  SLP 29.62 ON 27

[REMARKS]
