000
CXUS53 KUNR 290945
CF6GCC
PRELIMINARY LOCAL CLIMATOLOGICAL DATA (WS FORM: F-6)

                                          STATION:   GILLETTE AIRPORT WY
                                          MONTH:     APRIL
                                          YEAR:      2017
                                          LATITUDE:   44 20 N
                                          LONGITUDE: 105 32 W

  TEMPERATURE IN F:       :PCPN:    SNOW:  WIND      :SUNSHINE: SKY     :PK WND
================================================================================
1   2   3   4   5  6A  6B    7    8   9   10  11  12  13   14  15   16   17  18
                                     12Z  AVG MX 2MIN
DY MAX MIN AVG DEP HDD CDD  WTR  SNW DPTH SPD SPD DIR MIN PSBL S-S WX    SPD DR
================================================================================

 1  58  30  44   6  21   0 0.00    M    M 11.7 23 160   M    M   2 12     29 180
 2  50  38  44   5  21   0 0.13    M    M  8.5 20 350   M    M   9 1      24 330
 3  40  26  33  -6  32   0 0.28    M    M  8.8 22 340   M    M   7 1      26 340
 4  46  24  35  -4  30   0 0.02    M    M 10.3 26 340   M    M   6 1      31 310
 5  56  27  42   2  23   0 0.00    M    M 10.3 22 320   M    M   2 18     27 320
 6  67  30  49   9  16   0 0.00    M    M 13.1 21 180   M    M   1 8      26 180
 7  74  48  61  21   4   0 0.00    M    M 19.3 33 220   M    M   0        41 220
 8  59  34  47   7  18   0    T    M    M  6.1 21  20   M    M   5        25  10
 9  44  29  37  -3  28   0 0.35    M    M 17.9 38 310   M    M   8 12     45 310
10  49  26  38  -3  27   0    T    M    M  8.6 23 320   M    M   5 1      27 320
11  55  30  43   2  22   0 0.00    M    M  6.9 17 180   M    M   2        20 180
12  64  35  50   9  15   0 0.00    M    M  8.0 26 160   M    M   3        32 160
13  78  45  62  20   3   0 0.00    M    M 27.2 36 160   M    M   0        43 160
14  62  33  48   6  17   0 0.00    M    M 11.0 29 160   M    M   1        36 160
15  55  23  39  -3  26   0 0.00    M    M  9.5 23 320   M    M   4        29 330
16  58  19  39  -4  26   0 0.00    M    M  5.8 18  30   M    M   0        21  30
17  72  26  49   6  16   0 0.00    M    M 21.6 48 310   M    M   2        61 300
18  59  33  46   3  19   0 0.00    M    M 10.9 35 170   M    M   5        39 170
19  52  32  42  -2  23   0 1.05    M    M 15.7 36 170   M    M   7 1      43 180
20  60  34  47   3  18   0 0.00    M    M  7.2 15  90   M    M   0        22 120
21  54  42  48   4  17   0 0.01    M    M 11.3 24 160   M    M   6        28 170
22  57  40  49   4  16   0    T    M    M  9.1 24 180   M    M   7 1      29 180
23  71  37  54   9  11   0    T    M    M  8.4 35 260   M    M   1        46 260
24  62  35  49   4  16   0 0.17    M    M  9.5 24 190   M    M   5        30 190
25  43  26  35 -11  30   0 0.73    M    M 14.5 24  10   M    M  10        32  10
26  45  25  35 -11  30   0    T    M    M  4.2 10  10   M    M   0        13 360
27  41  29  35 -11  30   0 0.88    M    M  6.9 14 120   M    M   6        17 130
28  39  28  34 -13  31   0 0.69    M    M  9.5 21  30   M    M   9        26  40
================================================================================
SM 1570  884       586   0  4.31    M    311.8          M      113
================================================================================
AV 56.1 31.6                              11.1 FASTST   M    M   4    MAX(MPH)
                                 MISC ---->  # 48 310               # 61  300
================================================================================
NOTES:
# LAST OF SEVERAL OCCURRENCES

COLUMN 17 PEAK WIND IN M.P.H.

PRELIMINARY LOCAL CLIMATOLOGICAL DATA (WS FORM: F-6) , PAGE 2

                                          STATION:  GILLETTE AIRPORT WY
                                          MONTH:    APRIL
                                          YEAR:     2017
                                          LATITUDE:   44 20 N
                                          LONGITUDE: 105 32 W

[TEMPERATURE DATA]      [PRECIPITATION DATA]       SYMBOLS USED IN COLUMN 16

AVERAGE MONTHLY: 43.8   TOTAL FOR MONTH:   4.31    1 = FOG OR MIST
DPTR FM NORMAL:   1.5   DPTR FM NORMAL:    2.99    2 = FOG REDUCING VISIBILITY
HIGHEST:    78 ON 13    GRTST 24HR  1.53 ON 27-28      TO 1/4 MILE OR LESS
LOWEST:     19 ON 16                               3 = THUNDER
                        SNOW, ICE PELLETS, HAIL    4 = ICE PELLETS
                        TOTAL MONTH:    M          5 = HAIL
                        GRTST 24HR    M  ON   M    6 = FREEZING RAIN OR DRIZZLE
                        GRTST DEPTH:  M  ON   M    7 = DUSTSTORM OR SANDSTORM:
                                                       VSBY 1/2 MILE OR LESS
                                                   8 = SMOKE OR HAZE
[NO. OF DAYS WITH]      [WEATHER - DAYS WITH]      9 = BLOWING SNOW
                                                   X = TORNADO
MAX 32 OR BELOW:   0    0.01 INCH OR MORE:  10
MAX 90 OR ABOVE:   0    0.10 INCH OR MORE:   8
MIN 32 OR BELOW:  16    0.50 INCH OR MORE:   4
MIN  0 OR BELOW:   0    1.00 INCH OR MORE:   1

[HDD (BASE 65) ]
TOTAL THIS MO.   586    CLEAR  (SCALE 0-3)  12
DPTR FM NORMAL   -47    PTCLDY (SCALE 4-7)  13
TOTAL FM JUL 1  6048    CLOUDY (SCALE 8-10)  3
DPTR FM NORMAL  -932

[CDD (BASE 65) ]
TOTAL THIS MO.     0
DPTR FM NORMAL     0    [PRESSURE DATA]
TOTAL FM JAN 1     0    HIGHEST SLP M ON M
DPTR FM NORMAL     0    LOWEST  SLP 29.23 ON  8

[REMARKS]
