000
CXUS56 KFGZ 211749
CF6GCN
PRELIMINARY LOCAL CLIMATOLOGICAL DATA (WS FORM: F-6)

                                          STATION:   GRAND CANYON AZ AIRPORT
                                          MONTH:     OCTOBER
                                          YEAR:      2014
                                          LATITUDE:   35 57 N
                                          LONGITUDE: 112  9 W

  TEMPERATURE IN F:       :PCPN:    SNOW:  WIND      :SUNSHINE: SKY     :PK WND
================================================================================
1   2   3   4   5  6A  6B    7    8   9   10  11  12  13   14  15   16   17  18
                                     12Z  AVG MX 2MIN
DY MAX MIN AVG DEP HDD CDD  WTR  SNW DPTH SPD SPD DIR MIN PSBL S-S WX    SPD DR
================================================================================

 1  64  32  48  -4  17   0 0.00    M    M  4.2 14 280   M    M   2 18     23 260
 2  68  28  48  -4  17   0 0.00    M    M  3.9 14  60   M    M   0 18     18  50
 3  73  27  50  -1  15   0 0.00    M    M  5.1 17  50   M    M   0 18     22  30
 4  74  30  52   1  13   0 0.00    M    M  2.9 13 270   M    M   0 18     20 270
 5  74  28  51   0  14   0 0.00    M    M  3.5 16  50   M    M   0 18     22  50
 6  75  31  53   3  12   0 0.00    M    M  2.8 13 260   M    M   0        18 240
 7  70  37  54   4  11   0 0.00    M    M  1.5 10 230   M    M   2        14 290
 8  64  49  57   8   8   0    T    M    M  5.0 15  40   M    M   9        18  80
 9  69  37  53   4  12   0    T    M    M  3.1 16 270   M    M   4        20 270
10  73  32  53   4  12   0 0.00    M    M  3.1 15 270   M    M   0        21 290
11  71  31  51   3  14   0 0.00    M    M  3.2 14 240   M    M   0        19 240
12  70  28  49   1  16   0 0.00    M    M  6.8 22 300   M    M   0        37 300
13  64  25  45  -3  20   0 0.00    M    M  5.1 17  30   M    M   0 8      23  40
14  74  25  50   3  15   0 0.00    M    0  5.0 13 120   M    M   0 8      17 140
15  71  31  51   4  14   0 0.00    M    0  9.1 23 220   M    M   0 8      31 220
16  72  26  49   3  16   0 0.00    M    M  4.9 17 220   M    M   0 18     24 230
17  64  30  47   1  18   0 0.00    M    M  2.3 12 220   M    M   5        15 240
18  72  33  53   7  12   0 0.00    M    M  2.9 17  70   M    M   3        22  70
19  70  33  52   7  13   0 0.00    M    M  5.0 18  60   M    M   2        23  50
20  68  32  50   5  15   0 0.00    M    M  4.3 15  60   M    M   1        19  90
================================================================================
SM 1400  625       284   0    T     M     83.7          M       28
================================================================================
AV 70.0 31.2                               4.2 FASTST   M    M   1    MAX(MPH)
                                 MISC ---->  # 23 220               # 37  300
================================================================================
NOTES:
# LAST OF SEVERAL OCCURRENCES

COLUMN 17 PEAK WIND IN M.P.H.

PRELIMINARY LOCAL CLIMATOLOGICAL DATA (WS FORM: F-6) , PAGE 2

                                          STATION:  GRAND CANYON AZ AIRPORT
                                          MONTH:    OCTOBER
                                          YEAR:     2014
                                          LATITUDE:   35 57 N
                                          LONGITUDE: 112  9 W

[TEMPERATURE DATA]      [PRECIPITATION DATA]       SYMBOLS USED IN COLUMN 16

AVERAGE MONTHLY: 50.6   TOTAL FOR MONTH:      T    1 = FOG OR MIST
DPTR FM NORMAL:   2.1   DPTR FM NORMAL:   -0.93    2 = FOG REDUCING VISIBILITY
HIGHEST:    75 ON  6    GRTST 24HR    T  ON  9- 9      TO 1/4 MILE OR LESS
LOWEST:     25 ON 14,13                            3 = THUNDER
                        SNOW, ICE PELLETS, HAIL    4 = ICE PELLETS
                        TOTAL MONTH:    M          5 = HAIL
                        GRTST 24HR    M  ON   M    6 = FREEZING RAIN OR DRIZZLE
                        GRTST DEPTH:   0           7 = DUSTSTORM OR SANDSTORM:
                                                       VSBY 1/2 MILE OR LESS
                                                   8 = SMOKE OR HAZE
[NO. OF DAYS WITH]      [WEATHER - DAYS WITH]      9 = BLOWING SNOW
                                                   X = TORNADO
MAX 32 OR BELOW:   0    0.01 INCH OR MORE:   0
MAX 90 OR ABOVE:   0    0.10 INCH OR MORE:   0
MIN 32 OR BELOW:  15    0.50 INCH OR MORE:   0
MIN  0 OR BELOW:   0    1.00 INCH OR MORE:   0

[HDD (BASE 65) ]
TOTAL THIS MO.   284    CLEAR  (SCALE 0-3)  16
DPTR FM NORMAL   -46    PTCLDY (SCALE 4-7)   3
TOTAL FM JUL 1   459    CLOUDY (SCALE 8-10)  1
DPTR FM NORMAL  -190

[CDD (BASE 65) ]
TOTAL THIS MO.     0
DPTR FM NORMAL     0    [PRESSURE DATA]
TOTAL FM JAN 1   153    HIGHEST SLP M ON M
DPTR FM NORMAL    65    LOWEST  SLP 29.81 ON  1

[REMARKS]
