000
CXUS56 KFGZ 300900
CF6GCN
PRELIMINARY LOCAL CLIMATOLOGICAL DATA (WS FORM: F-6)

                                          STATION:   GRAND CANYON AZ AIRPORT
                                          MONTH:     JULY
                                          YEAR:      2014
                                          LATITUDE:   35 57 N
                                          LONGITUDE: 112  9 W

  TEMPERATURE IN F:       :PCPN:    SNOW:  WIND      :SUNSHINE: SKY     :PK WND
================================================================================
1   2   3   4   5  6A  6B    7    8   9   10  11  12  13   14  15   16   17  18
                                     12Z  AVG MX 2MIN
DY MAX MIN AVG DEP HDD CDD  WTR  SNW DPTH SPD SPD DIR MIN PSBL S-S WX    SPD DR
================================================================================

 1  87  47  67   4   0   2 0.06    M    M  7.8 30 210   M    M   2 3      54 180
 2  90  49  70   7   0   5 0.02    M    M  4.7 21  60   M    M   2 3      35 230
 3  90  42  66   2   0   1 0.00    M    M  7.8 21 180   M    M   1        31 190
 4  83  52  68   4   0   3 0.37    M    M  4.2 14 260   M    M   4 3      28 270
 5  83  56  70   6   0   5    T    M    M  3.8 14 230   M    M   6 3      19 260
 6  83  56  70   6   0   5 0.01    M    M  5.3 20 220   M    M   6 3      24 210
 7  85  56  71   6   0   6 0.06    M    M  4.5 17 220   M    M   1 3      26 250
 8  87  54  71   6   0   6 0.37    M    M  3.3 23 260   M    M   4 138    30 270
 9  80  51  66   1   0   1 0.31    M    M  4.5 17 100   M    M   2        21 180
10  79  53  66   1   0   1 0.11    M    M  4.1 25 210   M    M   5 13     33 210
11  84  51  68   3   0   3 0.00    M    M  3.9 18 230   M    M   1 1      23 230
12  88  51  70   5   0   5 0.00    M    M  3.4 16  30   M    M   2        21  40
13  92  52  72   6   0   7 0.05    M    M  4.5 20 220   M    M   1 3      24 220
14  82  57  70   4   0   5 0.33    M    M  5.8 26 240   M    M   0 138    31 240
15  77  58  68   2   0   3 0.02    M    M  6.5 21 210   M    M   4        27  60
16  83  56  70   4   0   5    T    M    M  4.3 18 240   M    M   1        26 270
17  87  49  68   2   0   3 0.00    M    M  5.9 20 240   M    M   1        26 230
18  88  46  67   1   0   2 0.00    M    M  5.3 15 250   M    M   1 8      22 230
19  86  50  68   2   0   3 0.00    M    M  5.2 23 230   M    M   2 8      33 230
20  86  46  66   0   0   1 0.00    M    M  7.4 23 220   M    M   0        30 240
21  86  41  64  -2   1   0 0.00    M    M  6.9 21 220   M    M   0 8      33 210
22  91  45  68   2   0   3 0.00    M    M  3.3 16 140   M    M   1 8      23 140
23  91  53  72   6   0   7 0.00    M    M  3.4 12 190   M    M   4 8      18 190
24  87  60  74   7   0   9 0.03    M    M  5.1 17 220   M    M   5 8      25 150
25  87  54  71   4   0   6    T    M    M  4.6 18 240   M    M   3 138    26 240
26  88  61  75   8   0  10 0.00  0.0    0  5.2 17 280   M    M   1 8      22 280
27  85  60  73   6   0   8 0.26  0.0    0  6.5 21  70   M    M   4 138    26  70
28  78  54  66  -1   0   1    T    M    M  4.1 20 240   M    M   2 3      25 230
29  83  50  67   0   0   2    T    M    M  4.2 20 230   M    M   2 3      27 220
================================================================================
SM 2476 1510         1 118  2.00     0.0 145.5          M       68
================================================================================
AV 85.4 52.1                               5.0 FASTST   M    M   2    MAX(MPH)
                                 MISC ---->  # 30 210               # 54  180
================================================================================
NOTES:
# LAST OF SEVERAL OCCURRENCES

COLUMN 17 PEAK WIND IN M.P.H.

PRELIMINARY LOCAL CLIMATOLOGICAL DATA (WS FORM: F-6) , PAGE 2

                                          STATION:  GRAND CANYON AZ AIRPORT
                                          MONTH:    JULY
                                          YEAR:     2014
                                          LATITUDE:   35 57 N
                                          LONGITUDE: 112  9 W

[TEMPERATURE DATA]      [PRECIPITATION DATA]       SYMBOLS USED IN COLUMN 16

AVERAGE MONTHLY: 68.7   TOTAL FOR MONTH:   2.00    1 = FOG OR MIST
DPTR FM NORMAL:   3.2   DPTR FM NORMAL:    0.41    2 = FOG REDUCING VISIBILITY
HIGHEST:    92 ON 13    GRTST 24HR  0.68 ON  8- 9      TO 1/4 MILE OR LESS
LOWEST:     41 ON 21                               3 = THUNDER
                        SNOW, ICE PELLETS, HAIL    4 = ICE PELLETS
                        TOTAL MONTH:   0.0 INCH    5 = HAIL
                        GRTST 24HR     0.0         6 = FREEZING RAIN OR DRIZZLE
                        GRTST DEPTH:   0           7 = DUSTSTORM OR SANDSTORM:
                                                       VSBY 1/2 MILE OR LESS
                                                   8 = SMOKE OR HAZE
[NO. OF DAYS WITH]      [WEATHER - DAYS WITH]      9 = BLOWING SNOW
                                                   X = TORNADO
MAX 32 OR BELOW:   0    0.01 INCH OR MORE:  13
MAX 90 OR ABOVE:   5    0.10 INCH OR MORE:   6
MIN 32 OR BELOW:   0    0.50 INCH OR MORE:   0
MIN  0 OR BELOW:   0    1.00 INCH OR MORE:   0

[HDD (BASE 65) ]
TOTAL THIS MO.     1    CLEAR  (SCALE 0-3)  20
DPTR FM NORMAL   -34    PTCLDY (SCALE 4-7)   9
TOTAL FM JUL 1     1    CLOUDY (SCALE 8-10)  0
DPTR FM NORMAL   -34

[CDD (BASE 65) ]
TOTAL THIS MO.   118
DPTR FM NORMAL    70    [PRESSURE DATA]
TOTAL FM JAN 1   126    HIGHEST SLP M ON M
DPTR FM NORMAL    76    LOWEST  SLP 29.81 ON  1

[REMARKS]
