000
CXUS55 KRIW 300901
CF6GEY
PRELIMINARY LOCAL CLIMATOLOGICAL DATA (WS FORM: F-6)

                                          STATION:   GREYBULL WY
                                          MONTH:     AUGUST
                                          YEAR:      2014
                                          LATITUDE:   44 30 N
                                          LONGITUDE: 108  4 W

  TEMPERATURE IN F:       :PCPN:    SNOW:  WIND      :SUNSHINE: SKY     :PK WND
================================================================================
1   2   3   4   5  6A  6B    7    8   9   10  11  12  13   14  15   16   17  18
                                     12Z  AVG MX 2MIN
DY MAX MIN AVG DEP HDD CDD  WTR  SNW DPTH SPD SPD DIR MIN PSBL S-S WX    SPD DR
================================================================================

 1  94  57  76   1   0  11    T  0.0    0  6.5 29 270   M    M   1        35 270
 2  95  64  80   5   0  15    T  0.0    0  4.1 12 180   M    M   2 3       M  M
 3  95  59  77   2   0  12 0.00  0.0    0  7.7 31 320   M    M   0        38 330
 4  80  62  71  -4   0   6    T  0.0    0  6.4 18 340   M    M   6        23 340
 5  85  60  73  -1   0   8 0.00  0.0    0  7.3 22 330   M    M   4        26 330
 6  83  58  71  -3   0   6 0.00  0.0    0  2.5 13 150   M    M   1 8      17 140
 7  90  61  76   2   0  11 0.00  0.0    0  5.2 29 270   M    M   1 3      36 280
 8  90  55  73  -1   0   8 0.00  0.0    0  5.8 23 290   M    M   0        30 290
 9  87  63  75   1   0  10 0.00  0.0    0  8.3 23 350   M    M   3        30 330
10  91  56  74   0   0   9 0.00  0.0    0  4.6 12 130   M    M   0        15 150
11  97  60  79   5   0  14 0.00  0.0    0  3.7 15 330   M    M   1        18  10
12  99  58  79   6   0  14 0.00  0.0    0  4.3 22 270   M    M   0        26 270
13  95  67  81   8   0  16 0.00  0.0    0  6.4 28 300   M    M   0        33 300
14  78  65  72  -1   0   7 0.30  0.0    0  4.7 20 160   M    M   5 1      26 150
15  90  59  75   2   0  10    T  0.0    0  3.8 18 290   M    M   0        23 310
16  90  58  74   2   0   9 0.00  0.0    0  5.4 15 300   M    M   0        20 300
17  91  57  74   2   0   9    T  0.0    0  6.0 20 340   M    M   0        24 330
18  89  58  74   2   0   9    T  0.0    0  5.3 16 290   M    M   0 3      20 340
19  92  54  73   1   0   8    T  0.0    0  6.4 26 290   M    M   1        31 290
20  85  64  75   4   0  10    T  0.0    0  6.8 31 310   M    M   4        39 310
21  75  59  67  -4   0   2    T  0.0    0  8.3 28 330   M    M   5        35 330
22  71  56  64  -7   1   0 0.24  0.0    0  6.3 20 300   M    M   6 13     24 290
23  64  50  57 -13   8   0 0.44  0.0    0 14.9 32 320   M    M  10 1      42 320
24  64  48  56 -14   9   0    T  0.0    0  9.1 28 320   M    M   7        34 320
25  68  50  59 -11   6   0 0.00  0.0    0  5.6 14 300   M    M   5        16 300
26  81  48  65  -4   0   0 0.00  0.0    0  2.7  9 130   M    M   1        15  70
27  79  52  66  -3   0   1 0.00  0.0    0  4.3 13 170   M    M   0        21 200
28  87  52  70   2   0   5    T  0.0    0  4.6 14 330   M    M   1 38     17 350
29  84  57  71   3   0   6    T  0.0    0  5.9 31 310   M    M   1 3      36 310
================================================================================
SM 2469 1667        24 216  0.98     0.0 172.9          M       65
================================================================================
AV 85.1 57.5                               6.0 FASTST   M    M   2    MAX(MPH)
                                 MISC ---->  # 32 320               # 42  320
================================================================================
NOTES:
# LAST OF SEVERAL OCCURRENCES

COLUMN 17 PEAK WIND IN M.P.H.

PRELIMINARY LOCAL CLIMATOLOGICAL DATA (WS FORM: F-6) , PAGE 2

                                          STATION:  GREYBULL WY
                                          MONTH:    AUGUST
                                          YEAR:     2014
                                          LATITUDE:   44 30 N
                                          LONGITUDE: 108  4 W

[TEMPERATURE DATA]      [PRECIPITATION DATA]       SYMBOLS USED IN COLUMN 16

AVERAGE MONTHLY: 71.3   TOTAL FOR MONTH:   0.98    1 = FOG OR MIST
DPTR FM NORMAL:  -0.9   DPTR FM NORMAL:    0.60    2 = FOG REDUCING VISIBILITY
HIGHEST:    99 ON 12    GRTST 24HR  0.63 ON 22-23      TO 1/4 MILE OR LESS
LOWEST:     48 ON 26,24                            3 = THUNDER
                        SNOW, ICE PELLETS, HAIL    4 = ICE PELLETS
                        TOTAL MONTH:   0.0 INCH    5 = HAIL
                        GRTST 24HR     0.0         6 = FREEZING RAIN OR DRIZZLE
                        GRTST DEPTH:   0           7 = DUSTSTORM OR SANDSTORM:
                                                       VSBY 1/2 MILE OR LESS
                                                   8 = SMOKE OR HAZE
[NO. OF DAYS WITH]      [WEATHER - DAYS WITH]      9 = BLOWING SNOW
                                                   X = TORNADO
MAX 32 OR BELOW:   0    0.01 INCH OR MORE:   3
MAX 90 OR ABOVE:  13    0.10 INCH OR MORE:   3
MIN 32 OR BELOW:   0    0.50 INCH OR MORE:   0
MIN  0 OR BELOW:   0    1.00 INCH OR MORE:   0

[HDD (BASE 65) ]
TOTAL THIS MO.    24    CLEAR  (SCALE 0-3)  20
DPTR FM NORMAL    16    PTCLDY (SCALE 4-7)   8
TOTAL FM JUL 1    24    CLOUDY (SCALE 8-10)  1
DPTR FM NORMAL    10

[CDD (BASE 65) ]
TOTAL THIS MO.   216
DPTR FM NORMAL    -5    [PRESSURE DATA]
TOTAL FM JAN 1   651    HIGHEST SLP M ON M
DPTR FM NORMAL    27    LOWEST  SLP 29.61 ON 19

[REMARKS]
