000
CXUS55 KRIW 291010
CF6GEY
PRELIMINARY LOCAL CLIMATOLOGICAL DATA (WS FORM: F-6)
STATION: GREYBULL WY
MONTH: MARCH
YEAR: 2024
LATITUDE: 44 30 N
LONGITUDE: 108 4 W
TEMPERATURE IN F: :PCPN: SNOW: WIND :SUNSHINE: SKY :PK WND
================================================================================
1 2 3 4 5 6A 6B 7 8 9 10 11 12 13 14 15 16 17 18
12Z AVG MX 2MIN
DY MAX MIN AVG DEP HDD CDD WTR SNW DPTH SPD SPD DIR MIN PSBL S-S WX SPD DR
================================================================================
1 58 29 44 13 21 0 0.02 M M 8.9 31 330 M M 4 1 40 320
2 59 33 46 15 19 0 0.11 M M 8.7 31 280 M M 7 1 44 280
3 40 23 32 0 33 0 T M M 6.6 26 290 M M 4 37 290
4 40 20 30 -2 35 0 T M M 5.4 18 80 M M 4 28 70
5 47 17 32 -1 33 0 0.00 M M 10.3 25 150 M M 1 37 140
6 41 25 33 -1 32 0 T M M 7.5 20 310 M M 5 1 27 310
7 44 21 33 -1 32 0 0.00 M M 7.5 20 310 M M 3 27 320
8 45 14 30 -5 35 0 0.00 M M 3.5 7 190 M M 0 M M
9 58 15 37 2 28 0 0.00 M M 3.7 13 130 M M 0 8 18 120
10 63 23 43 7 22 0 0.00 M M 5.1 13 160 M M 0 22 130
11 60 29 45 9 20 0 0.00 M M 3.1 12 330 M M 1 14 270
12 58 28 43 6 22 0 0.00 M M 6.5 15 310 M M 5 8 19 310
13 51 30 41 4 24 0 0.00 M M 14.8 28 340 M M 6 36 340
14 51 28 40 2 25 0 0.00 M M 10.1 22 330 M M 5 29 330
15 55 17 36 -2 29 0 0.00 M M 3.7 12 330 M M 1 16 320
16 59 26 43 5 22 0 0.00 M M 8.4 21 330 M M 5 25 340
17 57 33 45 6 20 0 0.00 M M 13.1 24 340 M M 1 31 330
18 68 25 47 8 18 0 0.00 M M 5.0 18 330 M M 0 23 340
19 68 26 47 7 18 0 0.00 M M 4.6 16 340 M M 1 23 300
20 66 31 49 9 16 0 0.00 M M 4.3 14 300 M M 2 8 18 300
21 57 30 44 4 21 0 T M M 9.6 29 340 M M 4 39 350
22 52 31 42 1 23 0 0.00 M M 9.9 21 310 M M 7 26 310
23 53 27 40 -1 25 0 T M M 9.9 28 340 M M 6 34 300
24 31 17 24 -17 41 0 0.04 M M 21.5 33 330 M M 9 12 44 330
25 35 8 22 -20 43 0 0.00 M M 5.0 15 330 M M 5 20 340
26 45 18 32 -10 33 0 0.00 M M 5.7 20 340 M M 5 28 330
27 56 20 38 -4 27 0 0.00 M M 5.2 21 290 M M 2 27 290
28 59 30 45 3 20 0 T M M 7.1 30 270 M M 4 43 280
================================================================================
SM 1476 674 737 0 0.17 M 214.7 M 97
================================================================================
AV 52.7 24.1 7.7 FASTST M M 3 MAX(MPH)
MISC ----> 33 330 # 44 280
================================================================================
NOTES:
# LAST OF SEVERAL OCCURRENCES
COLUMN 17 PEAK WIND IN M.P.H.
PRELIMINARY LOCAL CLIMATOLOGICAL DATA (WS FORM: F-6) , PAGE 2
STATION: GREYBULL WY
MONTH: MARCH
YEAR: 2024
LATITUDE: 44 30 N
LONGITUDE: 108 4 W
[TEMPERATURE DATA] [PRECIPITATION DATA] SYMBOLS USED IN COLUMN 16
AVERAGE MONTHLY: 38.4 TOTAL FOR MONTH: 0.17 1 = FOG OR MIST
DPTR FM NORMAL: 1.0 DPTR FM NORMAL: -0.02 2 = FOG REDUCING VISIBILITY
HIGHEST: 68 ON 19,18 GRTST 24HR 0.13 ON 1- 2 TO 1/4 MILE OR LESS
LOWEST: 8 ON 25 3 = THUNDER
SNOW, ICE PELLETS, HAIL 4 = ICE PELLETS
TOTAL MONTH: M 5 = HAIL
GRTST 24HR M ON M 6 = FREEZING RAIN OR DRIZZLE
GRTST DEPTH: M ON M 7 = DUSTSTORM OR SANDSTORM:
VSBY 1/2 MILE OR LESS
8 = SMOKE OR HAZE
[NO. OF DAYS WITH] [WEATHER - DAYS WITH] 9 = BLOWING SNOW
X = TORNADO
MAX 32 OR BELOW: 1 0.01 INCH OR MORE: 3
MAX 90 OR ABOVE: 0 0.10 INCH OR MORE: 1
MIN 32 OR BELOW: 26 0.50 INCH OR MORE: 0
MIN 0 OR BELOW: 0 1.00 INCH OR MORE: 0
[HDD (BASE 65) ]
TOTAL THIS MO. 737 CLEAR (SCALE 0-3) 12
DPTR FM NORMAL -35 PTCLDY (SCALE 4-7) 15
TOTAL FM JUL 1 5993 CLOUDY (SCALE 8-10) 1
DPTR FM NORMAL -603
[CDD (BASE 65) ]
TOTAL THIS MO. 0
DPTR FM NORMAL 0 [PRESSURE DATA]
TOTAL FM JAN 1 0 HIGHEST SLP M ON M
DPTR FM NORMAL 0 LOWEST SLP 29.21 ON 2
[REMARKS]