000
CXUS53 KIND 260730
CF6GEZ
PRELIMINARY LOCAL CLIMATOLOGICAL DATA (WS FORM: F-6)

                                          STATION:   SHELBYVILLE IN
                                          MONTH:     MAY
                                          YEAR:      2017
                                          LATITUDE:   39 35 N
                                          LONGITUDE:  85 48 W

  TEMPERATURE IN F:       :PCPN:    SNOW:  WIND      :SUNSHINE: SKY     :PK WND
================================================================================
1   2   3   4   5  6A  6B    7    8   9   10  11  12  13   14  15   16   17  18
                                     12Z  AVG MX 2MIN
DY MAX MIN AVG DEP HDD CDD  WTR  SNW DPTH SPD SPD DIR MIN PSBL S-S WX    SPD DR
================================================================================

 1  70  50  60   2   5   0 0.05    M    M 18.3 39 230   M    M   9 13     52 220
 2  64  47  56  -2   9   0 0.01    M    M 17.6 30 260   M    M   5        39 240
 3  56  42  49 -10  16   0 0.35    M    M  8.4 16  70   M    M   6        21  60
 4  53  49  51  -8  14   0 1.61    M    M 16.6 31  70   M    M  10 1      36  70
 5  57  45  51  -8  14   0 0.43    M    M 17.7 25  20   M    M   7 1      35 360
 6  63  42  53  -7  12   0    T    M    M 12.6 26 320   M    M   3        32 320
 7  63  39  51  -9  14   0 0.00    M    M 10.3 20 340   M    M   0        25 300
 8  66  36  51  -9  14   0 0.02    M    M  3.4 12 260   M    M   3        15 230
 9  68  51  60  -1   5   0 1.17    M    M  7.9 16 130   M    M   8 13     21 330
10  84  55  70   9   0   5 0.29    M    M  5.3 26 230   M    M   3 138    33 230
11  69  59  64   3   1   0 0.02    M    M  9.8 20 220   M    M   9 8      24 210
12  71  53  62   0   3   0 0.00    M    M  8.4 17  40   M    M   4        25  50
13  76  47  62   0   3   0 0.00    M    M  5.5 15 310   M    M   0 18     24 300
14  84  58  71   9   0   6 0.00    M    M  9.7 21 310   M    M   1        26 290
15  85  58  72   9   0   7 0.00    M    M  5.7 15 180   M    M   0        19 180
16  87  62  75  12   0  10 0.00    M    M 11.9 23 200   M    M   0        30 200
17  86  69  78  15   0  13    T    M    M 18.1 36 230   M    M   1 3      45 230
18  87  71  79  15   0  14    T    M    M 14.7 30 220   M    M   4 3      34 220
19  85  61  73   9   0   8 0.57    M    M  7.0 21 170   M    M   5 138    24 270
20  80  57  69   5   0   4 0.03    M    M 12.0 17 170   M    M   6 138    22 100
21  77  58  68   4   0   3 0.10    M    M 13.4 21 220   M    M   6 18     28 180
22  73  50  62  -3   3   0 0.00    M    M  5.8 21 300   M    M   0        24 310
23  76  56  66   1   0   1 0.00    M    M  4.4 12 140   M    M   2        16 150
24  66  60  63  -3   2   0 0.29    M    M  7.3 17 360   M    M   9 1      20 360
25  66  57  62  -4   3   0 0.61    M    M 13.3 22 300   M    M   9 1      28 310
================================================================================
SM 1812 1332       118  71  5.55    M    265.1          M      110
================================================================================
AV 72.5 53.3                              10.6 FASTST   M    M   4    MAX(MPH)
                                 MISC ---->  # 39 230               # 52  220
================================================================================
NOTES:
# LAST OF SEVERAL OCCURRENCES

COLUMN 17 PEAK WIND IN M.P.H.

PRELIMINARY LOCAL CLIMATOLOGICAL DATA (WS FORM: F-6) , PAGE 2

                                          STATION:  SHELBYVILLE IN
                                          MONTH:    MAY
                                          YEAR:     2017
                                          LATITUDE:   39 35 N
                                          LONGITUDE:  85 48 W

[TEMPERATURE DATA]      [PRECIPITATION DATA]       SYMBOLS USED IN COLUMN 16

AVERAGE MONTHLY: 62.9   TOTAL FOR MONTH:   5.55    1 = FOG OR MIST
DPTR FM NORMAL:   0.9   DPTR FM NORMAL:    1.10    2 = FOG REDUCING VISIBILITY
HIGHEST:    87 ON 18,16 GRTST 24HR  1.61 ON  4- 4      TO 1/4 MILE OR LESS
LOWEST:     36 ON  8                               3 = THUNDER
                        SNOW, ICE PELLETS, HAIL    4 = ICE PELLETS
                        TOTAL MONTH:    M          5 = HAIL
                        GRTST 24HR    M  ON   M    6 = FREEZING RAIN OR DRIZZLE
                        GRTST DEPTH:  M  ON   M    7 = DUSTSTORM OR SANDSTORM:
                                                       VSBY 1/2 MILE OR LESS
                                                   8 = SMOKE OR HAZE
[NO. OF DAYS WITH]      [WEATHER - DAYS WITH]      9 = BLOWING SNOW
                                                   X = TORNADO
MAX 32 OR BELOW:   0    0.01 INCH OR MORE:  14
MAX 90 OR ABOVE:   0    0.10 INCH OR MORE:   9
MIN 32 OR BELOW:   0    0.50 INCH OR MORE:   4
MIN  0 OR BELOW:   0    1.00 INCH OR MORE:   2

[HDD (BASE 65) ]
TOTAL THIS MO.   118    CLEAR  (SCALE 0-3)  10
DPTR FM NORMAL    -6    PTCLDY (SCALE 4-7)  10
TOTAL FM JUL 1  4105    CLOUDY (SCALE 8-10)  5
DPTR FM NORMAL -1279

[CDD (BASE 65) ]
TOTAL THIS MO.    71
DPTR FM NORMAL    25    [PRESSURE DATA]
TOTAL FM JAN 1   131    HIGHEST SLP M ON M
DPTR FM NORMAL    72    LOWEST  SLP 29.39 ON 25

[REMARKS]
