000
CXUS55 KALY 250710
CF6GFL
PRELIMINARY LOCAL CLIMATOLOGICAL DATA (WS FORM: F-6)

                                          STATION:   GLENS FALLS NY
                                          MONTH:     MAY
                                          YEAR:      2015
                                          LATITUDE:   43 20 N
                                          LONGITUDE:  73 37 W

  TEMPERATURE IN F:       :PCPN:    SNOW:  WIND      :SUNSHINE: SKY     :PK WND
================================================================================
1   2   3   4   5  6A  6B    7    8   9   10  11  12  13   14  15   16   17  18
                                     12Z  AVG MX 2MIN
DY MAX MIN AVG DEP HDD CDD  WTR  SNW DPTH SPD SPD DIR MIN PSBL S-S WX    SPD DR
================================================================================

 1  64  42  53   2  12   0 0.00    M    M  1.2  8 210   M    M   8        10 200
 2  74  38  56   5   9   0 0.00    M    M  3.1 14 160   M    M   2 1      19 190
 3  76  41  59   8   6   0 0.00    M    M  3.5 15 210   M    M   3        20 210
 4  85  43  64  12   1   0 0.00    M    M  7.3 22 230   M    M   3        32 240
 5  74  54  64  12   1   0 0.00    M    M  6.5 15  80   M    M   1        19 280
 6  76  43  60   8   5   0 0.00    M    M  2.8 14 150   M    M   0        18 150
 7  82  40  61   8   4   0 0.00    M    M  4.6 20 160   M    M   0        25 150
 8  88  49  69  16   0   4 0.00    M    M  4.4 15 160   M    M   0        18 150
 9  83  59  71  18   0   6 0.00    M    M  9.5 18 180   M    M   0        25 160
10  86  65  76  22   0  11 0.06    M    M  7.6 16 190   M    M   7 1      22 180
11  86  58  72  18   0   7 0.21    M    M  6.4 21  10   M    M   7 13     27  10
12  79  56  68  14   0   3 0.65    M    M  8.4 32 280   M    M   5 1      45 280
13  61  41  51  -3  14   0 0.00    M    M 10.3 25 350   M    M   6        34 350
14  68  39  54  -1  11   0 0.00    M    M  3.9 12  20   M    M   0        14 170
15  71  38  55   0  10   0 0.00    M    M  2.0 10 140   M    M   2        13 160
16  77  56  67  12   0   2    T    M    M  6.7 15 190   M    M   6 1      20 170
17  82  51  67  11   0   2 0.00    M    M  3.4 13  10   M    M   1 12     17  10
18  81  52  67  11   0   2 0.00    M    M  8.1 20 190   M    M   2 1      28 200
19  77  55  66  10   0   1 0.35    M    M  8.5 24 300   M    M   7 13     32 290
20  59  40  50  -7  15   0    T    M    M 10.0 23 310   M    M   5        31 340
21  68  37  53  -4  12   0 0.00    M    M  6.1 18 220   M    M   2        26 210
22  66  44  55  -2  10   0 0.00    M    M  8.3 23 300   M    M   6        30 300
23  65  31  48 -10  17   0 0.00  0.0    0  6.5 16 220   M    M   1        22 220
24  81  46  64   6   1   0 0.00    M    M  8.3 15 240   M    M   2        25 240
================================================================================
SM 1809 1118       128  38  1.27     0.0 147.4          M       76
================================================================================
AV 75.4 46.6                               6.1 FASTST   M    M   3    MAX(MPH)
                                 MISC ---->  # 32 280               # 45  280
================================================================================
NOTES:
# LAST OF SEVERAL OCCURRENCES

COLUMN 17 PEAK WIND IN M.P.H.

PRELIMINARY LOCAL CLIMATOLOGICAL DATA (WS FORM: F-6) , PAGE 2

                                          STATION:  GLENS FALLS NY
                                          MONTH:    MAY
                                          YEAR:     2015
                                          LATITUDE:   43 20 N
                                          LONGITUDE:  73 37 W

[TEMPERATURE DATA]      [PRECIPITATION DATA]       SYMBOLS USED IN COLUMN 16

AVERAGE MONTHLY: 61.0   TOTAL FOR MONTH:   1.27    1 = FOG OR MIST
DPTR FM NORMAL:   6.6   DPTR FM NORMAL:   -1.53    2 = FOG REDUCING VISIBILITY
HIGHEST:    88 ON  8    GRTST 24HR  0.86 ON 11-12      TO 1/4 MILE OR LESS
LOWEST:     31 ON 23                               3 = THUNDER
                        SNOW, ICE PELLETS, HAIL    4 = ICE PELLETS
                        TOTAL MONTH:   0.0 INCH    5 = HAIL
                        GRTST 24HR     0.0         6 = FREEZING RAIN OR DRIZZLE
                        GRTST DEPTH:   0           7 = DUSTSTORM OR SANDSTORM:
                                                       VSBY 1/2 MILE OR LESS
                                                   8 = SMOKE OR HAZE
[NO. OF DAYS WITH]      [WEATHER - DAYS WITH]      9 = BLOWING SNOW
                                                   X = TORNADO
MAX 32 OR BELOW:   0    0.01 INCH OR MORE:   4
MAX 90 OR ABOVE:   0    0.10 INCH OR MORE:   3
MIN 32 OR BELOW:   1    0.50 INCH OR MORE:   1
MIN  0 OR BELOW:   0    1.00 INCH OR MORE:   0

[HDD (BASE 65) ]
TOTAL THIS MO.   128    CLEAR  (SCALE 0-3)  15
DPTR FM NORMAL  -136    PTCLDY (SCALE 4-7)   9
TOTAL FM JUL 1  7591    CLOUDY (SCALE 8-10)  0
DPTR FM NORMAL    51

[CDD (BASE 65) ]
TOTAL THIS MO.    38
DPTR FM NORMAL    37    [PRESSURE DATA]
TOTAL FM JAN 1    38    HIGHEST SLP M ON M
DPTR FM NORMAL    36    LOWEST  SLP 29.70 ON 12

[REMARKS]
