000
CXUS55 KGGW 300800
CF6GGW
PRELIMINARY LOCAL CLIMATOLOGICAL DATA (WS FORM: F-6)

                                          STATION:   GLASGOW MT
                                          MONTH:     JUNE
                                          YEAR:      2015
                                          LATITUDE:   48 13 N
                                          LONGITUDE: 106 37 W

  TEMPERATURE IN F:       :PCPN:    SNOW:  WIND      :SUNSHINE: SKY     :PK WND
================================================================================
1   2   3   4   5  6A  6B    7    8   9   10  11  12  13   14  15   16   17  18
                                     12Z  AVG MX 2MIN
DY MAX MIN AVG DEP HDD CDD  WTR  SNW DPTH SPD SPD DIR MIN PSBL S-S WX    SPD DR
================================================================================

 1  86  54  70  10   0   5 0.00  0.0    0 12.2 26  50   M    M   1        34  60
 2  66  52  59  -1   6   0 1.36  0.0    0  8.5 26  60   M    M   9 13     34  50
 3  71  53  62   1   3   0 0.01  0.0    0 12.1 18 100   M    M   5 1      25 130
 4  69  54  62   1   3   0 0.00  0.0    0 17.1 31 110   M    M   4        36 120
 5  76  53  65   4   0   0 0.14  0.0    0 10.2 21 300   M    M   7 13     29 350
 6  82  56  69   8   0   4 0.00  0.0    0  6.6 16 290   M    M   1        24 290
 7  84  53  69   7   0   4 0.00  0.0    0  8.2 21 320   M    M   2        28 310
 8  91  58  75  13   0  10 0.00  0.0    0  7.7 17 270   M    M   1        21 290
 9  85  63  74  12   0   9    T  0.0    0  9.2 20 110   M    M   0        23  20
10  70  55  63   1   2   0 0.39  0.0    0 15.9 25 110   M    M   7 1      33 100
11  78  54  66   3   0   1 0.00  0.0    0 12.4 21 140   M    M   2        27 140
12  84  55  70   7   0   5 0.00  0.0    0 10.9 21  20   M    M   0        26  20
13  72  48  60  -3   5   0 0.00  0.0    0  9.6 24 270   M    M   0        34 280
14  71  48  60  -4   5   0 0.00  0.0    0 11.0 22 320   M    M   1        28 330
15  70  42  56  -8   9   0 0.00  0.0    0  5.2 13 110   M    M   1        15 100
16  71  51  61  -3   4   0 0.00  0.0    0 10.5 14 170   M    M   4        20 140
17  83  49  66   2   0   1 0.45  0.0    0 12.1 44 310   M    M   1 3      58 310
18  68  49  59  -6   6   0 0.01  0.0    0 14.0 26 120   M    M   3        33 130
19  82  54  68   3   0   3    T  0.0    0  8.3 31  10   M    M   1 13     38  10
20  81  50  66   1   0   1 0.00  0.0    0  9.1 18 320   M    M   0        23 320
21  82  51  67   1   0   2    T  0.0    0 11.8 22 300   M    M   1        28 310
22  77  46  62  -4   3   0 0.00  0.0    0  8.4 17 280   M    M   0        22 280
23  86  53  70   4   0   5    T  0.0    0 10.0 22  60   M    M   0        29  60
24  84  59  72   6   0   7    T  0.0    0 10.4 20 150   M    M   1 3      25 150
25  83  58  71   4   0   6 0.22  0.0    0  6.4 22 200   M    M   3 3      26 200
26  91  55  73   6   0   8 0.00  0.0    0  7.0 15 340   M    M   0        18 340
27  94  60  77  10   0  12 0.00  0.0    0  7.3 14 100   M    M   0        18  60
28  97  61  79  12   0  14 0.00  0.0    0 11.1 20 110   M    M   0        25 120
29  98  63  81  13   0  16 0.00  0.0    0 10.2 23  50   M    M   0 8      32  50
================================================================================
SM 2332 1557        46 113  2.58     0.0 293.4          M       55
================================================================================
AV 80.4 53.7                              10.1 FASTST   M    M   2    MAX(MPH)
                                 MISC ---->  # 44 310               # 58  310
================================================================================
NOTES:
# LAST OF SEVERAL OCCURRENCES

COLUMN 17 PEAK WIND IN M.P.H.

PRELIMINARY LOCAL CLIMATOLOGICAL DATA (WS FORM: F-6) , PAGE 2

                                          STATION:  GLASGOW MT
                                          MONTH:    JUNE
                                          YEAR:     2015
                                          LATITUDE:   48 13 N
                                          LONGITUDE: 106 37 W

[TEMPERATURE DATA]      [PRECIPITATION DATA]       SYMBOLS USED IN COLUMN 16

AVERAGE MONTHLY: 67.1   TOTAL FOR MONTH:   2.58    1 = FOG OR MIST
DPTR FM NORMAL:   3.2   DPTR FM NORMAL:    0.31    2 = FOG REDUCING VISIBILITY
HIGHEST:    98 ON 29    GRTST 24HR  1.36 ON  2- 2      TO 1/4 MILE OR LESS
LOWEST:     42 ON 15                               3 = THUNDER
                        SNOW, ICE PELLETS, HAIL    4 = ICE PELLETS
                        TOTAL MONTH:   0.0 INCH    5 = HAIL
                        GRTST 24HR     0.0         6 = FREEZING RAIN OR DRIZZLE
                        GRTST DEPTH:   0           7 = DUSTSTORM OR SANDSTORM:
                                                       VSBY 1/2 MILE OR LESS
                                                   8 = SMOKE OR HAZE
[NO. OF DAYS WITH]      [WEATHER - DAYS WITH]      9 = BLOWING SNOW
                                                   X = TORNADO
MAX 32 OR BELOW:   0    0.01 INCH OR MORE:   7
MAX 90 OR ABOVE:   5    0.10 INCH OR MORE:   5
MIN 32 OR BELOW:   0    0.50 INCH OR MORE:   1
MIN  0 OR BELOW:   0    1.00 INCH OR MORE:   1

[HDD (BASE 65) ]
TOTAL THIS MO.    46    CLEAR  (SCALE 0-3)  23
DPTR FM NORMAL   -59    PTCLDY (SCALE 4-7)   5
TOTAL FM JUL 1  7816    CLOUDY (SCALE 8-10)  1
DPTR FM NORMAL  -620

[CDD (BASE 65) ]
TOTAL THIS MO.   113
DPTR FM NORMAL    42    [PRESSURE DATA]
TOTAL FM JAN 1   113    HIGHEST SLP M ON M
DPTR FM NORMAL    25    LOWEST  SLP 29.58 ON 12

[REMARKS]
