000
CXUS54 KFWD 170730
CF6GKY
PRELIMINARY LOCAL CLIMATOLOGICAL DATA (WS FORM: F-6)

                                          STATION:   ARLINGTON
                                          MONTH:     OCTOBER
                                          YEAR:      2017
                                          LATITUDE:   32 39 N
                                          LONGITUDE:  97  6 W

  TEMPERATURE IN F:       :PCPN:    SNOW:  WIND      :SUNSHINE: SKY     :PK WND
================================================================================
1   2   3   4   5  6A  6B    7    8   9   10  11  12  13   14  15   16   17  18
                                     12Z  AVG MX 2MIN
DY MAX MIN AVG DEP HDD CDD  WTR  SNW DPTH SPD SPD DIR MIN PSBL S-S WX    SPD DR
================================================================================

 1  87  59  73   1   0   8 0.00  0.0    0  3.5 13 180   M    M   0        26 120
 2  89  63  76   4   0  11 0.00  0.0    0 10.7 21 150   M    M   1        26 120
 3  86  74  80   9   0  15 0.33  0.0    0  9.5 22 130   M    M   9 13     28 140
 4  86  71  79   8   0  14 0.11  0.0    0  7.1 16 120   M    M   5 1      23 110
 5  86  64  75   4   0  10 0.00  0.0    0  4.7 12 150   M    M   0        16 150
 6  87  66  77   7   0  12 0.00  0.0    0  8.6 17 150   M    M   0        24 140
 7  87  56  72   2   0   7 0.00  0.0    0  6.8 17 340   M    M   2        22 340
 8  89  51  70   0   0   5 0.00  0.0    0  3.7 13 170   M    M   0        21 150
 9  93  66  80  11   0  15    T  0.0    0 12.4 22 160   M    M   2        29 300
10  70  54  62  -7   3   0 0.13  0.0    0 14.2 24 310   M    M   4 3      33 310
11  74  46  60  -9   5   0 0.00  0.0    0  3.8 14 340   M    M   0        18 350
12  86  52  69   1   0   4 0.00  0.0    0  4.9 15 150   M    M   0        19 140
13  90  64  77   9   0  12 0.00  0.0    0  7.4 16 170   M    M   1        22 190
14  91  69  80  12   0  15 0.00  0.0    0  9.8 21 150   M    M   0        24 160
15  77  55  66  -1   0   1 0.01  0.0    0 15.3 31 350   M    M   3        38 350
16  73  44  59  -8   6   0 0.00  0.0    0  6.1 12 340   M    M   0        15 360
================================================================================
SM 1351  954        14 129  0.58     0.0 128.5          M       27
================================================================================
AV 84.4 59.6                               8.0 FASTST   M    M   2    MAX(MPH)
                                 MISC ---->  # 31 350               # 38  350
================================================================================
NOTES:
# LAST OF SEVERAL OCCURRENCES

COLUMN 17 PEAK WIND IN M.P.H.

PRELIMINARY LOCAL CLIMATOLOGICAL DATA (WS FORM: F-6) , PAGE 2

                                          STATION:  ARLINGTON
                                          MONTH:    OCTOBER
                                          YEAR:     2017
                                          LATITUDE:   32 39 N
                                          LONGITUDE:  97  6 W

[TEMPERATURE DATA]      [PRECIPITATION DATA]       SYMBOLS USED IN COLUMN 16

AVERAGE MONTHLY: 72.0   TOTAL FOR MONTH:   0.58    1 = FOG OR MIST
DPTR FM NORMAL:   2.5   DPTR FM NORMAL:   -1.64    2 = FOG REDUCING VISIBILITY
HIGHEST:    93 ON  9    GRTST 24HR  0.44 ON  3- 4      TO 1/4 MILE OR LESS
LOWEST:     44 ON 16                               3 = THUNDER
                        SNOW, ICE PELLETS, HAIL    4 = ICE PELLETS
                        TOTAL MONTH:   0.0 INCH    5 = HAIL
                        GRTST 24HR     0.0         6 = FREEZING RAIN OR DRIZZLE
                        GRTST DEPTH:   0           7 = DUSTSTORM OR SANDSTORM:
                                                       VSBY 1/2 MILE OR LESS
                                                   8 = SMOKE OR HAZE
[NO. OF DAYS WITH]      [WEATHER - DAYS WITH]      9 = BLOWING SNOW
                                                   X = TORNADO
MAX 32 OR BELOW:   0    0.01 INCH OR MORE:   4
MAX 90 OR ABOVE:   3    0.10 INCH OR MORE:   3
MIN 32 OR BELOW:   0    0.50 INCH OR MORE:   0
MIN  0 OR BELOW:   0    1.00 INCH OR MORE:   0

[HDD (BASE 65) ]
TOTAL THIS MO.    14    CLEAR  (SCALE 0-3)  13
DPTR FM NORMAL    -6    PTCLDY (SCALE 4-7)   2
TOTAL FM JUL 1    14    CLOUDY (SCALE 8-10)  1
DPTR FM NORMAL   -10

[CDD (BASE 65) ]
TOTAL THIS MO.   129
DPTR FM NORMAL    36    [PRESSURE DATA]
TOTAL FM JAN 1  2694    HIGHEST SLP M ON M
DPTR FM NORMAL   150    LOWEST  SLP 29.58 ON  8

[REMARKS]
