000
CXUS54 KJAN 191200
CF6GLH
PRELIMINARY LOCAL CLIMATOLOGICAL DATA (WS FORM: F-6)

                                          STATION:   GREENVILLE
                                          MONTH:     FEBRUARY
                                          YEAR:      2018
                                          LATITUDE:   33 29 N
                                          LONGITUDE:  90 59 W

  TEMPERATURE IN F:       :PCPN:    SNOW:  WIND      :SUNSHINE: SKY     :PK WND
================================================================================
1   2   3   4   5  6A  6B    7    8   9   10  11  12  13   14  15   16   17  18
                                     12Z  AVG MX 2MIN
DY MAX MIN AVG DEP HDD CDD  WTR  SNW DPTH SPD SPD DIR MIN PSBL S-S WX    SPD DR
================================================================================

 1  67  38  53  10  12   0 0.01  0.0    0 14.5 26  10   M    M   7        34  20
 2  41  28  35  -8  30   0 0.00  0.0    0 13.1 24  20   M    M   0        31  20
 3  50  26  38  -6  27   0 0.56  0.0    0  8.4 21 160   M    M   5        26 160
 4  57  36  47   3  18   0 0.03  0.0    0  7.3 26 360   M    M   5        33 360
 5  48  30  39  -5  26   0    T  0.0    0  7.7 22  20   M    M   6        28 360
 6  48  40  44   0  21   0 1.16  0.0    0  8.9 25 290   M    M  10 3      34 290
 7  43  32  38  -6  27   0 0.71  0.0    0 13.8 23 330   M    M   7 3      27 330
 8  51  29  40  -5  25   0 0.00  0.0    0  5.9 13  20   M    M   0        15  20
 9  60  33  47   2  18   0 0.03  0.0    0  7.7 13 150   M    M   6        16 150
10  64  54  59  14   6   0 1.16  0.0    0  6.2 14 150   M    M  10        18 140
11  54  34  44  -1  21   0 0.03  0.0    0 12.5 18  10   M    M  10        24 360
12  38  31  35 -11  30   0 0.00  0.0    0 12.9 21  20   M    M  10        29  30
13  49  36  43  -3  22   0 0.00  0.0    0  5.4 12 330   M    M  10        14  40
14  67  48  58  12   7   0 0.12  0.0    0  8.5 17 210   M    M   8 1      22 200
15  78  63  71  24   0   6 0.00  0.0    0 15.5 25 220   M    M   5        32 230
16  68  46  57  10   8   0    T  0.0    0 15.6 26  10   M    M   8        33  20
17  52  46  49   2  16   0 0.20  0.0    0  6.7 23 290   M    M  10        29 300
18  59  43  51   4  14   0 0.01  0.0    0  9.2 21 160   M    M   6        29 160
================================================================================
SM  994  693       328   6  4.02     0.0 179.8          M      123
================================================================================
AV 55.2 38.5                              10.0 FASTST   M    M   7    MAX(MPH)
                                 MISC ---->  # 26  10               # 34   20
================================================================================
NOTES:
# LAST OF SEVERAL OCCURRENCES

COLUMN 17 PEAK WIND IN M.P.H.

PRELIMINARY LOCAL CLIMATOLOGICAL DATA (WS FORM: F-6) , PAGE 2

                                          STATION:  GREENVILLE
                                          MONTH:    FEBRUARY
                                          YEAR:     2018
                                          LATITUDE:   33 29 N
                                          LONGITUDE:  90 59 W

[TEMPERATURE DATA]      [PRECIPITATION DATA]       SYMBOLS USED IN COLUMN 16

AVERAGE MONTHLY: 46.9   TOTAL FOR MONTH:   4.02    1 = FOG OR MIST
DPTR FM NORMAL:   1.8   DPTR FM NORMAL:    0.47    2 = FOG REDUCING VISIBILITY
HIGHEST:    78 ON 15    GRTST 24HR  1.16 ON 10-10      TO 1/4 MILE OR LESS
LOWEST:     26 ON  3                               3 = THUNDER
                        SNOW, ICE PELLETS, HAIL    4 = ICE PELLETS
                        TOTAL MONTH:   0.0 INCH    5 = HAIL
                        GRTST 24HR     0.0         6 = FREEZING RAIN OR DRIZZLE
                        GRTST DEPTH:   0           7 = DUSTSTORM OR SANDSTORM:
                                                       VSBY 1/2 MILE OR LESS
                                                   8 = SMOKE OR HAZE
[NO. OF DAYS WITH]      [WEATHER - DAYS WITH]      9 = BLOWING SNOW
                                                   X = TORNADO
MAX 32 OR BELOW:   0    0.01 INCH OR MORE:  11
MAX 90 OR ABOVE:   0    0.10 INCH OR MORE:   6
MIN 32 OR BELOW:   6    0.50 INCH OR MORE:   4
MIN  0 OR BELOW:   0    1.00 INCH OR MORE:   2

[HDD (BASE 65) ]
TOTAL THIS MO.   328    CLEAR  (SCALE 0-3)   2
DPTR FM NORMAL   -32    PTCLDY (SCALE 4-7)  10
TOTAL FM JUL 1  2165    CLOUDY (SCALE 8-10)  6
DPTR FM NORMAL    16

[CDD (BASE 65) ]
TOTAL THIS MO.     6
DPTR FM NORMAL     6    [PRESSURE DATA]
TOTAL FM JAN 1     6    HIGHEST SLP M ON M
DPTR FM NORMAL     5    LOWEST  SLP 29.81 ON  4

[REMARKS]
