000
CXUS54 KJAN 221000
CF6GLH
PRELIMINARY LOCAL CLIMATOLOGICAL DATA (WS FORM: F-6)

                                          STATION:   GREENVILLE
                                          MONTH:     NOVEMBER
                                          YEAR:      2017
                                          LATITUDE:   33 29 N
                                          LONGITUDE:  90 59 W

  TEMPERATURE IN F:       :PCPN:    SNOW:  WIND      :SUNSHINE: SKY     :PK WND
================================================================================
1   2   3   4   5  6A  6B    7    8   9   10  11  12  13   14  15   16   17  18
                                     12Z  AVG MX 2MIN
DY MAX MIN AVG DEP HDD CDD  WTR  SNW DPTH SPD SPD DIR MIN PSBL S-S WX    SPD DR
================================================================================

 1  66  52  59   0   6   0 0.01  0.0    0  9.9 21 190   M    M   8        25 180
 2  82  66  74  15   0   9 0.00  0.0    0 12.7 23 200   M    M   8        28 200
 3  84  63  74  15   0   9 0.60  0.0    0  9.3 22 170   M    M   7 3      28 180
 4  80  63  72  14   0   7 0.06  0.0    0  7.8 13 190   M    M   5        15 210
 5  80  69  75  17   0  10 0.00  0.0    0 12.8 24 200   M    M   6        30 180
 6  83  70  77  19   0  12 0.00  0.0    0  9.7 16 210   M    M   6        19 190
 7  72  52  62   5   3   0    T  0.0    0 10.2 18  10   M    M   9        23  10
 8  52  48  50  -7  15   0 0.75  0.0    0  9.9 17  10   M    M  10        21  10
 9  62  42  52  -4  13   0    T  0.0    0  7.9 16 350   M    M   2        20 340
10  62  38  50  -6  15   0 0.00  0.0    0  8.3 16  50   M    M   0        20  30
11  64  36  50  -6  15   0 0.00  0.0    0  3.7  8  50   M    M   1        11  20
12  63  50  57   2   8   0    T  0.0    0  2.3  9 120   M    M  10        10 120
13  65  45  55   0  10   0 0.00  0.0    0  8.5 15  50   M    M   1        18  40
14  66  38  52  -2  13   0 0.00  0.0    0  2.3  8 120   M    M   0        12  50
15  67  44  56   2   9   0 0.00  0.0    0  5.8 14 230   M    M   8        18 200
16  64  53  59   5   6   0 0.00  0.0    0  6.0 13  40   M    M  10        18  10
17  77  51  64  11   1   0 0.00  0.0    0 11.5 22 210   M    M   4        26 200
18  81  48  65  12   0   0 0.01    M    0 20.5 38 320   M    M   6        48 320
19  58  32  45  -7  20   0 0.00  0.0    0  8.6 22  20   M    M   0        28  10
20  56  27  42 -10  23   0 0.00  0.0    0  3.7 10 170   M    M   0        14 160
21  65  32  49  -3  16   0 0.00  0.0    0  4.1 14 190   M    M   1        16 180
================================================================================
SM 1449 1019       173  47  1.43     0.0 175.5          M      102
================================================================================
AV 69.0 48.5                               8.4 FASTST   M    M   5    MAX(MPH)
                                 MISC ---->  # 38 320               # 48  320
================================================================================
NOTES:
# LAST OF SEVERAL OCCURRENCES

COLUMN 17 PEAK WIND IN M.P.H.

PRELIMINARY LOCAL CLIMATOLOGICAL DATA (WS FORM: F-6) , PAGE 2

                                          STATION:  GREENVILLE
                                          MONTH:    NOVEMBER
                                          YEAR:     2017
                                          LATITUDE:   33 29 N
                                          LONGITUDE:  90 59 W

[TEMPERATURE DATA]      [PRECIPITATION DATA]       SYMBOLS USED IN COLUMN 16

AVERAGE MONTHLY: 58.8   TOTAL FOR MONTH:   1.43    1 = FOG OR MIST
DPTR FM NORMAL:   3.2   DPTR FM NORMAL:   -1.73    2 = FOG REDUCING VISIBILITY
HIGHEST:    84 ON  3    GRTST 24HR  0.75 ON  8- 8      TO 1/4 MILE OR LESS
LOWEST:     27 ON 20                               3 = THUNDER
                        SNOW, ICE PELLETS, HAIL    4 = ICE PELLETS
                        TOTAL MONTH:   0.0 INCH    5 = HAIL
                        GRTST 24HR     0.0         6 = FREEZING RAIN OR DRIZZLE
                        GRTST DEPTH:   0           7 = DUSTSTORM OR SANDSTORM:
                                                       VSBY 1/2 MILE OR LESS
                                                   8 = SMOKE OR HAZE
[NO. OF DAYS WITH]      [WEATHER - DAYS WITH]      9 = BLOWING SNOW
                                                   X = TORNADO
MAX 32 OR BELOW:   0    0.01 INCH OR MORE:   5
MAX 90 OR ABOVE:   0    0.10 INCH OR MORE:   2
MIN 32 OR BELOW:   3    0.50 INCH OR MORE:   2
MIN  0 OR BELOW:   0    1.00 INCH OR MORE:   0

[HDD (BASE 65) ]
TOTAL THIS MO.   173    CLEAR  (SCALE 0-3)   8
DPTR FM NORMAL   -39    PTCLDY (SCALE 4-7)   8
TOTAL FM JUL 1   291    CLOUDY (SCALE 8-10)  5
DPTR FM NORMAL   -35

[CDD (BASE 65) ]
TOTAL THIS MO.    47
DPTR FM NORMAL    38    [PRESSURE DATA]
TOTAL FM JAN 1  2244    HIGHEST SLP M ON M
DPTR FM NORMAL    61    LOWEST  SLP 29.71 ON 18

[REMARKS]
