000
CXUS54 KOUN 190800
CF6GOK
PRELIMINARY LOCAL CLIMATOLOGICAL DATA (WS FORM: F-6)

                                          STATION:   GUTHRIE MUNICIPAL
                                          MONTH:     APRIL
                                          YEAR:      2014
                                          LATITUDE:   35 50 N
                                          LONGITUDE:  97 25 W

  TEMPERATURE IN F:       :PCPN:    SNOW:  WIND      :SUNSHINE: SKY     :PK WND
================================================================================
1   2   3   4   5  6A  6B    7    8   9   10  11  12  13   14  15   16   17  18
                                     12Z  AVG MX 2MIN
DY MAX MIN AVG DEP HDD CDD  WTR  SNW DPTH SPD SPD DIR MIN PSBL S-S WX    SPD DR
================================================================================

 1  63  46  55  -1  10   0 0.00  0.0    0  9.1 18  50   M    M   8        24  50
 2  86  51  69  12   0   4 0.00  0.0    0 15.6 24 180   M    M   2 18     35 180
 3  76  43  60   3   5   0 0.00  0.0    0 14.3 24 330   M    M   2 8      38 310
 4  62  37  50  -7  15   0 0.00  0.0    0  7.8 16 330   M    M   0 8      25 330
 5  70  43  57  -1   8   0 0.00  0.0    0  9.4 16 140   M    M   2 8      23 160
 6  55  40  48 -10  17   0    T  0.0    0  3.9 12 140   M    M   7 18     16 150
 7  70  44  57  -1   8   0 0.06  0.0    0  6.4 22 310   M    M   5 1238   32 320
 8  70  42  56  -2   9   0 0.00  0.0    0  8.4 23 310   M    M   1        35 300
 9  84  41  63   4   2   0 0.00  0.0    0 13.8 24 200   M    M   0        32 200
10  87  63  75  16   0  10 0.00  0.0    0 13.2 26 200   M    M   0 8      38 190
11  84  53  69  10   0   4 0.00  0.0    0  8.4 18  90   M    M   0 8      24 120
12  87  62  75  15   0  10 0.00  0.0    0 18.6 30 180   M    M   0 1      41 200
13  88  41  65   5   0   0 0.35    M    0 19.6 36 190   M    M   4 38     45 170
14  51  30  41 -19  24   0 0.01    T    0  9.8 21 360   M    M   6 18     31  10
15  65  28  47 -14  18   0 0.00  0.0    0  7.6 18 170   M    M   0        24 170
16  71  49  60  -1   5   0 0.00  0.0    0 17.2 35 180   M    M   0        44 170
17  58  45  52  -9  13   0 0.01  0.0    0  5.8 12  40   M    M   7 8      17  40
18  76  36  56  -6   9   0 0.00  0.0    0  4.8 15 160   M    M   0 18     20 150
================================================================================
SM 1303  794       143  28  0.43    T    193.7          M       44
================================================================================
AV 72.4 44.1                              10.8 FASTST   M    M   2    MAX(MPH)
                                 MISC ---->  # 36 190               # 45  170
================================================================================
NOTES:
# LAST OF SEVERAL OCCURRENCES

COLUMN 17 PEAK WIND IN M.P.H.

PRELIMINARY LOCAL CLIMATOLOGICAL DATA (WS FORM: F-6) , PAGE 2

                                          STATION:  GUTHRIE MUNICIPAL
                                          MONTH:    APRIL
                                          YEAR:     2014
                                          LATITUDE:   35 50 N
                                          LONGITUDE:  97 25 W

[TEMPERATURE DATA]      [PRECIPITATION DATA]       SYMBOLS USED IN COLUMN 16

AVERAGE MONTHLY: 58.2   TOTAL FOR MONTH:   0.43    1 = FOG OR MIST
DPTR FM NORMAL:  -0.7   DPTR FM NORMAL:   -1.78    2 = FOG REDUCING VISIBILITY
HIGHEST:    88 ON 13    GRTST 24HR  0.36 ON 13-14      TO 1/4 MILE OR LESS
LOWEST:     28 ON 15                               3 = THUNDER
                        SNOW, ICE PELLETS, HAIL    4 = ICE PELLETS
                        TOTAL MONTH:    T          5 = HAIL
                        GRTST 24HR    T  ON 14-14  6 = FREEZING RAIN OR DRIZZLE
                        GRTST DEPTH:   0           7 = DUSTSTORM OR SANDSTORM:
                                                       VSBY 1/2 MILE OR LESS
                                                   8 = SMOKE OR HAZE
[NO. OF DAYS WITH]      [WEATHER - DAYS WITH]      9 = BLOWING SNOW
                                                   X = TORNADO
MAX 32 OR BELOW:   0    0.01 INCH OR MORE:   4
MAX 90 OR ABOVE:   0    0.10 INCH OR MORE:   1
MIN 32 OR BELOW:   2    0.50 INCH OR MORE:   0
MIN  0 OR BELOW:   0    1.00 INCH OR MORE:   0

[HDD (BASE 65) ]
TOTAL THIS MO.   143    CLEAR  (SCALE 0-3)  12
DPTR FM NORMAL     5    PTCLDY (SCALE 4-7)   6
TOTAL FM JUL 1  3860    CLOUDY (SCALE 8-10)  0
DPTR FM NORMAL   380

[CDD (BASE 65) ]
TOTAL THIS MO.    28
DPTR FM NORMAL     0    [PRESSURE DATA]
TOTAL FM JAN 1    39    HIGHEST SLP M ON M
DPTR FM NORMAL    -3    LOWEST  SLP 29.34 ON 13

[REMARKS]
