692
CXUS55 KMSO 270900
CF6GPI
PRELIMINARY LOCAL CLIMATOLOGICAL DATA (WS FORM: F-6)

                                          STATION:   KALISPELL MT
                                          MONTH:     MARCH
                                          YEAR:      2017
                                          LATITUDE:   48 17 N
                                          LONGITUDE: 114 16 W

  TEMPERATURE IN F:       :PCPN:    SNOW:  WIND      :SUNSHINE: SKY     :PK WND
================================================================================
1   2   3   4   5  6A  6B    7    8   9   10  11  12  13   14  15   16   17  18
                                     12Z  AVG MX 2MIN
DY MAX MIN AVG DEP HDD CDD  WTR  SNW DPTH SPD SPD DIR MIN PSBL S-S WX    SPD DR
================================================================================

 1  41  22  32   2  33   0 0.01    T   16  8.2 17 150   M    M  10 18     23 270
 2  41  25  33   3  32   0 0.00  0.0   16  6.2 21 210   M    M  10 1      26 200
 3  42  33  38   7  27   0 0.05    T   12  8.1 18 150   M    M  10 1      21 150
 4  42  32  37   6  28   0 0.09    T   12  6.1 16 210   M    M   9 18     21 190
 5  36  18  27  -5  38   0 0.11  0.6   11  4.8 16 220   M    M   8 12     20 230
 6  33  12  23  -9  42   0 0.01    T    M  5.6 20 170   M    M   7 1      24 180
 7  37  12  25  -7  40   0 0.17    M   13  5.3 18 150   M    M   7 18     22 160
 8  40  17  29  -3  36   0 0.05  2.7   15  5.5 21 230   M    M   8 12     25 230
 9  31  23  27  -6  38   0 0.32  4.7   14  8.0 17  40   M    M  10 18     21  40
10  46  21  34   1  31   0 0.22  2.0   21  7.3 18  40   M    M   9 16     22  50
11  48  21  35   1  30   0 0.01  0.0   11  3.0 13 200   M    M   7 12     16 200
12  46  36  41   7  24   0    T  0.0    9  8.5 14 210   M    M   9        18 170
13  44  34  39   5  26   0 0.30  0.0    7  4.8 16 160   M    M  10 1      19 160
14  42  33  38   3  27   0 0.27  0.0    6  2.5 13 180   M    M  10 12     15 170
15  45  36  41   6  24   0 0.21  0.0    4  4.5 15 180   M    M  10 12     18 170
16  44  25  35  -1  30   0    T  0.0    2 10.3 23 240   M    M   3 12     28 250
17  45  18  32  -4  33   0    T  0.0    2  2.9  8 250   M    M   4         9 240
18  50  34  42   6  23   0 0.02  0.0    0  9.0 24 160   M    M   9        31 160
19  49  24  37   0  28   0 0.00  0.0    0  8.7 22 220   M    M   1        27 220
20  51  21  36  -1  29   0 0.00  0.0    0 10.0 21  30   M    M   2        28  20
21  52  36  44   7  21   0 0.11  0.0    0  5.3 15  30   M    M   9 1      19  30
22  53  31  42   4  23   0 0.22    M    0  6.1 18 150   M    M   9 12     23 140
23  51  27  39   1  26   0 0.00  0.0    0  6.5 16 270   M    M   7 1      20 270
24  45  23  34  -4  31   0 0.07  0.0    0  1.9 12 150   M    M   6 1      14 150
25  52  31  42   4  23   0    T  0.0    0  8.1 22 280   M    M   7        27 270
26  51  25  38  -1  27   0 0.07  0.0    0  4.9 14 190   M    M   4 1      17 180
================================================================================
SM 1157  670       770   0  2.31    10.0 162.1          M      195
================================================================================
AV 44.5 25.8                               6.2 FASTST   M    M   8    MAX(MPH)
                                 MISC ---->  # 24 160               # 31  160
================================================================================
NOTES:
# LAST OF SEVERAL OCCURRENCES

COLUMN 17 PEAK WIND IN M.P.H.

PRELIMINARY LOCAL CLIMATOLOGICAL DATA (WS FORM: F-6) , PAGE 2

                                          STATION:  KALISPELL MT
                                          MONTH:    MARCH
                                          YEAR:     2017
                                          LATITUDE:   48 17 N
                                          LONGITUDE: 114 16 W

[TEMPERATURE DATA]      [PRECIPITATION DATA]       SYMBOLS USED IN COLUMN 16

AVERAGE MONTHLY: 35.1   TOTAL FOR MONTH:   2.31    1 = FOG OR MIST
DPTR FM NORMAL:   0.6   DPTR FM NORMAL:    1.40    2 = FOG REDUCING VISIBILITY
HIGHEST:    53 ON 22    GRTST 24HR  0.32 ON  9- 9      TO 1/4 MILE OR LESS
LOWEST:     12 ON  7, 6                            3 = THUNDER
                        SNOW, ICE PELLETS, HAIL    4 = ICE PELLETS
                        TOTAL MONTH:  10.0 INCHES  5 = HAIL
                        GRTST 24HR   4.7 ON   M    6 = FREEZING RAIN OR DRIZZLE
                        GRTST DEPTH:  21 ON 10     7 = DUSTSTORM OR SANDSTORM:
                                                       VSBY 1/2 MILE OR LESS
                                                   8 = SMOKE OR HAZE
[NO. OF DAYS WITH]      [WEATHER - DAYS WITH]      9 = BLOWING SNOW
                                                   X = TORNADO
MAX 32 OR BELOW:   1    0.01 INCH OR MORE:  18
MAX 90 OR ABOVE:   0    0.10 INCH OR MORE:   9
MIN 32 OR BELOW:  19    0.50 INCH OR MORE:   0
MIN  0 OR BELOW:   0    1.00 INCH OR MORE:   0

[HDD (BASE 65) ]
TOTAL THIS MO.   770    CLEAR  (SCALE 0-3)   3
DPTR FM NORMAL   -22    PTCLDY (SCALE 4-7)   9
TOTAL FM JUL 1  6970    CLOUDY (SCALE 8-10) 14
DPTR FM NORMAL   326

[CDD (BASE 65) ]
TOTAL THIS MO.     0
DPTR FM NORMAL     0    [PRESSURE DATA]
TOTAL FM JAN 1     0    HIGHEST SLP M ON M
DPTR FM NORMAL     0    LOWEST  SLP 29.46 ON  5

[REMARKS]
