000
CXUS55 KLIX 201000
CF6GPT
PRELIMINARY LOCAL CLIMATOLOGICAL DATA (WS FORM: F-6)

                                          STATION:   GULFPORT
                                          MONTH:     JANUARY
                                          YEAR:      2018
                                          LATITUDE:   30 23 N
                                          LONGITUDE:  89  4 W

  TEMPERATURE IN F:       :PCPN:    SNOW:  WIND      :SUNSHINE: SKY     :PK WND
================================================================================
1   2   3   4   5  6A  6B    7    8   9   10  11  12  13   14  15   16   17  18
                                     12Z  AVG MX 2MIN
DY MAX MIN AVG DEP HDD CDD  WTR  SNW DPTH SPD SPD DIR MIN PSBL S-S WX    SPD DR
================================================================================

 1  37  25  31 -20  34   0 0.00  0.0    0 14.2 23 350   M    M   0        32 340
 2  42  21  32 -19  33   0 0.00  0.0    0  9.0 18  30   M    M   3        25  30
 3  47  28  38 -13  27   0 0.00  0.0    0  8.9 18 340   M    M   5        23 350
 4  49  24  37 -14  28   0 0.00  0.0    0  6.2 13 320   M    M   0        18 320
 5  49  29  39 -12  26   0 0.00  0.0    0  3.1 10  50   M    M   0        13  60
 6  58  26  42  -9  23   0 0.00  0.0    0  3.7 12 130   M    M   0        14  90
 7  61  38  50   0  15   0 0.01    M    0 12.7 25 100   M    M   3 18     32  90
 8  64  55  60  10   5   0 1.74  0.0    0 11.5 32 110   M    M   9 1      43 120
 9  62  56  59   9   6   0 0.00  0.0    0  6.6 13  20   M    M   9 1      17  10
10  72  54  63  13   2   0 0.00  0.0    0 12.5 25 120   M    M   4 1      31 120
11  72  59  66  16   0   1 0.01  0.0    0  9.6 21 130   M    M   7 12     27 120
12  63  35  49  -1  16   0 0.05  0.0    0 14.2 25 340   M    M  10 1      33 220
13  42  31  37 -13  28   0 0.00  0.0    0 12.9 23 340   M    M   5        31 340
14  53  27  40 -10  25   0 0.00  0.0    0  5.3 15  10   M    M   0        22  10
15  59  29  44  -7  21   0 0.00  0.0    0  3.4 13 140   M    M   1 18     15 140
16  49  27  38 -13  27   0 0.05    M    0 11.6 23 350   M    M   7 1      30 340
17  37  17  27 -24  38   0 0.02    T    0 12.9 23 340   M    M   2 1      30 350
18  49  19  34 -17  31   0 0.00  0.0    0  4.9 14  50   M    M   0        17  30
19  54  26  40 -11  25   0 0.00  0.0    0  2.4  9 150   M    M   1        12 170
================================================================================
SM 1019  626       410   1  1.88    T    165.6          M       66
================================================================================
AV 53.6 33.0                               8.7 FASTST   M    M   3    MAX(MPH)
                                 MISC ---->  # 32 110               # 43  120
================================================================================
NOTES:
# LAST OF SEVERAL OCCURRENCES

COLUMN 17 PEAK WIND IN M.P.H.

PRELIMINARY LOCAL CLIMATOLOGICAL DATA (WS FORM: F-6) , PAGE 2

                                          STATION:  GULFPORT
                                          MONTH:    JANUARY
                                          YEAR:     2018
                                          LATITUDE:   30 23 N
                                          LONGITUDE:  89  4 W

[TEMPERATURE DATA]      [PRECIPITATION DATA]       SYMBOLS USED IN COLUMN 16

AVERAGE MONTHLY: 43.3   TOTAL FOR MONTH:   1.88    1 = FOG OR MIST
DPTR FM NORMAL:  -7.3   DPTR FM NORMAL:   -1.06    2 = FOG REDUCING VISIBILITY
HIGHEST:    72 ON 11,10 GRTST 24HR  1.74 ON  8- 8      TO 1/4 MILE OR LESS
LOWEST:     17 ON 17                               3 = THUNDER
                        SNOW, ICE PELLETS, HAIL    4 = ICE PELLETS
                        TOTAL MONTH:    T          5 = HAIL
                        GRTST 24HR    T  ON 17-17  6 = FREEZING RAIN OR DRIZZLE
                        GRTST DEPTH:   0           7 = DUSTSTORM OR SANDSTORM:
                                                       VSBY 1/2 MILE OR LESS
                                                   8 = SMOKE OR HAZE
[NO. OF DAYS WITH]      [WEATHER - DAYS WITH]      9 = BLOWING SNOW
                                                   X = TORNADO
MAX 32 OR BELOW:   0    0.01 INCH OR MORE:   6
MAX 90 OR ABOVE:   0    0.10 INCH OR MORE:   1
MIN 32 OR BELOW:  13    0.50 INCH OR MORE:   1
MIN  0 OR BELOW:   0    1.00 INCH OR MORE:   1

[HDD (BASE 65) ]
TOTAL THIS MO.   410    CLEAR  (SCALE 0-3)  11
DPTR FM NORMAL   130    PTCLDY (SCALE 4-7)   5
TOTAL FM JUL 1   970    CLOUDY (SCALE 8-10)  3
DPTR FM NORMAL    86

[CDD (BASE 65) ]
TOTAL THIS MO.     1
DPTR FM NORMAL     1    [PRESSURE DATA]
TOTAL FM JAN 1     1    HIGHEST SLP M ON M
DPTR FM NORMAL     1    LOWEST  SLP 29.73 ON 11

[REMARKS]
