000
CXUS53 KGRB 230725
CF6GRB
PRELIMINARY LOCAL CLIMATOLOGICAL DATA (WS FORM: F-6)

                                          STATION:   GREEN BAY WI
                                          MONTH:     MAY
                                          YEAR:      2017
                                          LATITUDE:   44 28 N
                                          LONGITUDE:  88  8 W

  TEMPERATURE IN F:       :PCPN:    SNOW:  WIND      :SUNSHINE: SKY     :PK WND
================================================================================
1   2   3   4   5  6A  6B    7    8   9   10  11  12  13   14  15   16   17  18
                                     12Z  AVG MX 2MIN
DY MAX MIN AVG DEP HDD CDD  WTR  SNW DPTH SPD SPD DIR MIN PSBL S-S WX    SPD DR
================================================================================

 1  56  39  48  -2  17   0 0.63  0.0    0 10.7 28  40   M    M   9 1      32  60
 2  52  41  47  -3  18   0 0.03  0.0    0 12.7 22 320   M    M   8 1      29 320
 3  62  33  48  -3  17   0 0.00  0.0    0  5.7 20 160   M    M   0        23 160
 4  67  38  53   2  12   0 0.00  0.0    0  6.8 24  30   M    M   3        29  30
 5  59  40  50  -1  15   0 0.00  0.0    0 10.0 17  10   M    M   5        21  40
 6  62  40  51  -1  14   0 0.00  0.0    0 12.7 25 360   M    M   2        30 360
 7  58  35  47  -5  18   0 0.00  0.0    0  9.9 20 340   M    M   0        25 350
 8  58  30  44  -8  21   0 0.00  0.0    0  4.2 15 170   M    M   0        19 170
 9  57  34  46  -7  19   0    T  0.0    0  4.7 12 150   M    M   5        14 160
10  68  46  57   4   8   0 0.08  0.0    0  5.5 13  50   M    M   6        15  50
11  69  50  60   7   5   0 0.00  0.0    0  3.9 21  40   M    M   8        24  30
12  70  47  59   5   6   0 0.01  0.0    0  6.5 21  50   M    M   5        26  40
13  74  48  61   7   4   0    T  0.0    0  7.3 18  40   M    M   2        22  40
14  64  47  56   2   9   0 0.00  0.0    0  8.1 18  50   M    M   1        24  40
15  73  47  60   5   5   0 0.29  0.0    0  8.9 17 150   M    M   4 13     22 150
16  82  52  67  12   0   2 0.23  0.0    0  8.1 20 160   M    M   4 1      24 150
17  80  61  71  16   0   6 0.27  0.0    0 10.4 40 210   M    M   4 13     55 220
18  67  40  54  -2  11   0 0.03  0.0    0 13.6 23 300   M    M   8 1      30 300
19  51  37  44 -12  21   0 0.00  0.0    0 17.4 26  30   M    M   0        34  40
20  56  43  50  -6  15   0 0.28  0.0    0 12.5 21  70   M    M   5 1      28  70
21  63  48  56  -1   9   0 0.25  0.0    0  9.2 20 230   M    M   9 1      29 240
22  69  48  59   2   6   0 0.01  0.0    0 11.5 21 260   M    M   6        27 230
================================================================================
SM 1417  944       250   8  2.11     0.0 200.3          M       94
================================================================================
AV 64.4 42.9                               9.1 FASTST   M    M   4    MAX(MPH)
                                 MISC ---->  # 40 210               # 55  220
================================================================================
NOTES:
# LAST OF SEVERAL OCCURRENCES

COLUMN 17 PEAK WIND IN M.P.H.

PRELIMINARY LOCAL CLIMATOLOGICAL DATA (WS FORM: F-6) , PAGE 2

                                          STATION:  GREEN BAY WI
                                          MONTH:    MAY
                                          YEAR:     2017
                                          LATITUDE:   44 28 N
                                          LONGITUDE:  88  8 W

[TEMPERATURE DATA]      [PRECIPITATION DATA]       SYMBOLS USED IN COLUMN 16

AVERAGE MONTHLY: 53.7   TOTAL FOR MONTH:   2.11    1 = FOG OR MIST
DPTR FM NORMAL:   0.2   DPTR FM NORMAL:    0.17    2 = FOG REDUCING VISIBILITY
HIGHEST:    82 ON 16    GRTST 24HR  0.63 ON  1- 1      TO 1/4 MILE OR LESS
LOWEST:     30 ON  8                               3 = THUNDER
                        SNOW, ICE PELLETS, HAIL    4 = ICE PELLETS
                        TOTAL MONTH:   0.0 INCH    5 = HAIL
                        GRTST 24HR     0.0         6 = FREEZING RAIN OR DRIZZLE
                        GRTST DEPTH:   0           7 = DUSTSTORM OR SANDSTORM:
                                                       VSBY 1/2 MILE OR LESS
                                                   8 = SMOKE OR HAZE
[NO. OF DAYS WITH]      [WEATHER - DAYS WITH]      9 = BLOWING SNOW
                                                   X = TORNADO
MAX 32 OR BELOW:   0    0.01 INCH OR MORE:  11
MAX 90 OR ABOVE:   0    0.10 INCH OR MORE:   6
MIN 32 OR BELOW:   1    0.50 INCH OR MORE:   1
MIN  0 OR BELOW:   0    1.00 INCH OR MORE:   0

[HDD (BASE 65) ]
TOTAL THIS MO.   250    CLEAR  (SCALE 0-3)   8
DPTR FM NORMAL    -9    PTCLDY (SCALE 4-7)  11
TOTAL FM JUL 1  6334    CLOUDY (SCALE 8-10)  3
DPTR FM NORMAL -1462

[CDD (BASE 65) ]
TOTAL THIS MO.     8
DPTR FM NORMAL     3    [PRESSURE DATA]
TOTAL FM JAN 1     8    HIGHEST SLP M ON M
DPTR FM NORMAL     1    LOWEST  SLP 29.30 ON  1

[REMARKS]
