000
CXUS53 KGID 270730
CF6GRI
PRELIMINARY LOCAL CLIMATOLOGICAL DATA (WS FORM: F-6)

                                          STATION:   GRAND ISLAND NE
                                          MONTH:     MARCH
                                          YEAR:      2015
                                          LATITUDE:   40 58 N
                                          LONGITUDE:  98 19 W

  TEMPERATURE IN F:       :PCPN:    SNOW:  WIND      :SUNSHINE: SKY     :PK WND
================================================================================
1   2   3   4   5  6A  6B    7    8   9   10  11  12  13   14  15   16   17  18
                                     12Z  AVG MX 2MIN
DY MAX MIN AVG DEP HDD CDD  WTR  SNW DPTH SPD SPD DIR MIN PSBL S-S WX    SPD DR
================================================================================

 1  40  14  27  -7  38   0 0.00  0.0    0  6.6 14 350   M    M   2 18     18 340
 2  43  24  34   0  31   0 0.00  0.0    0 14.5 30 170   M    M   4        37 190
 3  33  17  25  -9  40   0 0.01  0.2    0 15.8 35 350   M    M   7 18     42 330
 4  29   4  17 -18  48   0 0.05  0.4    1 10.5 22 340   M    M   4 1      28 340
 5  40   2  21 -14  44   0 0.00  0.0    0  9.7 20 190   M    M   0        24 200
 6  63  20  42   6  23   0 0.00  0.0    0 10.0 22 280   M    M   0        27 270
 7  62  27  45   9  20   0 0.00  0.0    0  8.5 15 160   M    M   0        20 340
 8  57  29  43   7  22   0 0.00  0.0    0 10.3 21  30   M    M   1        28  30
 9  63  24  44   7  21   0 0.00  0.0    0  8.1 18 230   M    M   0        22 190
10  72  29  51  14  14   0 0.00  0.0    0  7.0 15 350   M    M   0 8      21 290
11  73  26  50  12  15   0 0.00  0.0    0  8.2 16 180   M    M   0 1      21 180
12  77  42  60  22   5   0 0.00  0.0    0 14.4 25 200   M    M   0        34 210
13  72  39  56  18   9   0 0.00  0.0    0 13.8 29 360   M    M   0        37  20
14  67  28  48   9  17   0 0.00  0.0    0  7.2 16 200   M    M   0        20 210
15  85  45  65  26   0   0 0.00  0.0    0 19.7 28 240   M    M   0        36 220
16  90  38  64  25   1   0 0.00  0.0    0 18.5 35  10   M    M   0        45  20
17  50  29  40   0  25   0 0.00  0.0    0 13.7 25  10   M    M   0        36  30
18  53  27  40   0  25   0 0.00  0.0    0  9.9 20 140   M    M   3        26 130
19  61  29  45   5  20   0 0.00  0.0    0  4.6 13 260   M    M   0 1      19 270
20  77  26  52  11  13   0 0.00  0.0    0 10.4 24 250   M    M   0        33 230
21  71  30  51  10  14   0 0.00  0.0    0 10.4 20 120   M    M   0        24 110
22  77  36  57  15   8   0 0.00  0.0    0 12.6 26 350   M    M   0        32 340
23  52  26  39  -3  26   0 0.00  0.0    0  8.7 14 130   M    M   1        18 120
24  43  36  40  -2  25   0 0.07  0.0    0  6.8 17  90   M    M  10 123    21  90
25  46  26  36  -7  29   0 0.02  0.0    0 12.3 24 360   M    M   6 12     30 350
26  51  19  35  -8  30   0    T  0.0    0  9.0 24  60   M    M   4        29  60
================================================================================
SM 1547  692       563   0  0.15     0.6 281.2          M       42
================================================================================
AV 59.5 26.6                              10.8 FASTST   M    M   2    MAX(MPH)
                                 MISC ---->  # 35 350               # 45   20
================================================================================
NOTES:
# LAST OF SEVERAL OCCURRENCES

COLUMN 17 PEAK WIND IN M.P.H.

PRELIMINARY LOCAL CLIMATOLOGICAL DATA (WS FORM: F-6) , PAGE 2

                                          STATION:  GRAND ISLAND NE
                                          MONTH:    MARCH
                                          YEAR:     2015
                                          LATITUDE:   40 58 N
                                          LONGITUDE:  98 19 W

[TEMPERATURE DATA]      [PRECIPITATION DATA]       SYMBOLS USED IN COLUMN 16

AVERAGE MONTHLY: 43.1   TOTAL FOR MONTH:   0.15    1 = FOG OR MIST
DPTR FM NORMAL:   4.6   DPTR FM NORMAL:   -1.27    2 = FOG REDUCING VISIBILITY
HIGHEST:    90 ON 16    GRTST 24HR  0.07 ON 24-24      TO 1/4 MILE OR LESS
LOWEST:      2 ON  5                               3 = THUNDER
                        SNOW, ICE PELLETS, HAIL    4 = ICE PELLETS
                        TOTAL MONTH:   0.6 INCH    5 = HAIL
                        GRTST 24HR   0.4 ON   M    6 = FREEZING RAIN OR DRIZZLE
                        GRTST DEPTH:   1 ON  4     7 = DUSTSTORM OR SANDSTORM:
                                                       VSBY 1/2 MILE OR LESS
                                                   8 = SMOKE OR HAZE
[NO. OF DAYS WITH]      [WEATHER - DAYS WITH]      9 = BLOWING SNOW
                                                   X = TORNADO
MAX 32 OR BELOW:   1    0.01 INCH OR MORE:   4
MAX 90 OR ABOVE:   1    0.10 INCH OR MORE:   0
MIN 32 OR BELOW:  20    0.50 INCH OR MORE:   0
MIN  0 OR BELOW:   0    1.00 INCH OR MORE:   0

[HDD (BASE 65) ]
TOTAL THIS MO.   563    CLEAR  (SCALE 0-3)  19
DPTR FM NORMAL  -128    PTCLDY (SCALE 4-7)   6
TOTAL FM JUL 1  5300    CLOUDY (SCALE 8-10)  1
DPTR FM NORMAL  -152

[CDD (BASE 65) ]
TOTAL THIS MO.     0
DPTR FM NORMAL     0    [PRESSURE DATA]
TOTAL FM JAN 1     0    HIGHEST SLP M ON M
DPTR FM NORMAL     0    LOWEST  SLP 29.65 ON  3

[REMARKS]
