000
CXGM50 PGUM 231850
CF6GSN
PRELIMINARY LOCAL CLIMATOLOGICAL DATA (WS FORM: F-6)

                                          STATION:   SAIPAN/ISLEY_(CGS) MP
                                          MONTH:     JANUARY
                                          YEAR:      2017
                                          LATITUDE:   15  7 N
                                          LONGITUDE: 145-44 E

  TEMPERATURE IN F:       :PCPN:    SNOW:  WIND      :SUNSHINE: SKY     :PK WND
================================================================================
1   2   3   4   5  6A  6B    7    8   9   10  11  12  13   14  15   16   17  18
                                     12Z  AVG MX 2MIN
DY MAX MIN AVG DEP HDD CDD  WTR  SNW DPTH SPD SPD DIR MIN PSBL S-S WX    SPD DR
================================================================================

 1  85  76  81   M   0  16 0.00  0.0    0 11.3 21  80   M    M   4 1      29  80
 2  86  78  82   M   0  17 0.00  0.0    0 16.0 22  90   M    M   4        30  80
 3  84  75  80   M   0  15 0.46  0.0    0 11.8 22  70   M    M   7 1      26  70
 4  84  75  80   M   0  15 0.05  0.0    M 13.5 22  50   M    M   6 1      29  50
 5  84  74  79   M   0  14 0.04  0.0    0 14.2 21  60   M    M   6 1      24  50
 6  85  76  81   M   0  16    T  0.0    0 13.4 20  40   M    M   5        25  40
 7  83  75  79   M   0  14    T  0.0    0 14.4 21  60   M    M   4        26  40
 8  82  74  78   M   0  13 0.12  0.0    0 16.9 29  80   M    M   6 1      35  70
 9  85  76  81   M   0  16 0.01  0.0    0 10.7 17 100   M    M   6 1      21 110
10  85  76  81   M   0  16 0.18  0.0    0 10.1 18  60   M    M   7 1      23  70
11  84  76  80   M   0  15 0.17  0.0    0 15.1 22  60   M    M   6 1      28  60
12  85  76  81   M   0  16    T  0.0    0 14.4 21  70   M    M   6 1      25  90
13  85  75  80   M   0  15 0.09  0.0    0 13.9 22  90   M    M   7 1      25  80
14  86  78  82   M   0  17 0.00  0.0    0  9.0 16 120   M    M   6        22 170
15  87  77  82   M   0  17 0.11  0.0    0  5.3 14 270   M    M   6 1      18 270
16  82  75  79   M   0  14 0.14  0.0    0 13.7 23  50   M    M   9 1      28  50
17  79  74  77   M   0  12 0.41  0.0    0 17.4 28  40   M    M  10 1      37  40
18  83  73  78   M   0  13 0.12  0.0    0 20.9 28  60   M    M   8 1      37  80
19  83  74  79   M   0  14    T  0.0    0 20.1 29  60   M    M   6 1      36  70
20  85  75  80   M   0  15 0.00  0.0    0 14.9 21  70   M    M   3        25  80
21  86  76  81   M   0  16 0.00  0.0    0 11.9 18  40   M    M   5        23  50
22  85  76  81   M   0  16 0.01  0.0    0 17.3 23  60   M    M   5        31  50
23  85  76  81   M   0  16 0.00  0.0    0 15.3 24  30   M    M   4        29  40
================================================================================
SM 1938 1736         0 348  1.91     0.0 321.5          M      136
================================================================================
AV 84.3 75.5                              14.0 FASTST   M    M   6    MAX(MPH)
                                 MISC ---->  # 29  80               # 37   40
================================================================================
NOTES:
# LAST OF SEVERAL OCCURRENCES

COLUMN 17 PEAK WIND IN M.P.H.

PRELIMINARY LOCAL CLIMATOLOGICAL DATA (WS FORM: F-6) , PAGE 2

                                          STATION:  SAIPAN/ISLEY_(CGS) MP
                                          MONTH:    JANUARY
                                          YEAR:     2017
                                          LATITUDE:   15  7 N
                                          LONGITUDE: 145-44 E

[TEMPERATURE DATA]      [PRECIPITATION DATA]       SYMBOLS USED IN COLUMN 16

AVERAGE MONTHLY: 79.9   TOTAL FOR MONTH:   1.91    1 = FOG OR MIST
DPTR FM NORMAL:     M   DPTR FM NORMAL:   -0.88    2 = FOG REDUCING VISIBILITY
HIGHEST:    87 ON 15    GRTST 24HR  0.53 ON 17-18      TO 1/4 MILE OR LESS
LOWEST:     73 ON 18                               3 = THUNDER
                        SNOW, ICE PELLETS, HAIL    4 = ICE PELLETS
                        TOTAL MONTH:   0.0 INCH    5 = HAIL
                        GRTST 24HR     0.0         6 = FREEZING RAIN OR DRIZZLE
                        GRTST DEPTH:   0           7 = DUSTSTORM OR SANDSTORM:
                                                       VSBY 1/2 MILE OR LESS
                                                   8 = SMOKE OR HAZE
[NO. OF DAYS WITH]      [WEATHER - DAYS WITH]      9 = BLOWING SNOW
                                                   X = TORNADO
MAX 32 OR BELOW:   0    0.01 INCH OR MORE:  13
MAX 90 OR ABOVE:   0    0.10 INCH OR MORE:   8
MIN 32 OR BELOW:   0    0.50 INCH OR MORE:   0
MIN  0 OR BELOW:   0    1.00 INCH OR MORE:   0

[HDD (BASE 65) ]
TOTAL THIS MO.     0    CLEAR  (SCALE 0-3)   0
DPTR FM NORMAL     M    PTCLDY (SCALE 4-7)  21
TOTAL FM JUL 1    25    CLOUDY (SCALE 8-10)  2
DPTR FM NORMAL     M

[CDD (BASE 65) ]
TOTAL THIS MO.   348
DPTR FM NORMAL     M    [PRESSURE DATA]
TOTAL FM JAN 1   348    HIGHEST SLP M ON M
DPTR FM NORMAL     M    LOWEST  SLP 29.82 ON M

[REMARKS]
