000
CXGM50 PGUM 291850
CF6GSN
PRELIMINARY LOCAL CLIMATOLOGICAL DATA (WS FORM: F-6)

                                          STATION:   SAIPAN/ISLEY_(CGS) MP
                                          MONTH:     MAY
                                          YEAR:      2015
                                          LATITUDE:   15  7 N
                                          LONGITUDE: 145-44 E

  TEMPERATURE IN F:       :PCPN:    SNOW:  WIND      :SUNSHINE: SKY     :PK WND
================================================================================
1   2   3   4   5  6A  6B    7    8   9   10  11  12  13   14  15   16   17  18
                                     12Z  AVG MX 2MIN
DY MAX MIN AVG DEP HDD CDD  WTR  SNW DPTH SPD SPD DIR MIN PSBL S-S WX    SPD DR
================================================================================

 1  86  73  80   M   0  15 0.14  0.0    0 10.8 23  80   M    M   6 1      29  80
 2  87  79  83   M   0  18 0.00  0.0    0  8.7 18  90   M    M   5        26  90
 3  87  77  82   M   0  17 0.20  0.0    0  9.4 18  80   M    M   5 1      26  90
 4  86  78  82   M   0  17 0.01  0.0    0  9.5 17  90   M    M   4        24  90
 5  87  78  83   M   0  18 0.17  0.0    0 10.3 22  70   M    M   4 18     26  70
 6  88  79  84   M   0  19    T  0.0    0  8.2 17  80   M    M   5        25 150
 7  86  76  81   M   0  16 0.08  0.0    0 10.5 15  70   M    M   3 1      21  60
 8  86  75  81   M   0  16 0.20  0.0    0 14.6 25  80   M    M   6 1      30  80
 9  87  75  81   M   0  16 0.05  0.0    0 13.0 29  80   M    M   5 1      33  80
10  86  77  82   M   0  17 0.08  0.0    0 13.2 21  80   M    M   4 18     26  90
11  87  77  82   M   0  17 0.00  0.0    0 14.1 22  70   M    M   4        26  50
12  87  78  83   M   0  18 0.00  0.0    0 15.0 22  60   M    M   4        26  50
13  88  77  83   M   0  18 0.03  0.0    0 17.2 24  70   M    M   5 1      30  60
14  86  78  82   M   0  17 0.12  0.0    0 18.7 29  50   M    M   7 18     39  50
15  80  74  77   M   0  12 1.87  0.0    0 29.6 45  70   M    M   9 1      63  90
16  83  77  80   M   0  15 1.60  0.0    0 24.7 40 170   M    M   9 1      59 150
17  87  79  83   M   0  18 0.01  0.0    0 14.2 24 130   M    M   5 1      35 130
18  84  76  80   M   0  15 0.13  0.0    0  9.5 21 140   M    M   6 1      29 200
19  86  79  83   M   0  18 0.00  0.0    0  9.7 15 110   M    M   4        24 100
20  86  79  83   M   0  18 0.00  0.0    0  8.7 17 160   M    M   4        24 160
21  86  75  81   M   0  16 0.03  0.0    0  9.5 21 100   M    M   4 1      28  80
22  87  78  83   M   0  18 0.01  0.0    0 14.8 22  70   M    M   5        31  80
23  87  78  83   M   0  18 0.01  0.0    0 10.8 21  80   M    M   5        26  80
24  86  78  82   M   0  17 0.22  0.0    0 13.3 24  70   M    M   4 18     28  40
25  86  76  81   M   0  16    T  0.0    0 10.5 18 180   M    M   3 3      29 170
26  86  75  81   M   0  16 0.05  0.0    0  7.9 18  90   M    M   3 1      23  90
27  86  78  82   M   0  17 0.04  0.0    0 11.0 20  80   M    M   4 1      22  80
28  87  76  82   M   0  17 0.17  0.0    0  9.2 18 110   M    M   4 1      26  90
29  85  76  81   M   0  16 0.30  0.0    0  8.1 22 160   M    M   5 1      36 160
================================================================================
SM 2496 2231         0 486  5.52     0.0 364.7          M      141
================================================================================
AV 86.1 76.9                              12.6 FASTST   M    M   5    MAX(MPH)
                                 MISC ---->  # 45  70               # 63   90
================================================================================
NOTES:
# LAST OF SEVERAL OCCURRENCES

COLUMN 17 PEAK WIND IN M.P.H.

PRELIMINARY LOCAL CLIMATOLOGICAL DATA (WS FORM: F-6) , PAGE 2

                                          STATION:  SAIPAN/ISLEY_(CGS) MP
                                          MONTH:    MAY
                                          YEAR:     2015
                                          LATITUDE:   15  7 N
                                          LONGITUDE: 145-44 E

[TEMPERATURE DATA]      [PRECIPITATION DATA]       SYMBOLS USED IN COLUMN 16

AVERAGE MONTHLY: 81.5   TOTAL FOR MONTH:   5.52    1 = FOG OR MIST
DPTR FM NORMAL:     M   DPTR FM NORMAL:    2.95    2 = FOG REDUCING VISIBILITY
HIGHEST:    88 ON 13, 6 GRTST 24HR  2.62 ON 15-16      TO 1/4 MILE OR LESS
LOWEST:     73 ON  1                               3 = THUNDER
                        SNOW, ICE PELLETS, HAIL    4 = ICE PELLETS
                        TOTAL MONTH:   0.0 INCH    5 = HAIL
                        GRTST 24HR     0.0         6 = FREEZING RAIN OR DRIZZLE
                        GRTST DEPTH:   0           7 = DUSTSTORM OR SANDSTORM:
                                                       VSBY 1/2 MILE OR LESS
                                                   8 = SMOKE OR HAZE
[NO. OF DAYS WITH]      [WEATHER - DAYS WITH]      9 = BLOWING SNOW
                                                   X = TORNADO
MAX 32 OR BELOW:   0    0.01 INCH OR MORE:  22
MAX 90 OR ABOVE:   0    0.10 INCH OR MORE:  11
MIN 32 OR BELOW:   0    0.50 INCH OR MORE:   2
MIN  0 OR BELOW:   0    1.00 INCH OR MORE:   2

[HDD (BASE 65) ]
TOTAL THIS MO.     0    CLEAR  (SCALE 0-3)   1
DPTR FM NORMAL     M    PTCLDY (SCALE 4-7)  26
TOTAL FM JUL 1     0    CLOUDY (SCALE 8-10)  2
DPTR FM NORMAL     M

[CDD (BASE 65) ]
TOTAL THIS MO.   486
DPTR FM NORMAL     M    [PRESSURE DATA]
TOTAL FM JAN 1  2310    HIGHEST SLP M ON M
DPTR FM NORMAL     M    LOWEST  SLP 29.50 ON 15

[REMARKS]
