000
CXUS52 KRAH 301345
CF6GSO
PRELIMINARY LOCAL CLIMATOLOGICAL DATA (WS FORM: F-6)

                                          STATION:   PIEDMONT TRIAD INTL AIRPORT NC
                                          MONTH:     OCTOBER
                                          YEAR:      2014
                                          LATITUDE:   36  4 N
                                          LONGITUDE:  79 57 W

  TEMPERATURE IN F:       :PCPN:    SNOW:  WIND      :SUNSHINE: SKY     :PK WND
================================================================================
1   2   3   4   5  6A  6B    7    8   9   10  11  12  13   14  15   16   17  18
                                     12Z  AVG MX 2MIN
DY MAX MIN AVG DEP HDD CDD  WTR  SNW DPTH SPD SPD DIR MIN PSBL S-S WX    SPD DR
================================================================================

 1  76  58  67   3   0   2    T  0.0    0  1.8  9 110   M    M   7 128    10 110
 2  83  60  72   8   0   7 0.00  0.0    0  2.6  8 250   M    M   4 128    12 260
 3  81  62  72   8   0   7 0.14  0.0    0  8.1 22 200   M    M   7 1      26 190
 4  70  42  56  -7   9   0 0.00  0.0    0  9.4 17 300   0    0   0        30 320
 5  64  39  52 -11  13   0 0.00  0.0    0  7.1 16 220   M    M   1        22 220
 6  75  43  59  -4   6   0 0.00  0.0    0 10.6 24 210   M    M   4        30 220
 7  77  56  67   5   0   2    T  0.0    0 10.8 18 200   M    M   8        26 200
 8  83  56  70   8   0   5 0.00  0.0    0  8.2 23 260   M    M   4        28 270
 9  81  53  67   5   0   2 0.00  0.0    0  4.2 14 240   M    M   6        18 240
10  84  57  71  10   0   6 0.28  0.0    0  7.1 20 220   M    M   8 13     25 220
11  81  57  69   8   0   4    T  0.0    0  8.2 20  60   M    M   8 13     23  50
12  58  54  56  -5   9   0 0.15  0.0    0  7.6 15  50   M    M  10 1      18  50
13  71  56  64   4   1   0 0.08  0.0    0  3.8 15 160   M    M   8 12     17 170
14  81  69  75  15   0  10 0.03  0.0    0 16.1 25 160   M    M   9 1      35 170
15  72  54  63   3   2   0 0.90  0.0    0  7.4 25 270   M    M   6 1      33 270
16  67  51  59   0   6   0 0.00  0.0    0  5.4 12 280   M    M   5        14 280
17  73  48  61   2   4   0 0.00  0.0    0  7.7 15 220   M    M   1        20 220
18  71  51  61   2   4   0 0.00  0.0    0  8.7 22 310   M    M   4        28 310
19  67  42  55  -3  10   0 0.00  0.0    0  3.5 14 320   M    M   2        21 340
20  70  42  56  -2   9   0    T  0.0    0  7.0 16 210   M    M   6        23 250
21  72  48  60   2   5   0 0.00  0.0    0  8.1 18 320   M    M   4        24 320
22  64  41  53  -5  12   0 0.00  0.0    0  7.8 21 340   M    M   2        32 310
23  69  40  55  -2  10   0 0.00  0.0    0  7.9 16 320   M    M   0        21 330
24  69  42  56  -1   9   0 0.00  0.0    0  3.0  9 340   M    M   6        12 320
25  73  39  56  -1   9   0 0.00  0.0    0  3.9 15 280   M    M   1        17 270
26  78  47  63   7   2   0 0.00  0.0    0  7.4 20 300   M    M   1        25 300
27  79  41  60   4   5   0 0.00  0.0    0  3.9 12 220   M    M   1        15 230
28  83  50  67  11   0   2 0.00  0.0    0  7.2 17 240   M    M   5        23 240
29  74  53  64   8   1   0 0.13  0.0    0  6.6 14 310   M    M   8 1      20 330
================================================================================
SM 2146 1451       126  47  1.71     0.0 201.1            0    136
================================================================================
AV 74.0 50.0                               6.9 FASTST    0   0   5    MAX(MPH)
                                 MISC ---->  # 25 160               # 35  170
================================================================================
NOTES:
# LAST OF SEVERAL OCCURRENCES

COLUMN 17 PEAK WIND IN M.P.H.

PRELIMINARY LOCAL CLIMATOLOGICAL DATA (WS FORM: F-6) , PAGE 2

                                          STATION:  PIEDMONT TRIAD INTL AIRPORT NC
                                          MONTH:    OCTOBER
                                          YEAR:     2014
                                          LATITUDE:   36  4 N
                                          LONGITUDE:  79 57 W

[TEMPERATURE DATA]      [PRECIPITATION DATA]       SYMBOLS USED IN COLUMN 16

AVERAGE MONTHLY: 62.0   TOTAL FOR MONTH:   1.71    1 = FOG OR MIST
DPTR FM NORMAL:   2.2   DPTR FM NORMAL:   -1.21    2 = FOG REDUCING VISIBILITY
HIGHEST:    84 ON 10    GRTST 24HR  0.92 ON 14-15      TO 1/4 MILE OR LESS
LOWEST:     39 ON 25, 5                            3 = THUNDER
                        SNOW, ICE PELLETS, HAIL    4 = ICE PELLETS
                        TOTAL MONTH:   0.0 INCH    5 = HAIL
                        GRTST 24HR     0.0         6 = FREEZING RAIN OR DRIZZLE
                        GRTST DEPTH:   0           7 = DUSTSTORM OR SANDSTORM:
                                                       VSBY 1/2 MILE OR LESS
                                                   8 = SMOKE OR HAZE
[NO. OF DAYS WITH]      [WEATHER - DAYS WITH]      9 = BLOWING SNOW
                                                   X = TORNADO
MAX 32 OR BELOW:   0    0.01 INCH OR MORE:   7
MAX 90 OR ABOVE:   0    0.10 INCH OR MORE:   5
MIN 32 OR BELOW:   0    0.50 INCH OR MORE:   1
MIN  0 OR BELOW:   0    1.00 INCH OR MORE:   0

[HDD (BASE 65) ]
TOTAL THIS MO.   126    CLEAR  (SCALE 0-3)   9
DPTR FM NORMAL   -56    PTCLDY (SCALE 4-7)  16
TOTAL FM JUL 1   143    CLOUDY (SCALE 8-10)  4
DPTR FM NORMAL   -70

[CDD (BASE 65) ]
TOTAL THIS MO.    47
DPTR FM NORMAL    12    [PRESSURE DATA]
TOTAL FM JAN 1  1499    HIGHEST SLP  0.00 ON  4
DPTR FM NORMAL    17    LOWEST  SLP  0.00 ON  4

[REMARKS]
