000
CXUS52 KRAH 301317
CF6GSO
PRELIMINARY LOCAL CLIMATOLOGICAL DATA (WS FORM: F-6)

                                          STATION:   PIEDMONT TRIAD INTL AIRPORT NC
                                          MONTH:     AUGUST
                                          YEAR:      2015
                                          LATITUDE:   36  4 N
                                          LONGITUDE:  79 57 W

  TEMPERATURE IN F:       :PCPN:    SNOW:  WIND      :SUNSHINE: SKY     :PK WND
================================================================================
1   2   3   4   5  6A  6B    7    8   9   10  11  12  13   14  15   16   17  18
                                     12Z  AVG MX 2MIN
DY MAX MIN AVG DEP HDD CDD  WTR  SNW DPTH SPD SPD DIR MIN PSBL S-S WX    SPD DR
================================================================================

 1  91  64  78   0   0  13 0.00  0.0    0  4.0 17 300   M    M   3        21 290
 2  90  68  79   1   0  14 0.00  0.0    0  5.0 10 290   M    M   5        20 330
 3  93  67  80   2   0  15 0.00  0.0    0  5.7 15 240   M    M   5        23 240
 4  96  72  84   6   0  19 0.00  0.0    0  6.0 14 200   M    M   7        18 180
 5  96  71  84   6   0  19 0.70  0.0    0  5.9 29 200   M    M   6 13     36 210
 6  88  70  79   1   0  14 2.95  0.0    0  4.9 15 290   M    M   9 13     25 100
 7  75  67  71  -7   0   6 0.00  0.0    0  8.0 16  30   M    M  10 1      21  30
 8  85  68  77  -1   0  12 0.00  0.0    0  7.7 15  60   M    M   7        22  70
 9  85  69  77  -1   0  12 0.00  0.0    0  3.9 13 150   M    M   7        15 160
10  85  69  77  -1   0  12 0.81  0.0    0  9.4 24 270   M    M   9 13     30 270
11  89  71  80   2   0  15 0.21  0.0    0  5.9 24 260   M    M   7 13     30 270
12  86  69  78   0   0  13 0.00  0.0    0  3.9 15  40   M    M   4        21  10
13  86  66  76  -2   0  11 0.00  0.0    0  3.8 14  60   M    M   4        16  60
14  87  66  77  -1   0  12 0.00  0.0    0  4.6 10  80   M    M   6        21 330
15  89  68  79   1   0  14 0.00  0.0    0  2.4  9 210   M    M   7        12 140
16  90  67  79   2   0  14 0.00  0.0    0  1.9  8  60   M    M   6         M  M
17  91  70  81   4   0  16    T  0.0    0  3.6 12 290   M    M   9 18     16 270
18  82  72  77   0   0  12 1.70  0.0    0  7.1 22 240   M    M   9 13     29 240
19  86  72  79   2   0  14 0.29  0.0    0  6.4 17 260   M    M   7 13     22 260
20  88  72  80   3   0  15 0.00  0.0    0  4.7 14 310   M    M   8        18 310
21  85  70  78   1   0  13 0.00  0.0    0  5.8 14  50   M    M   6        22  30
22  85  66  76  -1   0  11 0.00  0.0    0  3.9 16  10   M    M   7         M 330
23  84  69  77   0   0  12 0.00  0.0    0  4.5 13 210   M    M   8        16 210
24  91  71  81   5   0  16    T  0.0    0  4.7 17 280   M    M   7 1      21 270
25  86  69  78   2   0  13 0.00  0.0    0  4.6 13  40   M    M   4        15 350
26  80  65  73  -3   0   8    T  0.0    0  7.6 17  50   M    M   5        22  50
27  84  63  74  -2   0   9 0.00  0.0    0  6.4 15  80   M    M   5        21  50
28  85  62  74  -2   0   9 0.00  0.0    0  2.5  9  60   M    M   4 1      14  60
29  85  63  74  -2   0   9    T  0.0    0  2.1  8 220   M    M   8        10 130
================================================================================
SM 2523 1976         0 372  6.66     0.0 146.9          M      189
================================================================================
AV 87.0 68.1                               5.1 FASTST   M    M   7    MAX(MPH)
                                 MISC ---->  # 29 200               # 36  210
================================================================================
NOTES:
# LAST OF SEVERAL OCCURRENCES

COLUMN 17 PEAK WIND IN M.P.H.

PRELIMINARY LOCAL CLIMATOLOGICAL DATA (WS FORM: F-6) , PAGE 2

                                          STATION:  PIEDMONT TRIAD INTL AIRPORT NC
                                          MONTH:    AUGUST
                                          YEAR:     2015
                                          LATITUDE:   36  4 N
                                          LONGITUDE:  79 57 W

[TEMPERATURE DATA]      [PRECIPITATION DATA]       SYMBOLS USED IN COLUMN 16

AVERAGE MONTHLY: 77.6   TOTAL FOR MONTH:   6.66    1 = FOG OR MIST
DPTR FM NORMAL:   0.3   DPTR FM NORMAL:    3.03    2 = FOG REDUCING VISIBILITY
HIGHEST:    96 ON  5, 4 GRTST 24HR  2.95 ON  6- 6      TO 1/4 MILE OR LESS
LOWEST:     62 ON 28                               3 = THUNDER
                        SNOW, ICE PELLETS, HAIL    4 = ICE PELLETS
                        TOTAL MONTH:   0.0 INCH    5 = HAIL
                        GRTST 24HR     0.0         6 = FREEZING RAIN OR DRIZZLE
                        GRTST DEPTH:   0           7 = DUSTSTORM OR SANDSTORM:
                                                       VSBY 1/2 MILE OR LESS
                                                   8 = SMOKE OR HAZE
[NO. OF DAYS WITH]      [WEATHER - DAYS WITH]      9 = BLOWING SNOW
                                                   X = TORNADO
MAX 32 OR BELOW:   0    0.01 INCH OR MORE:   6
MAX 90 OR ABOVE:   8    0.10 INCH OR MORE:   6
MIN 32 OR BELOW:   0    0.50 INCH OR MORE:   4
MIN  0 OR BELOW:   0    1.00 INCH OR MORE:   2

[HDD (BASE 65) ]
TOTAL THIS MO.     0    CLEAR  (SCALE 0-3)   1
DPTR FM NORMAL     0    PTCLDY (SCALE 4-7)  23
TOTAL FM JUL 1     0    CLOUDY (SCALE 8-10)  5
DPTR FM NORMAL     0

[CDD (BASE 65) ]
TOTAL THIS MO.   372
DPTR FM NORMAL    15    [PRESSURE DATA]
TOTAL FM JAN 1  1493    HIGHEST SLP M ON M
DPTR FM NORMAL   251    LOWEST  SLP 29.77 ON  7

[REMARKS]
