000
CXUS56 KTFX 011205
CF6GTF
PRELIMINARY LOCAL CLIMATOLOGICAL DATA (WS FORM: F-6)

                                          STATION:   GREAT FALLS MT
                                          MONTH:     JUNE
                                          YEAR:      2015
                                          LATITUDE:   47 28 N
                                          LONGITUDE: 111 22 W

  TEMPERATURE IN F:       :PCPN:    SNOW:  WIND      :SUNSHINE: SKY     :PK WND
================================================================================
1   2   3   4   5  6A  6B    7    8   9   10  11  12  13   14  15   16   17  18
                                     12Z  AVG MX 2MIN
DY MAX MIN AVG DEP HDD CDD  WTR  SNW DPTH SPD SPD DIR MIN PSBL S-S WX    SPD DR
================================================================================

 1  76  52  64   8   1   0 0.20  0.0    0  7.9 24 260   M    M   3 13     30 270
 2  69  48  59   3   6   0 0.16  0.0    0  7.3 29 340   M    M   6 13     37 340
 3  69  44  57   1   8   0 0.03  0.0    0  5.3 25 240   M    M   4        29 230
 4  73  46  60   3   5   0 0.00  0.0    0  6.6 21  50   M    M   1        27  60
 5  77  46  62   5   3   0    T  0.0    0  6.4 15  50   M    M   1        18  50
 6  81  48  65   8   0   0 0.00  0.0    0  4.6 10  10   M    M   1        13 190
 7  84  52  68  10   0   3 0.00  0.0    0  5.8 14 240   M    M   0        18 240
 8  90  58  74  16   0   9 0.00  0.0    0 11.5 20 240   M    M   0        24 220
 9  91  50  71  13   0   6 0.00  0.0    0  8.1 26 220   M    M   0        34 220
10  79  54  67   9   0   2 0.01  0.0    0  7.6 17 230   M    M   1        22 310
11  85  53  69  11   0   4 0.00  0.0    0  8.9 16 240   M    M   1        22 250
12  80  44  62   3   3   0 0.00  0.0    0 16.1 30 240   M    M   0        37 230
13  74  37  56  -3   9   0 0.00  0.0    0  6.0 20  40   M    M   1        26  50
14  66  41  54  -5  11   0 0.00  0.0    0  6.6 15  40   M    M   5        19  40
15  68  36  52  -8  13   0 0.00  0.0    0  8.6 17  40   M    M   4        24  30
16  78  42  60   0   5   0 0.00  0.0    0  5.5  9  20   M    M   0        17  20
17  79  49  64   4   1   0    T  0.0    0 11.1 21  20   M    M   2        28 360
18  82  45  64   4   1   0 0.00  0.0    0  6.3 15  60   M    M   2        23  90
19  83  49  66   5   0   1 0.00  0.0    0  9.2 23 290   M    M   2        34 260
20  79  44  62   1   3   0 0.00  0.0    0  7.7 22 250   M    M   1        29 260
21  74  44  59  -2   6   0    T  0.0    0  7.5 25  20   M    M   1        30  20
22  78  41  60  -1   5   0    T  0.0    0  4.5 21 310   M    M   2        29 260
23  83  44  64   2   1   0    T  0.0    0  7.2 25 350   M    M   1        30 350
24  83  45  64   2   1   0 0.00  0.0    0  6.8 13  90   M    M   0        15  90
25  87  57  72  10   0   7    T  0.0    0  6.9 15 280   M    M   4        20 350
26  94  50  72  10   0   7 0.00  0.0    0  6.8 15 330   M    M   0        20 300
27  98  56  77  14   0  12 0.00  0.0    0  5.6 16  90   M    M   0        19  60
28  99  62  81  18   0  16 0.00  0.0    0  6.6 14  50   M    M   0        19  70
29  97  59  78  15   0  13 0.04  0.0    0  9.1 32 220   M    M   0 3      39 210
30  93  65  79  15   0  14    T  0.0    0 12.5 26 290   M    M   0        41 290
================================================================================
SM 2449 1461        82  94  0.44     0.0 230.6          M       43
================================================================================
AV 81.6 48.7                               7.7 FASTST   M    M   1    MAX(MPH)
                                 MISC ---->  # 32 220               # 41  290
================================================================================
NOTES:
# LAST OF SEVERAL OCCURRENCES

COLUMN 17 PEAK WIND IN M.P.H.

PRELIMINARY LOCAL CLIMATOLOGICAL DATA (WS FORM: F-6) , PAGE 2

                                          STATION:  GREAT FALLS MT
                                          MONTH:    JUNE
                                          YEAR:     2015
                                          LATITUDE:   47 28 N
                                          LONGITUDE: 111 22 W

[TEMPERATURE DATA]      [PRECIPITATION DATA]       SYMBOLS USED IN COLUMN 16

AVERAGE MONTHLY: 65.2   TOTAL FOR MONTH:   0.44    1 = FOG OR MIST
DPTR FM NORMAL:   5.5   DPTR FM NORMAL:   -2.09    2 = FOG REDUCING VISIBILITY
HIGHEST:    99 ON 28    GRTST 24HR  0.25 ON  1- 2      TO 1/4 MILE OR LESS
LOWEST:     36 ON 15                               3 = THUNDER
                        SNOW, ICE PELLETS, HAIL    4 = ICE PELLETS
                        TOTAL MONTH:   0.0 INCH    5 = HAIL
                        GRTST 24HR     0.0         6 = FREEZING RAIN OR DRIZZLE
                        GRTST DEPTH:   0           7 = DUSTSTORM OR SANDSTORM:
                                                       VSBY 1/2 MILE OR LESS
                                                   8 = SMOKE OR HAZE
[NO. OF DAYS WITH]      [WEATHER - DAYS WITH]      9 = BLOWING SNOW
                                                   X = TORNADO
MAX 32 OR BELOW:   0    0.01 INCH OR MORE:   5
MAX 90 OR ABOVE:   7    0.10 INCH OR MORE:   2
MIN 32 OR BELOW:   0    0.50 INCH OR MORE:   0
MIN  0 OR BELOW:   0    1.00 INCH OR MORE:   0

[HDD (BASE 65) ]
TOTAL THIS MO.    82    CLEAR  (SCALE 0-3)  24
DPTR FM NORMAL  -109    PTCLDY (SCALE 4-7)   6
TOTAL FM JUL 1  6930    CLOUDY (SCALE 8-10)  0
DPTR FM NORMAL  -796

[CDD (BASE 65) ]
TOTAL THIS MO.    94
DPTR FM NORMAL    62    [PRESSURE DATA]
TOTAL FM JAN 1    94    HIGHEST SLP 30.27 ON 15
DPTR FM NORMAL    55    LOWEST  SLP 29.65 ON 12

[REMARKS]
#FINAL-06-15#
