000
CXUS56 KTFX 010802
CF6GTF
PRELIMINARY LOCAL CLIMATOLOGICAL DATA (WS FORM: F-6)

                                          STATION:   GREAT FALLS MT
                                          MONTH:     APRIL
                                          YEAR:      2016
                                          LATITUDE:   47 28 N
                                          LONGITUDE: 111 22 W

  TEMPERATURE IN F:       :PCPN:    SNOW:  WIND      :SUNSHINE: SKY     :PK WND
================================================================================
1   2   3   4   5  6A  6B    7    8   9   10  11  12  13   14  15   16   17  18
                                     12Z  AVG MX 2MIN
DY MAX MIN AVG DEP HDD CDD  WTR  SNW DPTH SPD SPD DIR MIN PSBL S-S WX    SPD DR
================================================================================

 1  65  36  51  12  14   0 0.00  0.0    0 12.5 22 220   M    M   8        32 280
 2  72  38  55  16  10   0 0.00  0.0    0 19.1 32 270   M    M   0        45 250
 3  67  37  52  12  13   0 0.00  0.0    0  7.8 25 240   M    M   3 8      31 240
 4  72  30  51  11  14   0 0.02  0.0    0 16.5 41 230   M    M   1        51 230
 5  53  32  43   3  22   0 0.11  0.2    0 17.2 37 290   M    M   6 1      48 270
 6  64  39  52  12  13   0 0.00  0.0    0 21.8 40 230   M    M   1        50 230
 7  66  32  49   8  16   0 0.00  0.0    0  6.3 13  90   M    M   1        19  60
 8  77  30  54  13  11   0 0.00  0.0    0  7.8 16 220   M    M   0        20 200
 9  63  43  53  12  12   0 0.00  0.0    0 12.2 22  20   M    M   1        27  10
10  53  34  44   2  21   0    T    T    0  8.2 23  20   M    M   4        28  20
11  71  24  48   6  17   0 0.00  0.0    0  8.6 21 280   M    M   0        28 270
12  73  37  55  13  10   0 0.01  0.0    0  8.7 18 200   M    M   3 3      30 280
13  59  34  47   5  18   0 0.24  0.0    0 12.8 28 240   M    M   5 1      34 240
14  45  34  40  -3  25   0 0.65    T    0  6.9 18 290   M    M  10 1      24 280
15  35  30  33 -10  32   0 0.76  6.9    1 18.2 35 360   M    M   9 12     42 360
16  51  25  38  -5  27   0 0.00  0.0    2  9.0 16 210   M    M   0        18 200
17  60  24  42  -1  23   0 0.00  0.0    T  4.5 13 120   M    M   0        16 110
18  61  25  43  -1  22   0 0.00  0.0    0  6.4 15  60   M    M   0        20  80
19  71  30  51   7  14   0 0.00  0.0    0  5.2 12 120   M    M   0        14 120
20  72  33  53   9  12   0 0.00  0.0    0  6.6 17 340   M    M   0        21 320
21  79  37  58  14   7   0 0.00  0.0    0  7.2 18 200   M    M   0        23 200
22  72  43  58  13   7   0 0.00  0.0    0  8.4 18 320   M    M   0        23 320
23  52  39  46   1  19   0 0.65  0.0    0  6.9 15 320   M    M   6 1      17 310
24  50  38  44  -1  21   0 0.02  0.0    0  5.8 12  50   M    M  10 1      14  50
25  44  35  40  -6  25   0 0.03  0.0    0  6.2 12  40   M    M  10 1      15  60
26  42  34  38  -8  27   0 0.04    T    0  5.8 12 350   M    M  10 1      14 340
27  39  33  36 -10  29   0 0.20    T    0  9.2 16  50   M    M  10 1      18  50
28  43  32  38  -8  27   0 0.10  0.1    T 11.3 20  70   M    M  10 1      25  60
29  54  35  45  -2  20   0 0.00  0.0    0  5.7 17  20   M    M   9        19  30
30  53  35  44  -3  21   0 0.00  0.0    0  6.2 14 100   M    M   7        18  50
================================================================================
SM 1778 1008       549   0  2.83     7.2 289.0          M      124
================================================================================
AV 59.3 33.6                               9.6 FASTST   M    M   4    MAX(MPH)
                                 MISC ---->  # 41 230               # 51  230
================================================================================
NOTES:
# LAST OF SEVERAL OCCURRENCES

COLUMN 17 PEAK WIND IN M.P.H.

PRELIMINARY LOCAL CLIMATOLOGICAL DATA (WS FORM: F-6) , PAGE 2

                                          STATION:  GREAT FALLS MT
                                          MONTH:    APRIL
                                          YEAR:     2016
                                          LATITUDE:   47 28 N
                                          LONGITUDE: 111 22 W

[TEMPERATURE DATA]      [PRECIPITATION DATA]       SYMBOLS USED IN COLUMN 16

AVERAGE MONTHLY: 46.4   TOTAL FOR MONTH:   2.83    1 = FOG OR MIST
DPTR FM NORMAL:   3.3   DPTR FM NORMAL:    1.41    2 = FOG REDUCING VISIBILITY
HIGHEST:    79 ON 21    GRTST 24HR  1.23 ON 14-15      TO 1/4 MILE OR LESS
LOWEST:     24 ON 17,11                            3 = THUNDER
                        SNOW, ICE PELLETS, HAIL    4 = ICE PELLETS
                        TOTAL MONTH:   7.2 INCHES  5 = HAIL
                        GRTST 24HR   6.9 ON   M    6 = FREEZING RAIN OR DRIZZLE
                        GRTST DEPTH:   2 ON 16     7 = DUSTSTORM OR SANDSTORM:
                                                       VSBY 1/2 MILE OR LESS
                                                   8 = SMOKE OR HAZE
[NO. OF DAYS WITH]      [WEATHER - DAYS WITH]      9 = BLOWING SNOW
                                                   X = TORNADO
MAX 32 OR BELOW:   0    0.01 INCH OR MORE:  12
MAX 90 OR ABOVE:   0    0.10 INCH OR MORE:   7
MIN 32 OR BELOW:  11    0.50 INCH OR MORE:   3
MIN  0 OR BELOW:   0    1.00 INCH OR MORE:   0

[HDD (BASE 65) ]
TOTAL THIS MO.   549    CLEAR  (SCALE 0-3)  15
DPTR FM NORMAL  -110    PTCLDY (SCALE 4-7)   7
TOTAL FM JUL 1  6269    CLOUDY (SCALE 8-10)  8
DPTR FM NORMAL  -848

[CDD (BASE 65) ]
TOTAL THIS MO.     0
DPTR FM NORMAL    -1    [PRESSURE DATA]
TOTAL FM JAN 1     0    HIGHEST SLP M ON M
DPTR FM NORMAL    -1    LOWEST  SLP 29.54 ON  9

[REMARKS]
#FINAL-04-16#
