000
CXGM50 PGUM 251850
CF6GUM
PRELIMINARY LOCAL CLIMATOLOGICAL DATA (WS FORM: F-6)

                                          STATION:   GUAM INTERNATIONAL AIRPORT
                                          MONTH:     AUGUST
                                          YEAR:      2016
                                          LATITUDE:   13 29 N
                                          LONGITUDE: 144-48 E

  TEMPERATURE IN F:       :PCPN:    SNOW:  WIND      :SUNSHINE: SKY     :PK WND
================================================================================
1   2   3   4   5  6A  6B    7    8   9   10  11  12  13   14  15   16   17  18
                                     12Z  AVG MX 2MIN
DY MAX MIN AVG DEP HDD CDD  WTR  SNW DPTH SPD SPD DIR MIN PSBL S-S WX    SPD DR
================================================================================

 1  90  76  83   1   0  18 1.69  0.0    0  5.8 25  10   M    M   4 13     32 350
 2  86  78  82   0   0  17 0.94  0.0    0  6.1 23 360   M    M   4 1      28 340
 3  81  75  78  -4   0  13 4.03  0.0    0  8.4 20  20   M    M   7 13     28 320
 4  81  74  78  -3   0  13 3.42  0.0    0 10.0 32 240   M    M   7 13     40 240
 5  85  77  81   0   0  16 0.36  0.0    0 11.1 24 220   M    M   5 1      31 220
 6  86  80  83   2   0  18 0.18  0.0    0  7.9 12 230   M    M   5 1      18 240
 7  89  78  84   3   0  19 0.22  0.0    0  5.1 18 250   M    M   4 1      23 250
 8  87  78  83   2   0  18 0.05  0.0    0  5.7 16 250   M    M   5 1      22 250
 9  88  76  82   1   0  17 0.11  0.0    0  1.5  8 170   M    M   2 1      10  30
10  89  78  84   3   0  19    T  0.0    0  4.8 13 340   M    M   1 3      17 330
11  86  77  82   1   0  17 1.35  0.0    0  3.7 20 240   M    M   4 1      25 240
12  88  76  82   1   0  17 0.68  0.0    0  6.4 18 220   M    M   5 18     23 240
13  89  76  83   2   0  18 0.01  0.0    0 10.2 23 210   M    M   4        32 210
14  87  75  81   0   0  16 0.77  0.0    0 12.4 24 240   M    M   5 1      32 230
15  86  75  81   0   0  16 1.01  0.0    0  9.6 24 270   M    M   5 18     33 270
16  85  77  81   0   0  16 0.17  0.0    0 11.4 22 230   M    M   6 1      30 210
17  86  80  83   2   0  18 0.21  0.0    0 11.8 26 240   M    M   7 1      33 240
18  86  78  82   1   0  17 0.80  0.0    0 10.3 22 230   M    M   7 1      32 220
19  88  80  84   3   0  19 0.08  0.0    0 11.5 23 220   M    M   7 1      32 190
20  90  79  85   4   0  20 0.10  0.0    0  9.5 18 170   M    M   6 1      26 220
21  90  80  85   4   0  20 1.34  0.0    0  5.5 13 210   M    M   4 13     16 220
22  87  81  84   3   0  19 0.43  0.0    0  9.5 18 330   M    M   7 1      23 340
23  87  76  82   1   0  17 2.56  0.0    0 11.8 26 220   M    M   8 18     37 220
24  89  78  84   3   0  19 0.24  0.0    0  7.3 18 280   M    M   3 1      25 290
25  90  79  85   4   0  20 0.00  0.0    0  6.8 14 170   M    M   3        20 160
================================================================================
SM 2176 1937         0 437 20.75     0.0 204.1          M      125
================================================================================
AV 87.0 77.5                               8.2 FASTST   M    M   5    MAX(MPH)
                                 MISC ---->  # 32 240               # 40  240
================================================================================
NOTES:
# LAST OF SEVERAL OCCURRENCES

COLUMN 17 PEAK WIND IN M.P.H.

PRELIMINARY LOCAL CLIMATOLOGICAL DATA (WS FORM: F-6) , PAGE 2

                                          STATION:  GUAM INTERNATIONAL AIRPORT
                                          MONTH:    AUGUST
                                          YEAR:     2016
                                          LATITUDE:   13 29 N
                                          LONGITUDE: 144-48 E

[TEMPERATURE DATA]      [PRECIPITATION DATA]       SYMBOLS USED IN COLUMN 16

AVERAGE MONTHLY: 82.3   TOTAL FOR MONTH:  20.75    1 = FOG OR MIST
DPTR FM NORMAL:   1.1   DPTR FM NORMAL:    7.18    2 = FOG REDUCING VISIBILITY
HIGHEST:    90 ON 25,21 GRTST 24HR  4.03 ON  3- 3      TO 1/4 MILE OR LESS
LOWEST:     74 ON  4                               3 = THUNDER
                        SNOW, ICE PELLETS, HAIL    4 = ICE PELLETS
                        TOTAL MONTH:   0.0 INCH    5 = HAIL
                        GRTST 24HR     0.0         6 = FREEZING RAIN OR DRIZZLE
                        GRTST DEPTH:   0           7 = DUSTSTORM OR SANDSTORM:
                                                       VSBY 1/2 MILE OR LESS
                                                   8 = SMOKE OR HAZE
[NO. OF DAYS WITH]      [WEATHER - DAYS WITH]      9 = BLOWING SNOW
                                                   X = TORNADO
MAX 32 OR BELOW:   0    0.01 INCH OR MORE:  23
MAX 90 OR ABOVE:   4    0.10 INCH OR MORE:  20
MIN 32 OR BELOW:   0    0.50 INCH OR MORE:  11
MIN  0 OR BELOW:   0    1.00 INCH OR MORE:   7

[HDD (BASE 65) ]
TOTAL THIS MO.     0    CLEAR  (SCALE 0-3)   3
DPTR FM NORMAL     0    PTCLDY (SCALE 4-7)  22
TOTAL FM JUL 1     0    CLOUDY (SCALE 8-10)  0
DPTR FM NORMAL     0

[CDD (BASE 65) ]
TOTAL THIS MO.   437
DPTR FM NORMAL    37    [PRESSURE DATA]
TOTAL FM JAN 1  4345    HIGHEST SLP 29.83 ON  1
DPTR FM NORMAL   466    LOWEST  SLP 29.73 ON  1

[REMARKS]
