407
CXUS54 KAMA 271015
CF6GUY
PRELIMINARY LOCAL CLIMATOLOGICAL DATA (WS FORM: F-6)

                                          STATION:   GUYMON
                                          MONTH:     JULY
                                          YEAR:      2016
                                          LATITUDE:   36 41 N
                                          LONGITUDE: 101 30 W

  TEMPERATURE IN F:       :PCPN:    SNOW:  WIND      :SUNSHINE: SKY     :PK WND
================================================================================
1   2   3   4   5  6A  6B    7    8   9   10  11  12  13   14  15   16   17  18
                                     12Z  AVG MX 2MIN
DY MAX MIN AVG DEP HDD CDD  WTR  SNW DPTH SPD SPD DIR MIN PSBL S-S WX    SPD DR
================================================================================

 1  87  66  77  -1   0  12 0.02  0.0    0  9.2 18  50   M    M   5 3      25 160
 2  95  70  83   5   0  18 0.03  0.0    0  9.7 23 350   M    M   3 3      34 270
 3  87  66  77  -2   0  12    T  0.0    0  7.6 24 280   M    M   4 1      33 280
 4  99  61  80   1   0  15 0.00  0.0    0  6.4 14 190   M    M   0        17 190
 5 104  62  83   4   0  18 0.00  0.0    0  9.3 24 200   M    M   0        32 200
 6 103  67  85   6   0  20 0.00  0.0    0  9.2 23 190   M    M   0        31 190
 7 106  71  89  10   0  24 0.17  0.0    0 12.7 29 160   M    M   0 3      38 170
 8  93  69  81   1   0  16    T  0.0    0 12.0 24  30   M    M   0 3      34  10
 9 101  64  83   3   0  18 0.00  0.0    0 10.0 20 160   M    M   0        26 140
10 106  69  88   8   0  23 0.00  0.0    0 16.8 31 200   M    M   0        40 210
11 110  68  89   9   0  24 0.00  0.0    0 13.7 25 220   M    M   0        35 210
12  97  67  82   2   0  17 0.00  0.0    0 11.0 21 360   M    M   1        26 360
13 102  66  84   4   0  19 0.00  0.0    0 11.3 18 190   M    M   0        25 180
14  93  68  81   1   0  16 0.00  0.0    0 12.4 33  70   M    M   1        44  60
15  99  62  81   1   0  16 0.16  0.0    0 11.6 38  40   M    M   1 3      46  60
16  96  60  78  -2   0  13 0.00  0.0    0 13.6 26 160   M    M   0        37 160
17 105  73  89   9   0  24 0.00  0.0    0 16.5 25 210   M    M   0 3      32 210
18 101  69  85   5   0  20 0.00  0.0    0 10.8 20 160   M    M   0        27 160
19  99  62  81   1   0  16 0.00  0.0    0 11.5 21 190   M    M   0        26 170
20 102  70  86   6   0  21 0.00  0.0    0 15.1 25 210   M    M   0        33 210
21 105  73  89   9   0  24 0.00  0.0    0 14.7 29 230   M    M   0        36 230
22 106  68  87   7   0  22 0.00  0.0    0 10.9 22 160   M    M   0        29 170
23 105  69  87   7   0  22    T  0.0    0 13.8 26 210   M    M   0        33 200
24 102  71  87   7   0  22 1.18  0.0    0  8.6 41 240   M    M   1 3      58 240
25  88  68  78  -2   0  13 0.02  0.0    0  8.8 16  70   M    M   2 3      21  90
26  96  69  83   3   0  18 0.00  0.0    0  7.9 17 110   M    M   3 1      22 100
================================================================================
SM 2587 1748         0 483  1.58     0.0 295.1          M       21
================================================================================
AV 99.5 67.2                              11.3 FASTST   M    M   1    MAX(MPH)
                                 MISC ---->  # 41 240               # 58  240
================================================================================
NOTES:
# LAST OF SEVERAL OCCURRENCES

COLUMN 17 PEAK WIND IN M.P.H.

PRELIMINARY LOCAL CLIMATOLOGICAL DATA (WS FORM: F-6) , PAGE 2

                                          STATION:  GUYMON
                                          MONTH:    JULY
                                          YEAR:     2016
                                          LATITUDE:   36 41 N
                                          LONGITUDE: 101 30 W

[TEMPERATURE DATA]      [PRECIPITATION DATA]       SYMBOLS USED IN COLUMN 16

AVERAGE MONTHLY: 83.4   TOTAL FOR MONTH:   1.58    1 = FOG OR MIST
DPTR FM NORMAL:   3.7   DPTR FM NORMAL:   -0.61    2 = FOG REDUCING VISIBILITY
HIGHEST:   110 ON 11    GRTST 24HR  1.20 ON 24-25      TO 1/4 MILE OR LESS
LOWEST:     60 ON 16                               3 = THUNDER
                        SNOW, ICE PELLETS, HAIL    4 = ICE PELLETS
                        TOTAL MONTH:   0.0 INCH    5 = HAIL
                        GRTST 24HR     0.0         6 = FREEZING RAIN OR DRIZZLE
                        GRTST DEPTH:   0           7 = DUSTSTORM OR SANDSTORM:
                                                       VSBY 1/2 MILE OR LESS
                                                   8 = SMOKE OR HAZE
[NO. OF DAYS WITH]      [WEATHER - DAYS WITH]      9 = BLOWING SNOW
                                                   X = TORNADO
MAX 32 OR BELOW:   0    0.01 INCH OR MORE:   6
MAX 90 OR ABOVE:  23    0.10 INCH OR MORE:   3
MIN 32 OR BELOW:   0    0.50 INCH OR MORE:   1
MIN  0 OR BELOW:   0    1.00 INCH OR MORE:   1

[HDD (BASE 65) ]
TOTAL THIS MO.     0    CLEAR  (SCALE 0-3)  24
DPTR FM NORMAL     0    PTCLDY (SCALE 4-7)   2
TOTAL FM JUL 1     0    CLOUDY (SCALE 8-10)  0
DPTR FM NORMAL     0

[CDD (BASE 65) ]
TOTAL THIS MO.   483
DPTR FM NORMAL   103    [PRESSURE DATA]
TOTAL FM JAN 1   977    HIGHEST SLP M ON M
DPTR FM NORMAL   209    LOWEST  SLP 29.52 ON 11

[REMARKS]
