000
CXUS54 KAMA 261015
CF6GUY
PRELIMINARY LOCAL CLIMATOLOGICAL DATA (WS FORM: F-6)

                                          STATION:   GUYMON
                                          MONTH:     FEBRUARY
                                          YEAR:      2015
                                          LATITUDE:   36 41 N
                                          LONGITUDE: 101 30 W

  TEMPERATURE IN F:       :PCPN:    SNOW:  WIND      :SUNSHINE: SKY     :PK WND
================================================================================
1   2   3   4   5  6A  6B    7    8   9   10  11  12  13   14  15   16   17  18
                                     12Z  AVG MX 2MIN
DY MAX MIN AVG DEP HDD CDD  WTR  SNW DPTH SPD SPD DIR MIN PSBL S-S WX    SPD DR
================================================================================

 1  40  19  30  -7  35   0    T    M    0 18.9 37 350   M    M   5        44 350
 2  53  19  36  -1  29   0 0.00  0.0    0  7.5 24 210   M    M   2        30 200
 3  65  25  45   8  20   0 0.00  0.0    0  6.5 15 210   M    M   0        17 200
 4  40  20  30  -7  35   0    T    T    0 14.5 39  10   M    M   6 1      47  10
 5  55  20  38   1  27   0 0.00  0.0    0  9.8 20 200   M    M   2        24 200
 6  79  29  54  17  11   0 0.00  0.0    0  4.9 12 220   M    M   0        12 200
 7  85  37  61  24   4   0 0.00  0.0    0  7.5 18 280   M    M   0        22 280
 8  75  40  58  21   7   0 0.00  0.0    0 10.3 25  10   M    M   0        31  10
 9  75  33  54  16  11   0 0.00  0.0    0  6.9 22 160   M    M   0        31 160
10  71  32  52  14  13   0 0.00  0.0    0  9.8 23  10   M    M   0        29  30
11  46  26  36  -2  29   0    T  0.0    0 12.2 30  20   M    M   4        38  30
12  58  23  41   3  24   0 0.00  0.0    0 11.5 24 200   M    M   0        32 220
13  68  37  53  15  12   0 0.00  0.0    0  8.1 18  10   M    M   0        22  10
14  78  30  54  16  11   0 0.00  0.0    0 10.2 24  80   M    M   0        33  70
15  36  19  28 -10  37   0    T    T    0 12.9 23 360   M    M   7        27 360
16  46  23  35  -4  30   0 0.11  2.0    0  7.6 22 350   M    M   6 12     27 360
17  47  22  35  -4  30   0    T    T    T 10.4 31 340   M    M   6        41 350
18  53  17  35  -4  30   0 0.00  0.0    0  4.5 12 140   M    M   0        15 160
19  69  26  48   9  17   0 0.00  0.0    0 10.2 25 200   M    M   0        30 210
20  71  22  47   8  18   0 0.00  0.0    0  8.3 37  10   M    M   0        46  10
21  49  27  38  -2  27   0 0.06  0.0    0  8.7 16 120   M    M   7 1      21 130
22  39  16  28 -12  37   0 0.22  2.0    2 15.7 31  30   M    M  10 18     38  30
23  20  15  18 -22  47   0 0.02  0.4    2  6.7 14  50   M    M  10 8      16  40
24  44  13  29 -11  36   0 0.00  0.0    2  9.2 23 340   M    M   0        27 340
25  54  26  40  -1  25   0 0.00  0.0    0 14.0 31  10   M    M   3        39  20
================================================================================
SM 1416  616       602   0  0.41     4.4 246.8          M       68
================================================================================
AV 56.6 24.6                               9.9 FASTST   M    M   3    MAX(MPH)
                                 MISC ---->  # 39  10               # 47   10
================================================================================
NOTES:
# LAST OF SEVERAL OCCURRENCES

COLUMN 17 PEAK WIND IN M.P.H.

PRELIMINARY LOCAL CLIMATOLOGICAL DATA (WS FORM: F-6) , PAGE 2

                                          STATION:  GUYMON
                                          MONTH:    FEBRUARY
                                          YEAR:     2015
                                          LATITUDE:   36 41 N
                                          LONGITUDE: 101 30 W

[TEMPERATURE DATA]      [PRECIPITATION DATA]       SYMBOLS USED IN COLUMN 16

AVERAGE MONTHLY: 40.6   TOTAL FOR MONTH:   0.41    1 = FOG OR MIST
DPTR FM NORMAL:   2.3   DPTR FM NORMAL:    0.00    2 = FOG REDUCING VISIBILITY
HIGHEST:    85 ON  7    GRTST 24HR  0.28 ON 21-22      TO 1/4 MILE OR LESS
LOWEST:     13 ON 24                               3 = THUNDER
                        SNOW, ICE PELLETS, HAIL    4 = ICE PELLETS
                        TOTAL MONTH:   4.4 INCHES  5 = HAIL
                        GRTST 24HR   2.0 ON 22-22  6 = FREEZING RAIN OR DRIZZLE
                        GRTST DEPTH:   2 ON 24,23  7 = DUSTSTORM OR SANDSTORM:
                                                       VSBY 1/2 MILE OR LESS
                                                   8 = SMOKE OR HAZE
[NO. OF DAYS WITH]      [WEATHER - DAYS WITH]      9 = BLOWING SNOW
                                                   X = TORNADO
MAX 32 OR BELOW:   1    0.01 INCH OR MORE:   4
MAX 90 OR ABOVE:   0    0.10 INCH OR MORE:   2
MIN 32 OR BELOW:  21    0.50 INCH OR MORE:   0
MIN  0 OR BELOW:   0    1.00 INCH OR MORE:   0

[HDD (BASE 65) ]
TOTAL THIS MO.   602    CLEAR  (SCALE 0-3)  16
DPTR FM NORMAL   -65    PTCLDY (SCALE 4-7)   7
TOTAL FM JUL 1  3086    CLOUDY (SCALE 8-10)  2
DPTR FM NORMAL  -309

[CDD (BASE 65) ]
TOTAL THIS MO.     0
DPTR FM NORMAL     0    [PRESSURE DATA]
TOTAL FM JAN 1     0    HIGHEST SLP M ON M
DPTR FM NORMAL     0    LOWEST  SLP 29.54 ON 20

[REMARKS]
