000
CXUS54 KAMA 311015
CF6GUY
PRELIMINARY LOCAL CLIMATOLOGICAL DATA (WS FORM: F-6)

                                          STATION:   GUYMON
                                          MONTH:     MAY
                                          YEAR:      2016
                                          LATITUDE:   36 41 N
                                          LONGITUDE: 101 30 W

  TEMPERATURE IN F:       :PCPN:    SNOW:  WIND      :SUNSHINE: SKY     :PK WND
================================================================================
1   2   3   4   5  6A  6B    7    8   9   10  11  12  13   14  15   16   17  18
                                     12Z  AVG MX 2MIN
DY MAX MIN AVG DEP HDD CDD  WTR  SNW DPTH SPD SPD DIR MIN PSBL S-S WX    SPD DR
================================================================================

 1  48  41  45 -15  20   0 0.18  0.0    0 15.8 33 350   M    M   9        43 350
 2  63  36  50 -10  15   0 0.00  0.0    0  7.7 16 350   M    M   1        23 340
 3  70  38  54  -7  11   0 0.01  0.0    0 10.3 25 320   M    M   2        34 320
 4  79  42  61   0   4   0 0.00  0.0    0  7.3 15  10   M    M   0        21 260
 5  87  45  66   4   0   1 0.00  0.0    0  9.4 21 200   M    M   0        25 170
 6  86  50  68   6   0   3 0.00  0.0    0 13.5 25 180   M    M   0        34 180
 7  86  52  69   7   0   4 0.00  0.0    0 14.1 25 160   M    M   0        33 180
 8  84  43  64   2   1   0 0.00  0.0    0 10.4 35 200   M    M   0        44 220
 9  76  42  59  -4   6   0    T  0.0    0  9.0 31 320   M    M   0        39 320
10  88  46  67   4   0   2 0.00  0.0    0  9.5 33  10   M    M   0        42  10
11  75  48  62  -1   3   0 0.01  0.0    0 14.5 28 340   M    M   2        35  20
12  73  46  60  -4   5   0 0.00  0.0    0  7.8 16 190   M    M   0        20 220
13  87  50  69   5   0   4 0.00  0.0    0 14.8 31  30   M    M   0        40  30
14  60  44  52 -12  13   0    T  0.0    0  9.0 16  40   M    M   6        22  40
15  55  46  51 -14  14   0 0.06  0.0    0 11.5 23 160   M    M  10 13     29 170
16  71  50  61  -4   4   0 0.54  0.0    0 13.8 32 300   M    M   8 13     43 310
17  54  47  51 -14  14   0    T  0.0    0 12.8 22  20   M    M  10 1      27  10
18  65  45  55 -11  10   0 0.00  0.0    0  6.9 14  90   M    M   8        20 130
19  63  50  57  -9   8   0 0.00  0.0    0 10.3 16 160   M    M   8 1      21 140
20  80  49  65  -1   0   0 0.00  0.0    0 11.5 17 130   M    M   4 1      26 180
21  89  61  75   9   0  10 0.00  0.0    0 16.7 29 180   M    M   4        39 190
22  88  63  76   9   0  11 0.01  0.0    0 21.2 33 140   M    M   4 3      51 140
23  86  61  74   7   0   9 0.00  0.0    0 11.5 24 160   M    M   2        31 160
24  91  65  78  11   0  13 0.00  0.0    0 15.0 25 160   M    M   0        35 190
25  90  49  70   2   0   5 0.00  0.0    0 10.1 25 200   M    M   0        34 210
26  90  48  69   1   0   4    T  0.0    0 10.4 28 230   M    M   0        35 230
27  73  47  60  -8   5   0 0.00  0.0    0 15.6 30 300   M    M   1        41 300
28  82  46  64  -4   1   0 0.00  0.0    0  6.4 13 200   M    M   0        18 210
29  79  52  66  -3   0   1 0.15  0.0    0 10.0 30 180   M    M   3 13     43 160
30  83  48  66  -3   0   1 0.00  0.0    0 10.7 20 180   M    M   0        27 160
================================================================================
SM 2301 1450       134  68  0.96     0.0 347.5          M       82
================================================================================
AV 76.7 48.3                              11.6 FASTST   M    M   3    MAX(MPH)
                                 MISC ---->  # 35 200               # 51  140
================================================================================
NOTES:
# LAST OF SEVERAL OCCURRENCES

COLUMN 17 PEAK WIND IN M.P.H.

PRELIMINARY LOCAL CLIMATOLOGICAL DATA (WS FORM: F-6) , PAGE 2

                                          STATION:  GUYMON
                                          MONTH:    MAY
                                          YEAR:     2016
                                          LATITUDE:   36 41 N
                                          LONGITUDE: 101 30 W

[TEMPERATURE DATA]      [PRECIPITATION DATA]       SYMBOLS USED IN COLUMN 16

AVERAGE MONTHLY: 62.5   TOTAL FOR MONTH:   0.96    1 = FOG OR MIST
DPTR FM NORMAL:  -2.2   DPTR FM NORMAL:   -1.36    2 = FOG REDUCING VISIBILITY
HIGHEST:    91 ON 24    GRTST 24HR  0.60 ON 15-16      TO 1/4 MILE OR LESS
LOWEST:     36 ON  2                               3 = THUNDER
                        SNOW, ICE PELLETS, HAIL    4 = ICE PELLETS
                        TOTAL MONTH:   0.0 INCH    5 = HAIL
                        GRTST 24HR     0.0         6 = FREEZING RAIN OR DRIZZLE
                        GRTST DEPTH:   0           7 = DUSTSTORM OR SANDSTORM:
                                                       VSBY 1/2 MILE OR LESS
                                                   8 = SMOKE OR HAZE
[NO. OF DAYS WITH]      [WEATHER - DAYS WITH]      9 = BLOWING SNOW
                                                   X = TORNADO
MAX 32 OR BELOW:   0    0.01 INCH OR MORE:   7
MAX 90 OR ABOVE:   3    0.10 INCH OR MORE:   3
MIN 32 OR BELOW:   0    0.50 INCH OR MORE:   1
MIN  0 OR BELOW:   0    1.00 INCH OR MORE:   0

[HDD (BASE 65) ]
TOTAL THIS MO.   134    CLEAR  (SCALE 0-3)  20
DPTR FM NORMAL    40    PTCLDY (SCALE 4-7)   6
TOTAL FM JUL 1  3784    CLOUDY (SCALE 8-10)  4
DPTR FM NORMAL  -663

[CDD (BASE 65) ]
TOTAL THIS MO.    68
DPTR FM NORMAL   -20    [PRESSURE DATA]
TOTAL FM JAN 1    88    HIGHEST SLP M ON M
DPTR FM NORMAL   -15    LOWEST  SLP 29.47 ON  9

[REMARKS]
