925
CXUS52 KFFC 261110
CF6GVL
PRELIMINARY LOCAL CLIMATOLOGICAL DATA (WS FORM: F-6)

                                          STATION:   GAINESVILLE
                                          MONTH:     AUGUST
                                          YEAR:      2016
                                          LATITUDE:   34 16 N
                                          LONGITUDE:  83 50 W

  TEMPERATURE IN F:       :PCPN:    SNOW:  WIND      :SUNSHINE: SKY     :PK WND
================================================================================
1   2   3   4   5  6A  6B    7    8   9   10  11  12  13   14  15   16   17  18
                                     12Z  AVG MX 2MIN
DY MAX MIN AVG DEP HDD CDD  WTR  SNW DPTH SPD SPD DIR MIN PSBL S-S WX    SPD DR
================================================================================

 1  91  71  81   2   0  16 0.12    M    M  5.3 17 230   M    M   2 13     23 220
 2  88  71  80   1   0  15    T    M    M  6.4 17 330   M    M   3 13     22 320
 3  90  72  81   2   0  16 1.86    M    M  4.2 18  30   M    M   4 13     25  30
 4  90  73  82   3   0  17    T    M    M  6.7 12  90   M    M   6 13     16  80
 5  91  73  82   3   0  17    T    M    M  4.0 12 250   M    M   6 1      17 240
 6  92  72  82   3   0  17 0.03    M    M  4.2 18 320   M    M   1        25 320
 7  92  74  83   4   0  18 0.04    M    M  3.7 20 290   M    M   2 3      28 300
 8  88  73  81   2   0  16    T  0.0    M  8.4 17  90   M    M   8 1      22  90
 9  88  74  81   2   0  16 0.22    M    M  9.2 18 100   M    M   8 1      24 100
10  87  73  80   1   0  15 0.18    M    M  8.6 15  80   M    M   9 1      21  70
11  88  73  81   2   0  16 0.00    M    M  7.5 14 100   M    M   7 1      17  90
12  87  74  81   2   0  16 0.08  0.0    0  7.0 15 100   M    M   7 13     19  90
13  90  72  81   2   0  16 0.00  0.0    0  3.8 12 240   M    M   5 12     16 250
14  92  72  82   4   0  17 0.05  0.0    0  3.5 12 170   M    M   2 13     20 160
15  88  70  79   1   0  14 0.07  0.0    0  3.1 12 230   M    M   4 13     16 240
16  90  73  82   4   0  17    T  0.0    M  3.2 12 160   M    M   3 3      16 180
17  92  71  82   4   0  17 0.00    M    M  4.8 14 310   M    M   1 3      20 300
18  92  72  82   4   0  17 0.06  0.0    M  4.1 17 240   M    M   1 13     25 240
19  90  70  80   2   0  15 0.05  0.0    M  5.1 15 350   M    M   3 13     22 340
20  87  73  80   2   0  15 0.17  0.0    0  6.3 24 260   M    M   4 13     32 250
21  89  72  81   3   0  16 0.06  0.0    0  8.7 22 310   M    M   4 138    30 300
22  87  67  77  -1   0  12 0.00  0.0    0  3.6 10 230   M    M   0        14 320
23  88  67  78   0   0  13 0.00  0.0    0  6.0 13  90   M    M   3        17  80
24  84  71  78   0   0  13 0.11  0.0    0  4.0 20 100   M    M   5 1      25  90
25  90  69  80   3   0  15 0.00    M    M  2.5  9 320   M    M   1 12     12 270
================================================================================
SM 2231 1792         0 392  3.10     0.0 133.9          M       99
================================================================================
AV 89.2 71.7                               5.4 FASTST   M    M   4    MAX(MPH)
                                 MISC ---->  # 24 260               # 32  250
================================================================================
NOTES:
# LAST OF SEVERAL OCCURRENCES

COLUMN 17 PEAK WIND IN M.P.H.

PRELIMINARY LOCAL CLIMATOLOGICAL DATA (WS FORM: F-6) , PAGE 2

                                          STATION:  GAINESVILLE
                                          MONTH:    AUGUST
                                          YEAR:     2016
                                          LATITUDE:   34 16 N
                                          LONGITUDE:  83 50 W

[TEMPERATURE DATA]      [PRECIPITATION DATA]       SYMBOLS USED IN COLUMN 16

AVERAGE MONTHLY: 80.5   TOTAL FOR MONTH:   3.10    1 = FOG OR MIST
DPTR FM NORMAL:   2.0   DPTR FM NORMAL:   -0.64    2 = FOG REDUCING VISIBILITY
HIGHEST:    92 ON 18,17 GRTST 24HR  1.86 ON  3- 3      TO 1/4 MILE OR LESS
LOWEST:     67 ON 23,22                            3 = THUNDER
                        SNOW, ICE PELLETS, HAIL    4 = ICE PELLETS
                        TOTAL MONTH:   0.0 INCH    5 = HAIL
                        GRTST 24HR     0.0         6 = FREEZING RAIN OR DRIZZLE
                        GRTST DEPTH:   0           7 = DUSTSTORM OR SANDSTORM:
                                                       VSBY 1/2 MILE OR LESS
                                                   8 = SMOKE OR HAZE
[NO. OF DAYS WITH]      [WEATHER - DAYS WITH]      9 = BLOWING SNOW
                                                   X = TORNADO
MAX 32 OR BELOW:   0    0.01 INCH OR MORE:  14
MAX 90 OR ABOVE:  13    0.10 INCH OR MORE:   6
MIN 32 OR BELOW:   0    0.50 INCH OR MORE:   1
MIN  0 OR BELOW:   0    1.00 INCH OR MORE:   1

[HDD (BASE 65) ]
TOTAL THIS MO.     0    CLEAR  (SCALE 0-3)  11
DPTR FM NORMAL     0    PTCLDY (SCALE 4-7)  12
TOTAL FM JUL 1     0    CLOUDY (SCALE 8-10)  2
DPTR FM NORMAL     0

[CDD (BASE 65) ]
TOTAL THIS MO.   392
DPTR FM NORMAL    56    [PRESSURE DATA]
TOTAL FM JAN 1  1578    HIGHEST SLP M ON M
DPTR FM NORMAL   320    LOWEST  SLP 29.83 ON  6

[REMARKS]
