000
CXUS54 KFWD 310730
CF6GVT
PRELIMINARY LOCAL CLIMATOLOGICAL DATA (WS FORM: F-6)

                                          STATION:   GREENVILLE
                                          MONTH:     MAY
                                          YEAR:      2016
                                          LATITUDE:   33  4 N
                                          LONGITUDE:  96  4 W

  TEMPERATURE IN F:       :PCPN:    SNOW:  WIND      :SUNSHINE: SKY     :PK WND
================================================================================
1   2   3   4   5  6A  6B    7    8   9   10  11  12  13   14  15   16   17  18
                                     12Z  AVG MX 2MIN
DY MAX MIN AVG DEP HDD CDD  WTR  SNW DPTH SPD SPD DIR MIN PSBL S-S WX    SPD DR
================================================================================

 1  73  55  64  -5   1   0 0.00  0.0    0  7.5 13 360   M    M   1        21  20
 2  63  50  57 -12   8   0 0.67  0.0    0  8.3 13 340   M    M   8 3      21  10
 3  72  46  59 -11   6   0 0.00  0.0    0  3.1  9 340   M    M   0         M  M
 4  81  52  67  -3   0   2 0.00  0.0    0  5.8 14 310   M    M   0        21 310
 5  79  52  66  -4   0   1 0.00  0.0    0  3.0 12 310   M    M   0        16 310
 6  81  52  67  -3   0   2 0.00  0.0    0  2.1  6  60   M    M   0         M  M
 7  82  52  67  -4   0   2 0.00  0.0    0  6.5 15 160   M    M   0 8      18 160
 8  72  64  68  -3   0   3 0.11  0.0    0 10.3 18 150   M    M   5 38     29 150
 9  82  64  73   2   0   8 0.15  0.0    0 13.1 23 200   M    M   5 3      30 170
10  90  72  81   9   0  16 0.00  0.0    0 14.9 30 190   M    M   4 3      36 190
11  86  63  75   3   0  10 0.00  0.0    0 14.4  M   M   M    M   3 3      31 170
12  81  63  72   0   0   7 0.06  0.0    0  6.4 29 120   M    M   1 3      35 120
13  82  55  69  -3   0   4 0.00  0.0    0  3.2  9 120   M    M   0         M  M
14  73  59  66  -7   0   1 0.00  0.0    0  7.3 17  10   M    M   1 8      27  10
15  72  59  66  -7   0   1 0.00  0.0    0  6.7 10  80   M    M   9        16 100
16  79  61  70  -3   0   5 0.04  0.0    0  9.1 16 150   M    M   8        23 170
17  79  61  70  -4   0   5 0.02  0.0    0 10.0 18 340   M    M   4        25  10
18  64  57  61 -13   4   0 0.00  0.0    0  7.1 13 360   M    M   9        18 360
19  66  57  62 -12   3   0 0.22  0.0    0  4.2 14 100   M    M  10 13     18 100
20  79  61  70  -4   0   5 0.00  0.0    0  2.3  8 240   M    M   4 1      16 240
21  84  61  73  -2   0   8 0.00  0.0    0  3.4  8 100   M    M   3         M  M
22  84  66  75   0   0  10 0.00  0.0    0  6.1 12 120   M    M   5        18 100
23  84  64  74  -1   0   9 0.19  0.0    0  7.8 16 140   M    M   7 3      22 140
24  84  70  77   2   0  12 0.00  0.0    0  8.6 15 150   M    M   7 3      20 150
25  88  73  81   5   0  16 0.00  0.0    0 11.3 21 190   M    M   8        27 190
26  79  70  75  -1   0  10 0.03  0.0    0 12.8 21 150   M    M   5 3      28 150
27  72  66  69  -7   0   4 0.28  0.0    0  8.5 17 250   M    M   5 3      27 250
28  82  64  73  -3   0   8 0.00  0.0    0  7.1 56 140   M    M   8 1       M  M
29  86  72  79   2   0  14 0.00  0.0    0  4.3  9 130   M    M   2 18      M  M
30  84  66  75  -2   0  10 0.23  0.0    0  4.2 17 260   M    M   4 3      43 260
================================================================================
SM 2363 1827        22 173  2.00     0.0 219.4          M      126
================================================================================
AV 78.8 60.9                               7.3 FASTST   M    M   4    MAX(MPH)
                                 MISC ---->    56   M                 43    M
================================================================================
NOTES:
# LAST OF SEVERAL OCCURRENCES

COLUMN 17 PEAK WIND IN M.P.H.

PRELIMINARY LOCAL CLIMATOLOGICAL DATA (WS FORM: F-6) , PAGE 2

                                          STATION:  GREENVILLE
                                          MONTH:    MAY
                                          YEAR:     2016
                                          LATITUDE:   33  4 N
                                          LONGITUDE:  96  4 W

[TEMPERATURE DATA]      [PRECIPITATION DATA]       SYMBOLS USED IN COLUMN 16

AVERAGE MONTHLY: 69.8   TOTAL FOR MONTH:   2.00    1 = FOG OR MIST
DPTR FM NORMAL:  -3.2   DPTR FM NORMAL:   -3.34    2 = FOG REDUCING VISIBILITY
HIGHEST:    90 ON 10    GRTST 24HR  0.67 ON  2- 2      TO 1/4 MILE OR LESS
LOWEST:     46 ON  3                               3 = THUNDER
                        SNOW, ICE PELLETS, HAIL    4 = ICE PELLETS
                        TOTAL MONTH:   0.0 INCH    5 = HAIL
                        GRTST 24HR     0.0         6 = FREEZING RAIN OR DRIZZLE
                        GRTST DEPTH:   0           7 = DUSTSTORM OR SANDSTORM:
                                                       VSBY 1/2 MILE OR LESS
                                                   8 = SMOKE OR HAZE
[NO. OF DAYS WITH]      [WEATHER - DAYS WITH]      9 = BLOWING SNOW
                                                   X = TORNADO
MAX 32 OR BELOW:   0    0.01 INCH OR MORE:  11
MAX 90 OR ABOVE:   1    0.10 INCH OR MORE:   7
MIN 32 OR BELOW:   0    0.50 INCH OR MORE:   1
MIN  0 OR BELOW:   0    1.00 INCH OR MORE:   0

[HDD (BASE 65) ]
TOTAL THIS MO.    22    CLEAR  (SCALE 0-3)  11
DPTR FM NORMAL    13    PTCLDY (SCALE 4-7)  15
TOTAL FM JUL 1  1882    CLOUDY (SCALE 8-10)  4
DPTR FM NORMAL  -520

[CDD (BASE 65) ]
TOTAL THIS MO.   173
DPTR FM NORMAL   -77    [PRESSURE DATA]
TOTAL FM JAN 1   253    HIGHEST SLP M ON M
DPTR FM NORMAL  -119    LOWEST  SLP M ON M

[REMARKS]
