000
CXUS54 KFWD 290730
CF6GVT
PRELIMINARY LOCAL CLIMATOLOGICAL DATA (WS FORM: F-6)

                                          STATION:   GREENVILLE
                                          MONTH:     MAY
                                          YEAR:      2015
                                          LATITUDE:   33  4 N
                                          LONGITUDE:  96  4 W

  TEMPERATURE IN F:       :PCPN:    SNOW:  WIND      :SUNSHINE: SKY     :PK WND
================================================================================
1   2   3   4   5  6A  6B    7    8   9   10  11  12  13   14  15   16   17  18
                                     12Z  AVG MX 2MIN
DY MAX MIN AVG DEP HDD CDD  WTR  SNW DPTH SPD SPD DIR MIN PSBL S-S WX    SPD DR
================================================================================

 1  81  54  68  -1   0   3 0.00  0.0    0  0.7  5  70   M    M   1         M  M
 2  82  55  69   0   0   4 0.00  0.0    0  3.2  9 170   M    M   2 8       M  M
 3  81  57  69  -1   0   4 0.00  0.0    0  7.5 16 170   M    M   0        20 160
 4  82  63  73   3   0   8 0.00  0.0    0  7.5 14 170   M    M   1        18 170
 5  84  61  73   3   0   8 0.01  0.0    0 11.2 20 170   M    M   5 3      38 170
 6  82  68  75   5   0  10 0.05  0.0    0 11.6 17 180   M    M   6 3      24 150
 7  84  64  74   3   0   9 0.52  0.0    0  9.2 16 160   M    M   9 3      21 160
 8  86  64  75   4   0  10 0.22  0.0    0  7.2 15 160   M    M   5 138    21 160
 9  81  68  75   4   0  10 0.07  0.0    0  9.4 17 140   M    M   7 13     25 150
10  79  68  74   2   0   9 0.16  0.0    0  8.7 18 140   M    M   4 13     23 140
11  72  61  67  -5   0   2 0.00  0.0    0  7.4 15 350   M    M   7        18 350
12  72  59  66  -6   0   1 0.02  0.0    0  5.8 12 110   M    M   6         M  M
13  70  61  66  -6   0   1 0.32  0.0    0  7.9 15 190   M    M   9 3      20 160
14  84  63  74   1   0   9 0.00  0.0    0  6.7 13 180   M    M   6 18     16 210
15  77  68  73   0   0   8 0.00  0.0    0  7.4 13 150   M    M   5 13      M  M
16  88  70  79   6   0  14 0.01  0.0    0 11.6 18 180   M    M   6 3      28 180
17  81  66  74   0   0   9 1.58  0.0    0  8.6 16 160   M    M   4 3      22 160
18  88  66  77   3   0  12 0.00  0.0    0  3.2  9  60   M    M   2 1       M  M
19  82  70  76   2   0  11 0.00  0.0    0  6.4 10 150   M    M   5 1       M  M
20  86  63  75   1   0  10 0.23  0.0    0  5.9 16 350   M    M   7 3      21 360
21  64  55  60 -15   5   0 0.21  0.0    0  6.9 15  10   M    M  10 3      22  10
22  72  59  66  -9   0   1 0.01  0.0    0  6.0 12 100   M    M   9 3      16  90
23  81  68  75   0   0  10 0.31  0.0    0  9.1 16 140   M    M   7 3      21 140
24  75  66  71  -4   0   6 1.21  0.0    0  7.4 16 170   M    M   8 3      22 170
25  81  63  72  -4   0   7 0.76  0.0    0  8.7 16 160   M    M   7 13     24 160
26  81  64  73  -3   0   8 0.02  0.0    0  5.9 13 170   M    M   8 13     16 140
27  86  63  75  -1   0  10    M  0.0    0  4.0 25 190   M    M   2        40 190
28  88  72  80   4   0  15 0.03  0.0    0  5.5 14 140   M    M   4 3      16 150
================================================================================
SM 2250 1779         5 209  5.74     0.0 200.6          M      152
================================================================================
AV 80.4 63.5                               7.2 FASTST   M    M   5    MAX(MPH)
                                 MISC ---->    25   M                 40    M
================================================================================
NOTES:
# LAST OF SEVERAL OCCURRENCES

COLUMN 17 PEAK WIND IN M.P.H.

PRELIMINARY LOCAL CLIMATOLOGICAL DATA (WS FORM: F-6) , PAGE 2

                                          STATION:  GREENVILLE
                                          MONTH:    MAY
                                          YEAR:     2015
                                          LATITUDE:   33  4 N
                                          LONGITUDE:  96  4 W

[TEMPERATURE DATA]      [PRECIPITATION DATA]       SYMBOLS USED IN COLUMN 16

AVERAGE MONTHLY: 71.9   TOTAL FOR MONTH:   5.74    1 = FOG OR MIST
DPTR FM NORMAL:  -0.8   DPTR FM NORMAL:    0.78    2 = FOG REDUCING VISIBILITY
HIGHEST:    88 ON 28,18 GRTST 24HR  1.58 ON 17-17      TO 1/4 MILE OR LESS
LOWEST:     54 ON  1                               3 = THUNDER
                        SNOW, ICE PELLETS, HAIL    4 = ICE PELLETS
                        TOTAL MONTH:   0.0 INCH    5 = HAIL
                        GRTST 24HR     0.0         6 = FREEZING RAIN OR DRIZZLE
                        GRTST DEPTH:   0           7 = DUSTSTORM OR SANDSTORM:
                                                       VSBY 1/2 MILE OR LESS
                                                   8 = SMOKE OR HAZE
[NO. OF DAYS WITH]      [WEATHER - DAYS WITH]      9 = BLOWING SNOW
                                                   X = TORNADO
MAX 32 OR BELOW:   0    0.01 INCH OR MORE:  18
MAX 90 OR ABOVE:   0    0.10 INCH OR MORE:  10
MIN 32 OR BELOW:   0    0.50 INCH OR MORE:   4
MIN  0 OR BELOW:   0    1.00 INCH OR MORE:   2

[HDD (BASE 65) ]
TOTAL THIS MO.     5    CLEAR  (SCALE 0-3)   6
DPTR FM NORMAL    -4    PTCLDY (SCALE 4-7)  18
TOTAL FM JUL 1  2565    CLOUDY (SCALE 8-10)  4
DPTR FM NORMAL   163

[CDD (BASE 65) ]
TOTAL THIS MO.   209
DPTR FM NORMAL   -17    [PRESSURE DATA]
TOTAL FM JAN 1   325    HIGHEST SLP M ON M
DPTR FM NORMAL   -23    LOWEST  SLP M ON M

[REMARKS]
