000
CXUS54 KJAN 221200
CF6GWO
PRELIMINARY LOCAL CLIMATOLOGICAL DATA (WS FORM: F-6)

                                          STATION:   GREENWOOD
                                          MONTH:     OCTOBER
                                          YEAR:      2014
                                          LATITUDE:   33 30 N
                                          LONGITUDE:  90  5 W

  TEMPERATURE IN F:       :PCPN:    SNOW:  WIND      :SUNSHINE: SKY     :PK WND
================================================================================
1   2   3   4   5  6A  6B    7    8   9   10  11  12  13   14  15   16   17  18
                                     12Z  AVG MX 2MIN
DY MAX MIN AVG DEP HDD CDD  WTR  SNW DPTH SPD SPD DIR MIN PSBL S-S WX    SPD DR
================================================================================

 1  89  62  76   7   0  11 0.00  0.0    0  5.2 16 180   M    M   1        24 140
 2  84  66  75   6   0  10 1.78  0.0    0  9.4 20 180   M    M   5 1      31 290
 3  78  57  68  -1   0   3 0.18  0.0    0  6.9 15 330   M    M   5 1      24 350
 4  70  44  57 -11   8   0 0.00  0.0    0  4.8 16 360   M    M   0        25 350
 5  79  47  63  -5   2   0 0.00  0.0    0  9.6 23 200   M    M   0        29 210
 6  81  57  69   1   0   4 0.15  0.0    0  7.4 18 210   M    M   4 1      25 240
 7  87  62  75   8   0  10 0.00  0.0    0  8.8 18 200   M    M   0        24 210
 8  87  64  76   9   0  11 0.00  0.0    0  3.0  9 250   M    M   0        14 220
 9  88  65  77  11   0  12    T  0.0    0  3.0 14 210   M    M   1 18     20 200
10  86  68  77  11   0  12 0.39  0.0    0  7.7 17 220   M    M   6 18     24 290
11  81  65  73   7   0   8 0.37  0.0    0  4.8 14  30   M    M   8 1      19 240
12  83  66  75  10   0  10 1.71  0.0    0  4.1 20 180   M    M   7 13     22 170
13  86  62  74   9   0   9 1.19  0.0    0 12.7 31 250   M    M   7 13     49 260
14  69  53  61  -4   4   0 0.03  0.0    0  8.0 16 220   M    M   9 1      23 230
15  71  49  60  -5   5   0 0.00  0.0    0  5.3 15 300   M    M   0        24 290
16  75  47  61  -3   4   0 0.00  0.0    0  2.7 12 230   M    M   0 1      16 230
17  82  53  68   4   0   3 0.00  0.0    0  5.1 16 230   M    M   0 1      19 230
18  74  50  62  -2   3   0 0.00  0.0    0  5.4 14  40   M    M   1 12     18  50
19  72  44  58  -5   7   0 0.00  0.0    0  4.3 13  90   M    M   0 1      15  90
20  75  45  60  -3   5   0 0.00  0.0    0  2.0  8 350   M    M   0 1      12 290
21  80  48  64   1   1   0 0.00  0.0    0  2.3  9  20   M    M   0        13 290
================================================================================
SM 1677 1174        39 103  5.80     0.0 122.5          M       54
================================================================================
AV 79.9 55.9                               5.8 FASTST   M    M   3    MAX(MPH)
                                 MISC ---->  # 31 250               # 49  260
================================================================================
NOTES:
# LAST OF SEVERAL OCCURRENCES

COLUMN 17 PEAK WIND IN M.P.H.

PRELIMINARY LOCAL CLIMATOLOGICAL DATA (WS FORM: F-6) , PAGE 2

                                          STATION:  GREENWOOD
                                          MONTH:    OCTOBER
                                          YEAR:     2014
                                          LATITUDE:   33 30 N
                                          LONGITUDE:  90  5 W

[TEMPERATURE DATA]      [PRECIPITATION DATA]       SYMBOLS USED IN COLUMN 16

AVERAGE MONTHLY: 67.9   TOTAL FOR MONTH:   5.80    1 = FOG OR MIST
DPTR FM NORMAL:   2.0   DPTR FM NORMAL:    3.16    2 = FOG REDUCING VISIBILITY
HIGHEST:    89 ON  1    GRTST 24HR  2.74 ON 12-13      TO 1/4 MILE OR LESS
LOWEST:     44 ON 19, 4                            3 = THUNDER
                        SNOW, ICE PELLETS, HAIL    4 = ICE PELLETS
                        TOTAL MONTH:   0.0 INCH    5 = HAIL
                        GRTST 24HR     0.0         6 = FREEZING RAIN OR DRIZZLE
                        GRTST DEPTH:   0           7 = DUSTSTORM OR SANDSTORM:
                                                       VSBY 1/2 MILE OR LESS
                                                   8 = SMOKE OR HAZE
[NO. OF DAYS WITH]      [WEATHER - DAYS WITH]      9 = BLOWING SNOW
                                                   X = TORNADO
MAX 32 OR BELOW:   0    0.01 INCH OR MORE:   8
MAX 90 OR ABOVE:   0    0.10 INCH OR MORE:   7
MIN 32 OR BELOW:   0    0.50 INCH OR MORE:   3
MIN  0 OR BELOW:   0    1.00 INCH OR MORE:   3

[HDD (BASE 65) ]
TOTAL THIS MO.    39    CLEAR  (SCALE 0-3)  13
DPTR FM NORMAL   -21    PTCLDY (SCALE 4-7)   6
TOTAL FM JUL 1    39    CLOUDY (SCALE 8-10)  2
DPTR FM NORMAL   -33

[CDD (BASE 65) ]
TOTAL THIS MO.   103
DPTR FM NORMAL    26    [PRESSURE DATA]
TOTAL FM JAN 1  2023    HIGHEST SLP M ON M
DPTR FM NORMAL  -101    LOWEST  SLP 29.68 ON 13

[REMARKS]
