000
CXUS55 KBOU 250801
CF6GXY
PRELIMINARY LOCAL CLIMATOLOGICAL DATA (WS FORM: F-6)

                                          STATION:   GREELEY  CO
                                          MONTH:     FEBRUARY
                                          YEAR:      2017
                                          LATITUDE:   40 25 N
                                          LONGITUDE: 104 38 W

  TEMPERATURE IN F:       :PCPN:    SNOW:  WIND      :SUNSHINE: SKY     :PK WND
================================================================================
1   2   3   4   5  6A  6B    7    8   9   10  11  12  13   14  15   16   17  18
                                     12Z  AVG MX 2MIN
DY MAX MIN AVG DEP HDD CDD  WTR  SNW DPTH SPD SPD DIR MIN PSBL S-S WX    SPD DR
================================================================================

 1  30  20  25   M  40   0    M    M    M 10.4 14  60   M    M  10 1       M  M
 2  24  17  21   M  44   0    M    M    M  8.7 14  90   M    M  10 1       M  M
 3  27  13  20   M  45   0    M    M    M  5.5 18  20   M    M  10 1      27  20
 4  59  19  39   M  26   0    M    M    M  9.2 29 300   M    M   3 12     36 300
 5  60  23  42   M  23   0    M    M    M  4.4 12  80   M    M   0        16  80
 6  59  25  42   M  23   0    M    M    M  6.6 14 260   M    M   0        18  99
 7  64  24  44   M  21   0    M    M    M  9.1 24 240   M    M   0        33 240
 8  57  24  41   M  24   0    M    M    M 13.9 29 280   M    M   0        41 300
 9  68  22  45   M  20   0    M    M    M  6.7 16 180   M    M   0         M  M
10  77  46  62   M   3   0    M    M    M 10.8 27 260   M    M   0        37 260
11  59  34  47   M  18   0    M    M    M 14.5 25  10   M    M   4        38 360
12  50  24  37   M  28   0    M    M    M  6.9 15 120   M    M   2         M  M
13  54  19  37   M  28   0    M    M    M  6.2 15  40   M    M   0        21  40
14  51  16  34   M  31   0    M    M    M  7.4 17 340   M    M   0        31  30
15  66  14  40   M  25   0    M    M    M  3.5  9 160   M    M   0         M  M
16  75  15  45   M  20   0    M    M    M  3.5  9 310   M    M   0         M  M
17  67  23  45   M  20   0    M    M    M  6.0 15 110   M    M   0 8      17  80
18  61  27  44   M  21   0    M    M    M  5.6 13 130   M    M   0         M  M
19  61  27  44   M  21   0    M    M    M  6.9 28 320   M    M   2 8      39 320
20  64  28  46   M  19   0    M    M    M 12.1 25 310   M    M   0        35 330
21  70  25  48   M  17   0    M    M    M 13.2 27 260   M    M   0        47 250
22  59  29  44   M  21   0    M    M    M 14.4 27 340   M    M   0        33 350
23   M   M   M   M   M   M    M    M    M 13.5 20  40   M    M   9 1      27  40
24  28  13  21   M  44   0    M    M    M  5.1  9  50   M    M   4 1       M  M
================================================================================
SM 1290  527       582   0    M     M    204.1          M       54
================================================================================
AV 56.1 22.9                               8.5 FASTST   M    M   2    MAX(MPH)
                                 MISC ---->    29   M                 47    M
================================================================================
NOTES:
# LAST OF SEVERAL OCCURRENCES

COLUMN 17 PEAK WIND IN M.P.H.

PRELIMINARY LOCAL CLIMATOLOGICAL DATA (WS FORM: F-6) , PAGE 2

                                          STATION:  GREELEY  CO
                                          MONTH:    FEBRUARY
                                          YEAR:     2017
                                          LATITUDE:   40 25 N
                                          LONGITUDE: 104 38 W

[TEMPERATURE DATA]      [PRECIPITATION DATA]       SYMBOLS USED IN COLUMN 16

AVERAGE MONTHLY: 39.5   TOTAL FOR MONTH:      M    1 = FOG OR MIST
DPTR FM NORMAL:     M   DPTR FM NORMAL:       M    2 = FOG REDUCING VISIBILITY
HIGHEST:    77 ON 10    GRTST 24HR  0.06 ON 22-23      TO 1/4 MILE OR LESS
LOWEST:     13 ON 24, 3                            3 = THUNDER
                        SNOW, ICE PELLETS, HAIL    4 = ICE PELLETS
                        TOTAL MONTH:    M          5 = HAIL
                        GRTST 24HR    M  ON   M    6 = FREEZING RAIN OR DRIZZLE
                        GRTST DEPTH:  M  ON   M    7 = DUSTSTORM OR SANDSTORM:
                                                       VSBY 1/2 MILE OR LESS
                                                   8 = SMOKE OR HAZE
[NO. OF DAYS WITH]      [WEATHER - DAYS WITH]      9 = BLOWING SNOW
                                                   X = TORNADO
MAX 32 OR BELOW:   4    0.01 INCH OR MORE:   0
MAX 90 OR ABOVE:   0    0.10 INCH OR MORE:   0
MIN 32 OR BELOW:  21    0.50 INCH OR MORE:   0
MIN  0 OR BELOW:   0    1.00 INCH OR MORE:   0

[HDD (BASE 65) ]
TOTAL THIS MO.   582    CLEAR  (SCALE 0-3)  17
DPTR FM NORMAL     M    PTCLDY (SCALE 4-7)   3
TOTAL FM JUL 1  4097    CLOUDY (SCALE 8-10)  4
DPTR FM NORMAL     M

[CDD (BASE 65) ]
TOTAL THIS MO.     0
DPTR FM NORMAL     M    [PRESSURE DATA]
TOTAL FM JAN 1     0    HIGHEST SLP M ON M
DPTR FM NORMAL     M    LOWEST  SLP M ON M

[REMARKS]
