000
CXUS55 KBOU 301102
CF6GXY
PRELIMINARY LOCAL CLIMATOLOGICAL DATA (WS FORM: F-6)

                                          STATION:   GREELEY  CO
                                          MONTH:     OCTOBER
                                          YEAR:      2014
                                          LATITUDE:   40 25 N
                                          LONGITUDE: 104 38 W

  TEMPERATURE IN F:       :PCPN:    SNOW:  WIND      :SUNSHINE: SKY     :PK WND
================================================================================
1   2   3   4   5  6A  6B    7    8   9   10  11  12  13   14  15   16   17  18
                                     12Z  AVG MX 2MIN
DY MAX MIN AVG DEP HDD CDD  WTR  SNW DPTH SPD SPD DIR MIN PSBL S-S WX    SPD DR
================================================================================

 1  66  43  55   M  10   0    M    M    M  7.2 18  10   M    M   1 3      24  20
 2  64  37  51   M  14   0    M    M    M  6.7 30  20   M    M   1        45  20
 3  59  36  48   M  17   0    M    M    M  6.9 20  10   M    M   2        31  10
 4  73  32  53   M  12   0    M    M    M  3.9 10 270   M    M   0         M  M
 5  75  43  59   M   6   0    M    M    M  6.8 23 350   M    M   2        33 330
 6  79  37  58   M   7   0    M    M    M  3.9  9 140   M    M   0         M  M
 7  81  41  61   M   4   0    M    M    M  4.7 10  40   M    M   1         M  M
 8  79  43  61   M   4   0    M    M    M  3.5  8 140   M    M   0         M  M
 9  61  45  53   M  12   0    M    M    M  4.2  9 350   M    M   4         M  M
10  57  43  50   M  15   0    M    M    M  7.5 12 120   M    M   4         M  M
11  73  36  55   M  10   0    M    M    M  1.6  7 210   M    M   2         M  M
12  57  39  48   M  17   0    M    M    M 12.7 29 350   M    M   1        38 350
13  63  34  49   M  16   0    M    M    M 11.1 23 340   M    M   1        30 330
14  77  28  53   M  12   0    M    M    M  3.0  9 140   M    M   0         M  M
15  73  30  52   M  13   0    M    M    M  1.8 10 350   M    M   0         M  M
16  72  37  55   M  10   0    M    M    M  6.8 13 130   M    M   0        22 130
17  64  32  48   M  17   0    M    M    M  4.8  8 110   M    M   0         M  M
18  68  32  50   M  15   0    M    M    M  2.7  9 320   M    M   0         M  M
19  75  36  56   M   9   0    M    M    M  3.8  8 130   M    M   0         M  M
20  81  34  58   M   7   0    M    M    M  4.8 12 160   M    M   0         M  M
21  79  36  58   M   7   0    M    M    M  5.1 10 360   M    M   0         M  M
22  72  45  59   M   6   0    M    M    M  5.0 14 230   M    M   0         M  M
23  75  34  55   M  10   0    M    M    M  4.1 10 220   M    M   0         M  M
24  81  43  62   M   3   0    M    M    M  3.5  9  40   M    M   0         M  M
25  81  32  57   M   8   0    M    M    M  5.6 13 150   M    M   0        16 150
26  79  37  58   M   7   0    M    M    M  6.6 15  30   M    M   0        23  30
27  55  28  42   M  23   0    M    M    M 20.9 35 330   M    M   0        43 330
28  61  28  45   M  20   0    M    M    M  2.2  9  30   M    M   0         M  M
29  70  21  46   M  19   0    M    M    M  6.6 22 360   M    M   0        22 320
================================================================================
SM 2050 1042       330   0    M     M    168.0          M       19
================================================================================
AV 70.7 35.9                               5.8 FASTST   M    M   1    MAX(MPH)
                                 MISC ---->  # 35 330                 45    M
================================================================================
NOTES:
# LAST OF SEVERAL OCCURRENCES

COLUMN 17 PEAK WIND IN M.P.H.

PRELIMINARY LOCAL CLIMATOLOGICAL DATA (WS FORM: F-6) , PAGE 2

                                          STATION:  GREELEY  CO
                                          MONTH:    OCTOBER
                                          YEAR:     2014
                                          LATITUDE:   40 25 N
                                          LONGITUDE: 104 38 W

[TEMPERATURE DATA]      [PRECIPITATION DATA]       SYMBOLS USED IN COLUMN 16

AVERAGE MONTHLY: 53.3   TOTAL FOR MONTH:      M    1 = FOG OR MIST
DPTR FM NORMAL:     M   DPTR FM NORMAL:       M    2 = FOG REDUCING VISIBILITY
HIGHEST:    81 ON 25,24 GRTST 24HR    M  ON   M        TO 1/4 MILE OR LESS
LOWEST:     21 ON 29                               3 = THUNDER
                        SNOW, ICE PELLETS, HAIL    4 = ICE PELLETS
                        TOTAL MONTH:    M          5 = HAIL
                        GRTST 24HR    M  ON   M    6 = FREEZING RAIN OR DRIZZLE
                        GRTST DEPTH:  M  ON   M    7 = DUSTSTORM OR SANDSTORM:
                                                       VSBY 1/2 MILE OR LESS
                                                   8 = SMOKE OR HAZE
[NO. OF DAYS WITH]      [WEATHER - DAYS WITH]      9 = BLOWING SNOW
                                                   X = TORNADO
MAX 32 OR BELOW:   0    0.01 INCH OR MORE:   0
MAX 90 OR ABOVE:   0    0.10 INCH OR MORE:   0
MIN 32 OR BELOW:   9    0.50 INCH OR MORE:   0
MIN  0 OR BELOW:   0    1.00 INCH OR MORE:   0

[HDD (BASE 65) ]
TOTAL THIS MO.   330    CLEAR  (SCALE 0-3)  27
DPTR FM NORMAL     M    PTCLDY (SCALE 4-7)   2
TOTAL FM JUL 1   432    CLOUDY (SCALE 8-10)  0
DPTR FM NORMAL     M

[CDD (BASE 65) ]
TOTAL THIS MO.     0
DPTR FM NORMAL     M    [PRESSURE DATA]
TOTAL FM JAN 1   462    HIGHEST SLP M ON M
DPTR FM NORMAL     M    LOWEST  SLP M ON M

[REMARKS]
