000
CXUS55 KBOU 241033
CF6GXY
PRELIMINARY LOCAL CLIMATOLOGICAL DATA (WS FORM: F-6)

                                          STATION:   GREELEY  CO
                                          MONTH:     MARCH
                                          YEAR:      2017
                                          LATITUDE:   40 25 N
                                          LONGITUDE: 104 38 W

  TEMPERATURE IN F:       :PCPN:    SNOW:  WIND      :SUNSHINE: SKY     :PK WND
================================================================================
1   2   3   4   5  6A  6B    7    8   9   10  11  12  13   14  15   16   17  18
                                     12Z  AVG MX 2MIN
DY MAX MIN AVG DEP HDD CDD  WTR  SNW DPTH SPD SPD DIR MIN PSBL S-S WX    SPD DR
================================================================================

 1  48  19  34   M  31   0    M    M    M  8.6 20 340   M    M   0        28 340
 2  53  13  33   M  32   0    M    M    M  3.5  8 150   M    M   0         M  M
 3  60  13  37   M  28   0    M    M    M  3.2  7 330   M    M   0         M  M
 4  71  20  46   M  19   0    M    M    M  6.0 13 250   M    M   0        21 230
 5  66  27  47   M  18   0    M    M    M  5.4 14 200   M    M   0         M  M
 6  52  23  38   M  27   0    M    M    M 22.0 43 290   M    M   1 8      50 280
 7  53  19  36   M  29   0    M    M    M 12.1 41 300   M    M   0        55 300
 8  66  17  42   M  23   0    M    M    M  6.1 14 150   M    M   0 8       M  M
 9  71  26  49   M  16   0    M    M    M 10.1 30 320   M    M   0        40 320
10  61  24  43   M  22   0    M    M    M  4.8  9  30   M    M   1         M  M
11  53  37  45   M  20   0    M    M    M  7.3 14  20   M    M   9 1       M  M
12  62  28  45   M  20   0    M    M    M 11.9 32 360   M    M   2        39 300
13  54  23  39   M  26   0    M    M    M  3.3  9 100   M    M   2         M  M
14  69  33  51   M  14   0    M    M    M  6.7 16 100   M    M   1        22 100
15  78  25  52   M  13   0    M    M    M  5.9 20 310   M    M   0        30 310
16  77  32  55   M  10   0    M    M    M 10.5 27 300   M    M   0        33 300
17  68  33  51   M  14   0    M    M    M  7.6 16  10   M    M   1         M  M
18  82  29  56   M   9   0    M    M    M  6.4 13 130   M    M   0        18 130
19  78  37  58   M   7   0    M    M    M  7.0 20 280   M    M   0        31 300
20  76  38  57   M   8   0    M    M    M  6.5 15 110   M    M   1        20 100
21  68  34  51   M  14   0    M    M    M 12.2 22 110   M    M   1 8      31 100
22  72  34  53   M  12   0    M    M    M  7.1 21 110   M    M   0        28 110
23   M   M   M   M   M   M    M    M    M 10.7 33  10   M    M   0 38     39  10
================================================================================
SM 1438  584       412   0    M     M    184.9          M       19
================================================================================
AV 65.4 26.6                               8.0 FASTST   M    M   1    MAX(MPH)
                                 MISC ---->    43   M                 55    M
================================================================================
NOTES:
# LAST OF SEVERAL OCCURRENCES

COLUMN 17 PEAK WIND IN M.P.H.

PRELIMINARY LOCAL CLIMATOLOGICAL DATA (WS FORM: F-6) , PAGE 2

                                          STATION:  GREELEY  CO
                                          MONTH:    MARCH
                                          YEAR:     2017
                                          LATITUDE:   40 25 N
                                          LONGITUDE: 104 38 W

[TEMPERATURE DATA]      [PRECIPITATION DATA]       SYMBOLS USED IN COLUMN 16

AVERAGE MONTHLY: 46.0   TOTAL FOR MONTH:      M    1 = FOG OR MIST
DPTR FM NORMAL:     M   DPTR FM NORMAL:       M    2 = FOG REDUCING VISIBILITY
HIGHEST:    82 ON 18    GRTST 24HR    M  ON   M        TO 1/4 MILE OR LESS
LOWEST:     13 ON  3, 2                            3 = THUNDER
                        SNOW, ICE PELLETS, HAIL    4 = ICE PELLETS
                        TOTAL MONTH:    M          5 = HAIL
                        GRTST 24HR    M  ON   M    6 = FREEZING RAIN OR DRIZZLE
                        GRTST DEPTH:  M  ON   M    7 = DUSTSTORM OR SANDSTORM:
                                                       VSBY 1/2 MILE OR LESS
                                                   8 = SMOKE OR HAZE
[NO. OF DAYS WITH]      [WEATHER - DAYS WITH]      9 = BLOWING SNOW
                                                   X = TORNADO
MAX 32 OR BELOW:   0    0.01 INCH OR MORE:   0
MAX 90 OR ABOVE:   0    0.10 INCH OR MORE:   0
MIN 32 OR BELOW:  15    0.50 INCH OR MORE:   0
MIN  0 OR BELOW:   0    1.00 INCH OR MORE:   0

[HDD (BASE 65) ]
TOTAL THIS MO.   412    CLEAR  (SCALE 0-3)  22
DPTR FM NORMAL     M    PTCLDY (SCALE 4-7)   0
TOTAL FM JUL 1  4656    CLOUDY (SCALE 8-10)  1
DPTR FM NORMAL     M

[CDD (BASE 65) ]
TOTAL THIS MO.     0
DPTR FM NORMAL     M    [PRESSURE DATA]
TOTAL FM JAN 1     0    HIGHEST SLP M ON M
DPTR FM NORMAL     M    LOWEST  SLP M ON M

[REMARKS]
