000
CXUS51 KGYX 291100
CF6GYX
PRELIMINARY LOCAL CLIMATOLOGICAL DATA (WS FORM: F-6)

                                          STATION:   GRAY ME
                                          MONTH:     DECEMBER
                                          YEAR:      2014
                                          LATITUDE:   43 53 N
                                          LONGITUDE:  70 15 W

  TEMPERATURE IN F:       :PCPN:    SNOW:  WIND      :SUNSHINE: SKY     :PK WND
================================================================================
1   2   3   4   5  6A  6B    7    8   9   10  11  12  13   14  15   16   17  18
                                     12Z  AVG MX 2MIN
DY MAX MIN AVG DEP HDD CDD  WTR  SNW DPTH SPD SPD DIR MIN PSBL S-S WX    SPD DR
================================================================================

 1  57  30  44  12  21   0    T  0.0    4   M   M   M   M    M   M         M  M
 2  30  20  25  -7  40   0 0.02  0.2    1   M   M   M   M    M   M         M  M
 3  37  19  28  -4  37   0 0.33  0.6    2   M   M   M   M    M   M         M  M
 4  35  18  27  -4  38   0 0.00  0.0    1   M   M   M   M    M   M         M  M
 5  26  11  19 -12  46   0    T    T    1   M   M   M   M    M   M         M  M
 6  35  21  28  -2  37   0 0.78  1.9    3   M   M   M   M    M   M         M  M
 7  35   9  22  -8  43   0 0.00  0.0    3   M   M   M   M    M   M         M  M
 8  17   5  11 -19  54   0    T    T    3   M   M   M   M    M   M         M  M
 9  34  16  25  -5  40   0 1.13    T    3   M   M   M   M    M   M 6       M  M
10  35  33  34   5  31   0 1.15  0.0    3   M   M   M   M    M   M         M  M
11  37  31  34   5  31   0 0.22  1.6    3   M   M   M   M    M   M         M  M
12  37  30  34   6  31   0 0.01  0.1    3   M   M   M   M    M   M         M  M
13  33  29  31   3  34   0 0.05  1.3    3   M   M   M   M    M   M         M  M
14  42  30  36   8  29   0 0.00  0.0    3   M   M   M   M    M   M         M  M
15  38  27  33   6  32   0 0.00  0.0    2   M   M   M   M    M   M         M  M
16  33  27  30   3  35   0 0.01  0.0    2   M   M   M   M    M   M         M  M
17  37  32  35   8  30   0 0.77  0.0    2   M   M   M   M    M   M         M  M
18  39  31  35   9  30   0 0.03    T    2   M   M   M   M    M   M         M  M
19  34  24  29   3  36   0 0.00  0.0    1   M   M   M   M    M   M         M  M
20  30  18  24  -2  41   0 0.00  0.0    1   M   M   M   M    M   M         M  M
21  30  17  24  -2  41   0    T    T    1   M   M   M   M    M   M         M  M
22  34  26  30   5  35   0 0.01    T    T   M   M   M   M    M   M         M  M
23  33  31  32   7  33   0 0.29  0.8    T   M   M   M   M    M   M         M  M
24  34  33  34   9  31   0 0.77  0.0    T   M   M   M   M    M   M         M  M
25  49  34  42  18  23   0 0.18  0.0    T   M   M   M   M    M   M         M  M
26  48  32  40  16  25   0 0.00  0.0    T   M   M   M   M    M   M         M  M
27  47  31  39  15  26   0 0.00  0.0    T   M   M   M   M    M   M         M  M
28  46  32  39  15  26   0 0.45  0.0    T   M   M   M   M    M   M         M  M
================================================================================
SM 1022  697       956   0  6.20     6.5     M          M        M
================================================================================
AV 36.5 24.9                                 M FASTST   M    M   6    MAX(MPH)
                                 MISC ---->     M   M                  M    M
================================================================================
NOTES:
# LAST OF SEVERAL OCCURRENCES

COLUMN 17 PEAK WIND IN M.P.H.

PRELIMINARY LOCAL CLIMATOLOGICAL DATA (WS FORM: F-6) , PAGE 2

                                          STATION:  GRAY ME
                                          MONTH:    DECEMBER
                                          YEAR:     2014
                                          LATITUDE:   43 53 N
                                          LONGITUDE:  70 15 W

[TEMPERATURE DATA]      [PRECIPITATION DATA]       SYMBOLS USED IN COLUMN 16

AVERAGE MONTHLY: 30.7   TOTAL FOR MONTH:   6.20    1 = FOG OR MIST
DPTR FM NORMAL:   3.0   DPTR FM NORMAL:    2.48    2 = FOG REDUCING VISIBILITY
HIGHEST:    57 ON  1    GRTST 24HR  1.15 ON 10-10      TO 1/4 MILE OR LESS
LOWEST:      5 ON  8                               3 = THUNDER
                        SNOW, ICE PELLETS, HAIL    4 = ICE PELLETS
                        TOTAL MONTH:   6.5 INCHES  5 = HAIL
                        GRTST 24HR   1.9 ON   M    6 = FREEZING RAIN OR DRIZZLE
                        GRTST DEPTH:   4 ON  1     7 = DUSTSTORM OR SANDSTORM:
                                                       VSBY 1/2 MILE OR LESS
                                                   8 = SMOKE OR HAZE
[NO. OF DAYS WITH]      [WEATHER - DAYS WITH]      9 = BLOWING SNOW
                                                   X = TORNADO
MAX 32 OR BELOW:   5    0.01 INCH OR MORE:  16
MAX 90 OR ABOVE:   0    0.10 INCH OR MORE:  10
MIN 32 OR BELOW:  25    0.50 INCH OR MORE:   5
MIN  0 OR BELOW:   0    1.00 INCH OR MORE:   2

[HDD (BASE 65) ]
TOTAL THIS MO.   956    CLEAR  (SCALE 0-3)   0
DPTR FM NORMAL   -88    PTCLDY (SCALE 4-7)   0
TOTAL FM JUL 1  2406    CLOUDY (SCALE 8-10)  0
DPTR FM NORMAL  -135

[CDD (BASE 65) ]
TOTAL THIS MO.     0
DPTR FM NORMAL     0    [PRESSURE DATA]
TOTAL FM JAN 1   369    HIGHEST SLP M ON M
DPTR FM NORMAL   -20    LOWEST  SLP M ON M

[REMARKS]
